CREATE TABLE `sle_3_redirection_404` (
  `id` int(11) UNSIGNED NOT NULL,
  `created` datetime NOT NULL,
  `url` varchar(255) NOT NULL DEFAULT '',
  `agent` varchar(255) DEFAULT NULL,
  `referrer` varchar(255) DEFAULT NULL,
  `ip` varchar(45) DEFAULT NULL
) ENGINE=MyISAM DEFAULT CHARSET=utf8;

-- --------------------------------------------------------

--
-- Structure de la table `sle_3_redirection_groups`
--

CREATE TABLE `sle_3_redirection_groups` (
  `id` int(11) UNSIGNED NOT NULL,
  `name` varchar(50) NOT NULL,
  `tracking` int(11) NOT NULL DEFAULT '1',
  `module_id` int(11) UNSIGNED NOT NULL DEFAULT '0',
  `status` enum('enabled','disabled') NOT NULL DEFAULT 'enabled',
  `position` int(11) UNSIGNED NOT NULL DEFAULT '0'
) ENGINE=MyISAM DEFAULT CHARSET=utf8;

--
-- Contenu de la table `sle_3_redirection_groups`
--

INSERT INTO `sle_3_redirection_groups` (`id`, `name`, `tracking`, `module_id`, `status`, `position`) VALUES
(1, 'Redirections', 1, 1, 'enabled', 0),
(2, 'Modified Posts', 1, 1, 'enabled', 1);

-- --------------------------------------------------------

--
-- Structure de la table `sle_3_redirection_items`
--

CREATE TABLE `sle_3_redirection_items` (
  `id` int(11) UNSIGNED NOT NULL,
  `url` mediumtext NOT NULL,
  `regex` int(11) UNSIGNED NOT NULL DEFAULT '0',
  `position` int(11) UNSIGNED NOT NULL DEFAULT '0',
  `last_count` int(10) UNSIGNED NOT NULL DEFAULT '0',
  `last_access` datetime NOT NULL DEFAULT '0000-00-00 00:00:00',
  `group_id` int(11) NOT NULL DEFAULT '0',
  `status` enum('enabled','disabled') NOT NULL DEFAULT 'enabled',
  `action_type` varchar(20) NOT NULL,
  `action_code` int(11) UNSIGNED NOT NULL,
  `action_data` mediumtext,
  `match_type` varchar(20) NOT NULL,
  `title` text
) ENGINE=MyISAM DEFAULT CHARSET=utf8;

--
-- Contenu de la table `sle_3_redirection_items`
--

INSERT INTO `sle_3_redirection_items` (`id`, `url`, `regex`, `position`, `last_count`, `last_access`, `group_id`, `status`, `action_type`, `action_code`, `action_data`, `match_type`, `title`) VALUES
(1, '/2015/06/continuing-education-workshops-in-sexology-psychotherapy.html', 0, 0, 127, '2020-11-17 21:30:30', 1, 'enabled', 'url', 301, 'https://sexcoupletherapy.com/about/professional-workshop-continuing-education/', 'url', ''),
(2, '/2014/02/procedure-for-a-webcam-session.html', 0, 1, 25, '2020-11-18 19:52:32', 1, 'enabled', 'url', 301, 'https://sexcoupletherapy.com/sexologist-webcam-consultation/', 'url', ''),
(3, '/2014/01/therapeutic-process-with-a-sex-therapist.html', 0, 2, 28, '2020-11-16 20:36:24', 1, 'enabled', 'url', 301, 'https://sexcoupletherapy.com/therapy-process/', 'url', '');

-- --------------------------------------------------------

--
-- Structure de la table `sle_3_redirection_logs`
--

CREATE TABLE `sle_3_redirection_logs` (
  `id` int(11) UNSIGNED NOT NULL,
  `created` datetime NOT NULL,
  `url` mediumtext NOT NULL,
  `sent_to` mediumtext,
  `agent` mediumtext NOT NULL,
  `referrer` mediumtext,
  `redirection_id` int(11) UNSIGNED DEFAULT NULL,
  `ip` varchar(45) DEFAULT NULL,
  `module_id` int(11) UNSIGNED NOT NULL,
  `group_id` int(11) UNSIGNED DEFAULT NULL
) ENGINE=MyISAM DEFAULT CHARSET=utf8;

-- --------------------------------------------------------

--
-- Structure de la table `sle_3_termmeta`
--

CREATE TABLE `sle_3_termmeta` (
  `meta_id` bigint(20) UNSIGNED NOT NULL,
  `term_id` bigint(20) UNSIGNED NOT NULL DEFAULT '0',
  `meta_key` varchar(255) DEFAULT NULL,
  `meta_value` longtext
) ENGINE=MyISAM DEFAULT CHARSET=utf8;

-- --------------------------------------------------------

--
-- Structure de la table `sle_3_terms`
--

CREATE TABLE `sle_3_terms` (
  `term_id` bigint(20) UNSIGNED NOT NULL,
  `name` varchar(200) NOT NULL DEFAULT '',
  `slug` varchar(200) NOT NULL DEFAULT '',
  `term_group` bigint(10) NOT NULL DEFAULT '0'
) ENGINE=MyISAM DEFAULT CHARSET=utf8;

--
-- Contenu de la table `sle_3_terms`
--

INSERT INTO `sle_3_terms` (`term_id`, `name`, `slug`, `term_group`) VALUES
(1, 'Non classé', 'non-classe', 0),
(2, 'sexual issues', 'sexual-issues', 0),
(3, 'sexual problems. sexual desire. couple therapist', 'sexual-problems-sexual-desire-couple-therapist', 0),
(4, 'sexologist', 'sexologist', 0),
(5, 'sexual connexion', 'sexual-connexion', 0),
(6, 'communication issues', 'communication-issues', 0),
(7, 'sexual deire', 'sexual-deire', 0),
(8, 'hate', 'hate', 0),
(9, 'relationships', 'relationships', 0),
(10, 'couple therapist', 'couple-therapist', 0),
(11, 'sex therapist', 'sex-therapist', 0),
(12, 'sex issues', 'sex-issues', 0),
(13, 'couple conflict', 'couple-conflict', 0),
(14, 'loss libido', 'loss-libido', 0),
(15, 'lack desire', 'lack-desire', 0),
(16, 'sex routine', 'sex-routine', 0),
(17, 'couple therapy', 'couple-therapy', 0),
(18, 'infidelity. unhealthy relationships', 'infidelity-unhealthy-relationships', 0),
(19, 'bad relationships', 'bad-relationships', 0),
(20, 'cheating', 'cheating', 0),
(21, 'infidelity', 'infidelity', 0),
(22, 'unfaithful', 'unfaithful', 0),
(23, 'psychotherapist', 'psychotherapist', 0),
(24, 'jealous partner', 'jealous-partner', 0),
(25, 'montreal', 'montreal', 0),
(26, 'fighting couple', 'fighting-couple', 0),
(27, 'stop jealousy', 'stop-jealousy', 0),
(28, 'jealous', 'jealous', 0),
(29, 'fidelity', 'fidelity', 0),
(30, 'partner', 'partner', 0),
(31, 'jealousy', 'jealousy', 0),
(32, 'stop partner', 'stop-partner', 0),
(33, 'addyi. women sexuality', 'addyi-women-sexuality', 0),
(34, 'lack sexual desire. female Viagra', 'lack-sexual-desire-female-viagra', 0),
(35, 'sexologist montreal', 'sexologist-montreal', 0),
(36, 'what do sexologist do', 'what-do-sexologist-do', 0),
(37, 'lack of sexual desire', 'lack-of-sexual-desire', 0),
(38, 'nice guy', 'nice-guy', 0),
(39, 'sextherapy', 'sextherapy', 0),
(40, 'sexual desire', 'sexual-desire', 0),
(41, 'men', 'men', 0),
(42, 'sexual satisfaction', 'sexual-satisfaction', 0),
(43, 'sexologist online', 'sexologist-online', 0),
(44, 'sexual pleasure', 'sexual-pleasure', 0),
(45, 'sexless mariage', 'sexless-mariage', 0),
(46, 'sexual arousal', 'sexual-arousal', 0),
(47, 'sex therapy online webcam', 'sex-therapy-online-webcam', 0),
(48, 'intimacy', 'intimacy', 0),
(49, 'women', 'women', 0),
(50, 'sensuality', 'sensuality', 0),
(51, 'eroticism', 'eroticism', 0),
(52, 'sexless relationship', 'sexless-relationship', 0),
(53, 'sexual arousal control', 'sexual-arousal-control', 0),
(54, 'premature ejaculation', 'premature-ejaculation', 0),
(55, 'rapid ejaculation', 'rapid-ejaculation', 0),
(56, 'seduction', 'seduction', 0),
(57, 'getting out friend zone', 'getting-out-friend-zone', 0),
(58, 'friend zone', 'friend-zone', 0),
(59, 'flirting', 'flirting', 0),
(60, 'sexual performance', 'sexual-performance', 0),
(61, 'couple', 'couple', 0),
(62, 'relationship', 'relationship', 0),
(63, 'sexuality', 'sexuality', 0),
(64, 'sexual', 'sexual', 0),
(65, 'webcam therapy session', 'webcam-therapy-session', 0),
(66, 'sexologist webcam', 'sexologist-webcam', 0),
(67, 'how does therapy work', 'how-does-therapy-work', 0),
(68, 'process of sextherapy', 'process-of-sextherapy', 0),
(69, 'Nav Sexologue EN', 'nav-sexologue-en', 0),
(70, 'emotional intelligence', 'emotional-intelligence', 0),
(71, 'emotional intelligence', 'emotional-intelligence', 0),
(72, 'fighting couples', 'fighting-couples', 0),
(73, 'sexual desire', 'sexual-desire', 0),
(74, 'open couple', 'open-couple', 0),
(75, 'open couple', 'open-couple', 0),
(76, 'polyamorous', 'polyamorous', 0),
(77, 'polyamory', 'polyamory', 0),
(78, 'post-format-video', 'post-format-video', 0);

-- --------------------------------------------------------

--
-- Structure de la table `sle_3_term_relationships`
--

CREATE TABLE `sle_3_term_relationships` (
  `object_id` bigint(20) UNSIGNED NOT NULL DEFAULT '0',
  `term_taxonomy_id` bigint(20) UNSIGNED NOT NULL DEFAULT '0',
  `term_order` int(11) NOT NULL DEFAULT '0'
) ENGINE=MyISAM DEFAULT CHARSET=utf8;

--
-- Contenu de la table `sle_3_term_relationships`
--

INSERT INTO `sle_3_term_relationships` (`object_id`, `term_taxonomy_id`, `term_order`) VALUES
(52, 34, 0),
(52, 37, 0),
(19, 2, 0),
(19, 3, 0),
(19, 4, 0),
(20, 1, 0),
(21, 1, 0),
(22, 1, 0),
(22, 5, 0),
(22, 6, 0),
(22, 7, 0),
(23, 1, 0),
(23, 8, 0),
(23, 9, 0),
(23, 10, 0),
(23, 11, 0),
(23, 6, 0),
(52, 15, 0),
(24, 12, 0),
(24, 13, 0),
(24, 11, 0),
(24, 6, 0),
(25, 1, 0),
(25, 14, 0),
(25, 15, 0),
(25, 16, 0),
(25, 17, 0),
(26, 1, 0),
(26, 18, 0),
(26, 19, 0),
(50, 26, 0),
(27, 20, 0),
(27, 21, 0),
(27, 22, 0),
(49, 26, 0),
(28, 23, 0),
(28, 24, 0),
(28, 25, 0),
(28, 4, 0),
(28, 26, 0),
(28, 27, 0),
(29, 1, 0),
(29, 28, 0),
(29, 23, 0),
(29, 29, 0),
(29, 4, 0),
(29, 30, 0),
(29, 17, 0),
(29, 31, 0),
(30, 1, 0),
(30, 28, 0),
(30, 32, 0),
(30, 31, 0),
(49, 17, 0),
(31, 33, 0),
(31, 14, 0),
(31, 34, 0),
(32, 1, 0),
(488, 75, 0),
(34, 1, 0),
(34, 35, 0),
(34, 36, 0),
(34, 37, 0),
(34, 38, 0),
(34, 9, 0),
(34, 39, 0),
(34, 11, 0),
(34, 40, 0),
(34, 41, 0),
(34, 42, 0),
(42, 13, 0),
(36, 1, 0),
(36, 35, 0),
(36, 43, 0),
(36, 44, 0),
(36, 45, 0),
(36, 46, 0),
(36, 47, 0),
(36, 40, 0),
(36, 48, 0),
(49, 10, 0),
(37, 44, 0),
(37, 37, 0),
(37, 11, 0),
(37, 40, 0),
(37, 41, 0),
(37, 49, 0),
(37, 48, 0),
(37, 50, 0),
(37, 51, 0),
(49, 13, 0),
(38, 35, 0),
(38, 44, 0),
(38, 46, 0),
(38, 40, 0),
(38, 52, 0),
(38, 49, 0),
(38, 51, 0),
(39, 1, 0),
(39, 44, 0),
(39, 53, 0),
(39, 54, 0),
(39, 55, 0),
(40, 1, 0),
(40, 37, 0),
(40, 45, 0),
(40, 40, 0),
(40, 52, 0),
(41, 1, 0),
(41, 38, 0),
(41, 56, 0),
(41, 57, 0),
(41, 58, 0),
(359, 6, 0),
(43, 1, 0),
(43, 9, 0),
(43, 46, 0),
(43, 56, 0),
(43, 59, 0),
(43, 40, 0),
(43, 41, 0),
(43, 49, 0),
(44, 1, 0),
(44, 44, 0),
(44, 60, 0),
(44, 42, 0),
(45, 1, 0),
(45, 35, 0),
(45, 44, 0),
(45, 46, 0),
(45, 40, 0),
(46, 1, 0),
(46, 61, 0),
(46, 39, 0),
(46, 62, 0),
(46, 40, 0),
(46, 4, 0),
(46, 50, 0),
(46, 63, 0),
(46, 51, 0),
(47, 1, 0),
(47, 37, 0),
(47, 56, 0),
(47, 59, 0),
(47, 11, 0),
(47, 40, 0),
(47, 48, 0),
(47, 64, 0),
(406, 1, 0),
(50, 13, 0),
(52, 10, 0),
(51, 1, 0),
(58, 13, 0),
(53, 1, 0),
(54, 1, 0),
(58, 6, 0),
(57, 1, 0),
(59, 19, 0),
(60, 6, 0),
(61, 6, 0),
(62, 17, 0),
(65, 9, 0),
(63, 1, 0),
(64, 1, 0),
(66, 10, 0),
(67, 6, 0),
(68, 2, 0),
(35, 15, 0),
(109, 69, 0),
(108, 69, 0),
(110, 69, 0),
(111, 69, 0),
(112, 69, 0),
(114, 69, 0),
(115, 69, 0),
(116, 69, 0),
(117, 69, 0),
(118, 69, 0),
(119, 69, 0),
(120, 69, 0),
(121, 69, 0),
(176, 69, 0),
(52, 14, 0),
(58, 10, 0),
(59, 6, 0),
(59, 13, 0),
(59, 48, 0),
(60, 13, 0),
(60, 10, 0),
(60, 17, 0),
(60, 26, 0),
(60, 48, 0),
(60, 15, 0),
(61, 13, 0),
(61, 10, 0),
(61, 17, 0),
(61, 48, 0),
(61, 37, 0),
(62, 48, 0),
(62, 15, 0),
(62, 37, 0),
(62, 34, 0),
(65, 56, 0),
(66, 17, 0),
(66, 15, 0),
(66, 37, 0),
(66, 34, 0),
(68, 60, 0),
(68, 44, 0),
(68, 42, 0),
(35, 14, 0),
(42, 10, 0),
(42, 34, 0),
(42, 14, 0),
(352, 12, 0),
(352, 46, 0),
(352, 44, 0),
(352, 42, 0),
(359, 70, 0),
(359, 13, 0),
(359, 71, 0),
(359, 72, 0),
(434, 69, 0),
(436, 1, 0),
(444, 1, 0),
(455, 73, 0),
(455, 51, 0),
(455, 48, 0),
(455, 37, 0),
(490, 1, 0),
(488, 74, 0),
(488, 76, 0),
(488, 77, 0),
(506, 1, 0),
(490, 78, 0),
(517, 1, 0),
(521, 69, 0),
(527, 69, 0);

-- --------------------------------------------------------

--
-- Structure de la table `sle_3_term_taxonomy`
--

CREATE TABLE `sle_3_term_taxonomy` (
  `term_taxonomy_id` bigint(20) UNSIGNED NOT NULL,
  `term_id` bigint(20) UNSIGNED NOT NULL DEFAULT '0',
  `taxonomy` varchar(32) NOT NULL DEFAULT '',
  `description` longtext NOT NULL,
  `parent` bigint(20) UNSIGNED NOT NULL DEFAULT '0',
  `count` bigint(20) NOT NULL DEFAULT '0'
) ENGINE=MyISAM DEFAULT CHARSET=utf8;

--
-- Contenu de la table `sle_3_term_taxonomy`
--

INSERT INTO `sle_3_term_taxonomy` (`term_taxonomy_id`, `term_id`, `taxonomy`, `description`, `parent`, `count`) VALUES
(1, 1, 'category', '', 0, 29),
(2, 2, 'category', '', 0, 2),
(3, 3, 'category', '', 0, 1),
(4, 4, 'category', '', 0, 4),
(5, 5, 'category', '', 0, 1),
(6, 6, 'category', '', 0, 9),
(7, 7, 'category', '', 0, 1),
(8, 8, 'category', '', 0, 1),
(9, 9, 'category', '', 0, 4),
(10, 10, 'category', '', 0, 8),
(11, 11, 'category', '', 0, 5),
(12, 12, 'category', '', 0, 2),
(13, 13, 'category', '', 0, 9),
(14, 14, 'category', '', 0, 5),
(15, 15, 'category', '', 0, 6),
(16, 16, 'category', '', 0, 1),
(17, 17, 'category', '', 0, 7),
(18, 18, 'category', '', 0, 1),
(19, 19, 'category', '', 0, 2),
(20, 20, 'category', '', 0, 1),
(21, 21, 'category', '', 0, 1),
(22, 22, 'category', '', 0, 1),
(23, 23, 'category', '', 0, 2),
(24, 24, 'category', '', 0, 1),
(25, 25, 'category', '', 0, 1),
(26, 26, 'category', '', 0, 4),
(27, 27, 'category', '', 0, 1),
(28, 28, 'category', '', 0, 2),
(29, 29, 'category', '', 0, 1),
(30, 30, 'category', '', 0, 1),
(31, 31, 'category', '', 0, 2),
(32, 32, 'category', '', 0, 1),
(33, 33, 'category', '', 0, 1),
(34, 34, 'category', '', 0, 5),
(35, 35, 'category', '', 0, 4),
(36, 36, 'category', '', 0, 1),
(37, 37, 'category', '', 0, 9),
(38, 38, 'category', '', 0, 2),
(39, 39, 'category', '', 0, 2),
(40, 40, 'category', '', 0, 9),
(41, 41, 'category', '', 0, 3),
(42, 42, 'category', '', 0, 4),
(43, 43, 'category', '', 0, 1),
(44, 44, 'category', '', 0, 8),
(45, 45, 'category', '', 0, 2),
(46, 46, 'category', '', 0, 5),
(47, 47, 'category', '', 0, 1),
(48, 48, 'category', '', 0, 8),
(49, 49, 'category', '', 0, 3),
(50, 50, 'category', '', 0, 2),
(51, 51, 'category', '', 0, 4),
(52, 52, 'category', '', 0, 2),
(53, 53, 'category', '', 0, 1),
(54, 54, 'category', '', 0, 1),
(55, 55, 'category', '', 0, 1),
(56, 56, 'category', '', 0, 4),
(57, 57, 'category', '', 0, 1),
(58, 58, 'category', '', 0, 1),
(59, 59, 'category', '', 0, 2),
(60, 60, 'category', '', 0, 2),
(61, 61, 'category', '', 0, 1),
(62, 62, 'category', '', 0, 1),
(63, 63, 'category', '', 0, 1),
(64, 64, 'category', '', 0, 1),
(65, 65, 'category', '', 0, 0),
(66, 66, 'category', '', 0, 0),
(67, 67, 'category', '', 0, 0),
(68, 68, 'category', '', 0, 0),
(69, 69, 'nav_menu', '', 0, 17),
(70, 70, 'category', '', 0, 1),
(71, 71, 'post_tag', '', 0, 1),
(72, 72, 'post_tag', '', 0, 1),
(73, 73, 'post_tag', '', 0, 1),
(74, 74, 'category', '', 0, 1),
(75, 75, 'post_tag', '', 0, 1),
(76, 76, 'post_tag', '', 0, 1),
(77, 77, 'post_tag', '', 0, 1),
(78, 78, 'post_format', '', 0, 1);

-- --------------------------------------------------------

--
-- Structure de la table `sle_3_wpfm_backup`
--

CREATE TABLE `sle_3_wpfm_backup` (
  `id` int(11) NOT NULL,
  `backup_name` text,
  `backup_date` text
) ENGINE=MyISAM DEFAULT CHARSET=utf8;

-- --------------------------------------------------------

--
-- Structure de la table `sle_3_yoast_indexable`
--

CREATE TABLE `sle_3_yoast_indexable` (
  `id` int(11) UNSIGNED NOT NULL,
  `permalink` mediumtext,
  `permalink_hash` varchar(40) DEFAULT NULL,
  `object_id` int(11) UNSIGNED DEFAULT NULL,
  `object_type` varchar(32) NOT NULL,
  `object_sub_type` varchar(32) DEFAULT NULL,
  `author_id` int(11) UNSIGNED DEFAULT NULL,
  `post_parent` int(11) UNSIGNED DEFAULT NULL,
  `title` text,
  `description` text,
  `breadcrumb_title` text,
  `post_status` varchar(20) DEFAULT NULL,
  `is_public` tinyint(1) DEFAULT NULL,
  `is_protected` tinyint(1) DEFAULT '0',
  `has_public_posts` tinyint(1) DEFAULT NULL,
  `number_of_pages` int(11) UNSIGNED DEFAULT NULL,
  `canonical` mediumtext,
  `primary_focus_keyword` varchar(191) DEFAULT NULL,
  `primary_focus_keyword_score` int(3) DEFAULT NULL,
  `readability_score` int(3) DEFAULT NULL,
  `is_cornerstone` tinyint(1) DEFAULT '0',
  `is_robots_noindex` tinyint(1) DEFAULT '0',
  `is_robots_nofollow` tinyint(1) DEFAULT '0',
  `is_robots_noarchive` tinyint(1) DEFAULT '0',
  `is_robots_noimageindex` tinyint(1) DEFAULT '0',
  `is_robots_nosnippet` tinyint(1) DEFAULT '0',
  `twitter_title` text,
  `twitter_image` mediumtext,
  `twitter_description` mediumtext,
  `twitter_image_id` varchar(191) DEFAULT NULL,
  `twitter_image_source` text,
  `open_graph_title` text,
  `open_graph_description` mediumtext,
  `open_graph_image` mediumtext,
  `open_graph_image_id` varchar(191) DEFAULT NULL,
  `open_graph_image_source` text,
  `open_graph_image_meta` text,
  `link_count` int(11) DEFAULT NULL,
  `incoming_link_count` int(11) DEFAULT NULL,
  `prominent_words_version` int(11) UNSIGNED DEFAULT NULL,
  `created_at` datetime DEFAULT NULL,
  `updated_at` timestamp NOT NULL DEFAULT CURRENT_TIMESTAMP ON UPDATE CURRENT_TIMESTAMP,
  `blog_id` bigint(20) NOT NULL DEFAULT '3',
  `language` varchar(32) DEFAULT NULL,
  `region` varchar(32) DEFAULT NULL,
  `schema_page_type` varchar(64) DEFAULT NULL,
  `schema_article_type` varchar(64) DEFAULT NULL,
  `has_ancestors` tinyint(1) DEFAULT '0'
) ENGINE=MyISAM DEFAULT CHARSET=utf8;

--
-- Contenu de la table `sle_3_yoast_indexable`
--

INSERT INTO `sle_3_yoast_indexable` (`id`, `permalink`, `permalink_hash`, `object_id`, `object_type`, `object_sub_type`, `author_id`, `post_parent`, `title`, `description`, `breadcrumb_title`, `post_status`, `is_public`, `is_protected`, `has_public_posts`, `number_of_pages`, `canonical`, `primary_focus_keyword`, `primary_focus_keyword_score`, `readability_score`, `is_cornerstone`, `is_robots_noindex`, `is_robots_nofollow`, `is_robots_noarchive`, `is_robots_noimageindex`, `is_robots_nosnippet`, `twitter_title`, `twitter_image`, `twitter_description`, `twitter_image_id`, `twitter_image_source`, `open_graph_title`, `open_graph_description`, `open_graph_image`, `open_graph_image_id`, `open_graph_image_source`, `open_graph_image_meta`, `link_count`, `incoming_link_count`, `prominent_words_version`, `created_at`, `updated_at`, `blog_id`, `language`, `region`, `schema_page_type`, `schema_article_type`, `has_ancestors`) VALUES
(1, 'https://montreal.sexcoupletherapy.com/category/webcam-therapy-session', '69:5082a7034e1d5386d67c9274d2d79b15', 65, 'term', 'category', NULL, NULL, NULL, NULL, 'webcam therapy session', NULL, NULL, 0, NULL, NULL, NULL, NULL, NULL, NULL, 0, NULL, NULL, NULL, NULL, NULL, NULL, NULL, NULL, NULL, NULL, NULL, NULL, NULL, NULL, NULL, NULL, NULL, NULL, NULL, '2020-11-04 19:04:52', '2020-11-05 00:04:52', 3, NULL, NULL, NULL, NULL, 0),
(2, 'https://montreal.sexcoupletherapy.com/', '38:acf3906f774620f1fd9b169bcb22eb39', NULL, 'home-page', NULL, NULL, NULL, '%%sitename%% %%page%% %%sep%% %%sitedesc%%', '', 'Accueil', NULL, NULL, 0, NULL, NULL, NULL, NULL, NULL, NULL, 0, 0, 0, 0, 0, 0, NULL, NULL, NULL, NULL, NULL, '', '', '', '', NULL, NULL, NULL, NULL, NULL, '2020-11-04 19:04:52', '2020-11-05 00:04:52', 3, NULL, NULL, NULL, NULL, 0),
(3, 'https://montreal.sexcoupletherapy.com/category/women', '52:00323df70035f99e7997208ad431d015', 49, 'term', 'category', NULL, NULL, NULL, NULL, 'women', NULL, NULL, 0, NULL, NULL, NULL, NULL, NULL, NULL, 0, NULL, NULL, NULL, NULL, NULL, NULL, NULL, NULL, NULL, NULL, NULL, NULL, NULL, NULL, NULL, NULL, NULL, NULL, NULL, '2020-11-04 19:18:13', '2020-11-05 00:18:13', 3, NULL, NULL, NULL, NULL, 0),
(4, 'https://montreal.sexcoupletherapy.com/author/lesexologue', '56:7518e814bc76001e84d3473fd3f3bdef', 1, 'user', NULL, NULL, NULL, NULL, NULL, NULL, NULL, NULL, 0, NULL, NULL, NULL, NULL, NULL, NULL, 0, 0, NULL, NULL, NULL, NULL, NULL, 'https://secure.gravatar.com/avatar/34265f2d33f21101d30f4e187f759086?s=500&d=mm&r=g', NULL, NULL, 'gravatar-image', NULL, NULL, 'https://secure.gravatar.com/avatar/34265f2d33f21101d30f4e187f759086?s=500&d=mm&r=g', NULL, 'gravatar-image', NULL, NULL, NULL, NULL, '2020-11-04 19:45:18', '2020-11-19 06:19:33', 3, NULL, NULL, NULL, NULL, 0),
(5, 'https://montreal.sexcoupletherapy.com/2013/03/why-its-hard-to-truly-commit-to-our-relationships.html', '100:1962ddde5963625846819346fcc2ab4a', 63, 'post', 'post', 1, 0, NULL, NULL, 'Why it&rsquo;s Hard to TRULY Commit to our Relationships', 'publish', NULL, 0, NULL, NULL, NULL, NULL, NULL, 30, 0, NULL, 0, NULL, NULL, NULL, NULL, 'https://montreal.sexcoupletherapy.com/wp-content/uploads/sites/3/2013/03/commitment.jpg', NULL, '322', 'featured-image', NULL, NULL, 'https://montreal.sexcoupletherapy.com/wp-content/uploads/sites/3/2013/03/commitment.jpg', '322', 'featured-image', '{\"width\":590,\"height\":406,\"url\":\"https://montreal.sexcoupletherapy.com/wp-content/uploads/sites/3/2013/03/commitment.jpg\",\"path\":\"/var/www/vhosts/vps121626.vps.ovh.ca/lesexologue.ca/wp-content/uploads/sites/3/2013/03/commitment.jpg\",\"size\":\"full\",\"id\":322,\"alt\":\"relationship commitment\",\"pixels\":239540,\"type\":\"image/jpeg\"}', 0, NULL, NULL, '2020-11-04 19:45:18', '2020-11-05 12:30:10', 3, NULL, NULL, NULL, NULL, 0),
(6, NULL, NULL, NULL, 'system-page', 'search-result', NULL, NULL, 'Vous avez cherché %%searchphrase%% %%page%% %%sep%% %%sitename%%', NULL, NULL, NULL, NULL, 0, NULL, NULL, NULL, NULL, NULL, NULL, 0, 1, 0, 0, 0, 0, NULL, NULL, NULL, NULL, NULL, NULL, NULL, NULL, NULL, NULL, NULL, NULL, NULL, NULL, '2020-11-04 20:08:27', '2020-11-05 01:08:27', 3, NULL, NULL, NULL, NULL, 0),
(7, 'https://montreal.sexcoupletherapy.com/2015/03/webseries-maintaining-sexual-desire-part-3.html', '93:25bc443f085d9c6f1d9975cb24f69d9c', 35, 'post', 'post', 1, 0, NULL, NULL, 'Protégé : Webseries 05: Maintaining Sexual Desire: Managing different levels of Sexual Desire', 'publish', 0, 1, NULL, NULL, NULL, NULL, NULL, 60, 0, NULL, 0, NULL, NULL, NULL, NULL, NULL, NULL, NULL, NULL, NULL, NULL, NULL, NULL, NULL, NULL, 0, NULL, NULL, '2020-11-04 20:20:31', '2020-11-06 09:12:30', 3, NULL, NULL, NULL, NULL, 0),
(8, 'https://montreal.sexcoupletherapy.com/category/partner', '54:7b02274d73a93fd451d5d427fcfb871d', 30, 'term', 'category', NULL, NULL, NULL, NULL, 'partner', NULL, NULL, 0, NULL, NULL, NULL, NULL, NULL, NULL, 0, NULL, NULL, NULL, NULL, NULL, NULL, NULL, NULL, NULL, NULL, NULL, NULL, NULL, NULL, NULL, NULL, NULL, NULL, NULL, '2020-11-04 20:25:31', '2020-11-05 01:25:31', 3, NULL, NULL, NULL, NULL, 0),
(9, 'https://montreal.sexcoupletherapy.com/2013/06/sexual-intimacy-sexual-desire-part-4.html', '87:88493146840da32d0da20e1c3afeb83b', 59, 'post', 'post', 1, 0, NULL, NULL, 'Sexual Intimacy &amp; Sexual Desire Part 4', 'publish', NULL, 0, NULL, NULL, NULL, NULL, NULL, 30, 0, NULL, 0, NULL, NULL, NULL, NULL, NULL, NULL, NULL, NULL, NULL, NULL, NULL, NULL, NULL, NULL, 12, 19, NULL, '2020-11-04 20:38:40', '2020-11-12 12:52:44', 3, NULL, NULL, NULL, NULL, 0),
(10, 'https://montreal.sexcoupletherapy.com/2013/06/sexual-intimacy-part-2.html', '73:4a772d3484d4bf7d5c96bf1dabf4b088', 61, 'post', 'post', 1, 0, NULL, NULL, 'Sexual Intimacy Part 2', 'publish', NULL, 0, NULL, NULL, NULL, 'sexual intimacy', 71, 30, 0, NULL, 0, NULL, NULL, NULL, NULL, 'https://montreal.sexcoupletherapy.com/wp-content/uploads/sites/3/2013/06/lesbian-couple.jpg', NULL, '312', 'featured-image', NULL, NULL, 'https://montreal.sexcoupletherapy.com/wp-content/uploads/sites/3/2013/06/lesbian-couple.jpg', '312', 'featured-image', '{\"width\":960,\"height\":640,\"url\":\"https://montreal.sexcoupletherapy.com/wp-content/uploads/sites/3/2013/06/lesbian-couple.jpg\",\"path\":\"/var/www/vhosts/vps121626.vps.ovh.ca/lesexologue.ca/wp-content/uploads/sites/3/2013/06/lesbian-couple.jpg\",\"size\":\"full\",\"id\":312,\"alt\":\"intimacy\",\"pixels\":614400,\"type\":\"image/jpeg\"}', 7, 15, NULL, '2020-11-04 20:38:40', '2020-11-12 12:52:44', 3, NULL, NULL, NULL, NULL, 0),
(11, 'https://montreal.sexcoupletherapy.com/2013/06/sexual-intimacy.html', '66:b56b954dbaa08e8d33b88681d23de700', 62, 'post', 'post', 1, 0, NULL, NULL, 'Sexual Intimacy', 'publish', NULL, 0, NULL, NULL, NULL, 'sexual intimacy', 69, 30, 0, NULL, 0, NULL, NULL, NULL, NULL, 'https://montreal.sexcoupletherapy.com/wp-content/uploads/sites/3/2013/06/old-people-having-sex.png', NULL, '317', 'featured-image', NULL, NULL, 'https://montreal.sexcoupletherapy.com/wp-content/uploads/sites/3/2013/06/old-people-having-sex.png', '317', 'featured-image', '{\"width\":600,\"height\":303,\"url\":\"https://montreal.sexcoupletherapy.com/wp-content/uploads/sites/3/2013/06/old-people-having-sex.png\",\"path\":\"/var/www/vhosts/vps121626.vps.ovh.ca/lesexologue.ca/wp-content/uploads/sites/3/2013/06/old-people-having-sex.png\",\"size\":\"full\",\"id\":317,\"alt\":\"sexual desire intimacy\",\"pixels\":181800,\"type\":\"image/png\"}', 9, 10, NULL, '2020-11-04 20:38:40', '2020-11-12 12:52:44', 3, NULL, NULL, NULL, NULL, 0),
(12, 'https://montreal.sexcoupletherapy.com/2013/06/emotional-gridlock.html', '69:ec75747aaef20bbd43c57d2b7c373dd8', 58, 'post', 'post', 1, 0, NULL, NULL, 'Emotional Gridlock', 'publish', NULL, 0, NULL, NULL, NULL, NULL, NULL, 30, 0, NULL, 0, NULL, NULL, NULL, NULL, NULL, NULL, NULL, NULL, NULL, NULL, NULL, NULL, NULL, NULL, 6, 14, NULL, '2020-11-04 20:38:40', '2020-11-11 05:34:53', 3, NULL, NULL, NULL, NULL, 0),
(13, 'https://montreal.sexcoupletherapy.com/2013/06/sexual-intimacy-sexual-desire-part-3.html', '87:c92a59a41bbefd4d7928ad18a70eb1c4', 60, 'post', 'post', 1, 0, NULL, NULL, 'Sexual Intimacy &amp; Sexual Desire Part 3', 'publish', NULL, 0, NULL, NULL, NULL, NULL, NULL, 30, 0, NULL, 0, NULL, NULL, NULL, NULL, 'https://montreal.sexcoupletherapy.com/wp-content/uploads/sites/3/2013/06/dsvy9nrykrg-azrul-aziz.jpg', NULL, '305', 'featured-image', NULL, NULL, 'https://montreal.sexcoupletherapy.com/wp-content/uploads/sites/3/2013/06/dsvy9nrykrg-azrul-aziz.jpg', '305', 'featured-image', '{\"width\":3240,\"height\":2160,\"url\":\"https://montreal.sexcoupletherapy.com/wp-content/uploads/sites/3/2013/06/dsvy9nrykrg-azrul-aziz.jpg\",\"path\":\"/var/www/vhosts/vps121626.vps.ovh.ca/lesexologue.ca/wp-content/uploads/sites/3/2013/06/dsvy9nrykrg-azrul-aziz.jpg\",\"size\":\"full\",\"id\":305,\"alt\":\"couple intimacy desire\",\"pixels\":6998400,\"type\":\"image/jpeg\"}', 10, 6, NULL, '2020-11-04 20:38:40', '2020-11-12 12:52:44', 3, NULL, NULL, NULL, NULL, 0),
(14, 'https://montreal.sexcoupletherapy.com/2013/01/relationship-patterns-and-seduction.html', '86:e4019a50140c593acd07768140d18123', 65, 'post', 'post', 1, 0, NULL, NULL, 'Relationship patterns and seduction', 'publish', NULL, 0, NULL, NULL, NULL, NULL, NULL, 30, 0, NULL, 0, NULL, NULL, NULL, NULL, NULL, NULL, NULL, NULL, NULL, NULL, NULL, NULL, NULL, NULL, 0, 1, NULL, '2020-11-04 20:38:40', '2020-11-09 00:41:40', 3, NULL, NULL, NULL, NULL, 0),
(15, 'https://montreal.sexcoupletherapy.com/2015/09/how-to-stop-being-jealous.html', '76:e493f07c1fffb2a7908df372e1aa1a75', 28, 'post', 'post', 1, 0, NULL, NULL, 'How to stop being jealous?', 'publish', NULL, 0, NULL, NULL, NULL, NULL, NULL, 30, 0, NULL, 0, NULL, NULL, NULL, NULL, 'https://3.bp.blogspot.com/-hkwcEustEO4/V6VEeliMAwI/AAAAAAAAA7Y/AJwphVNSI9MePYpL7j2GMkYPfl---AruACLcB/s200/francois.jpg', NULL, NULL, 'first-content-image', NULL, NULL, 'https://3.bp.blogspot.com/-hkwcEustEO4/V6VEeliMAwI/AAAAAAAAA7Y/AJwphVNSI9MePYpL7j2GMkYPfl---AruACLcB/s200/francois.jpg', NULL, 'first-content-image', NULL, 1, NULL, NULL, '2020-11-04 20:43:44', '2020-11-08 13:24:34', 3, NULL, NULL, NULL, NULL, 0),
(16, 'https://montreal.sexcoupletherapy.com/2016/08/pretending-to-have-communication-issues.html', '90:d1068b6e585c6a2ab3e81ebc7ecd6914', 23, 'post', 'post', 1, 0, NULL, NULL, 'Pretending to Have Communication Issues', 'publish', NULL, 0, NULL, NULL, NULL, NULL, NULL, 30, 0, NULL, 0, NULL, NULL, NULL, NULL, 'https://montreal.sexcoupletherapy.com/wp-content/uploads/sites/3/2016/08/argument-238529_1920.jpg', NULL, '404', 'featured-image', NULL, NULL, 'https://montreal.sexcoupletherapy.com/wp-content/uploads/sites/3/2016/08/argument-238529_1920.jpg', '404', 'featured-image', '{\"width\":1920,\"height\":1279,\"url\":\"https://montreal.sexcoupletherapy.com/wp-content/uploads/sites/3/2016/08/argument-238529_1920.jpg\",\"path\":\"/var/www/vhosts/vps121626.vps.ovh.ca/lesexologue.ca/wp-content/uploads/sites/3/2016/08/argument-238529_1920.jpg\",\"size\":\"full\",\"id\":404,\"alt\":\"arguing couple\",\"pixels\":2455680,\"type\":\"image/jpeg\"}', 14, 5, NULL, '2020-11-04 21:09:30', '2020-11-10 20:16:52', 3, NULL, NULL, NULL, NULL, 0),
(17, 'https://montreal.sexcoupletherapy.com/2016/08/there-is-no-such-thing-as-a-lack-of-communication.html', '100:f57638a69acf3f3c81e5cffa8dfa1b2c', 24, 'post', 'post', 1, 0, NULL, NULL, 'There is no such thing as a lack of communication', 'publish', NULL, 0, NULL, NULL, NULL, NULL, NULL, 30, 0, NULL, 0, NULL, NULL, NULL, NULL, 'https://montreal.sexcoupletherapy.com/wp-content/uploads/sites/3/2016/08/silhouette-2480321_1280.png', NULL, '403', 'featured-image', NULL, NULL, 'https://montreal.sexcoupletherapy.com/wp-content/uploads/sites/3/2016/08/silhouette-2480321_1280.png', '403', 'featured-image', '{\"width\":1264,\"height\":1280,\"url\":\"https://montreal.sexcoupletherapy.com/wp-content/uploads/sites/3/2016/08/silhouette-2480321_1280.png\",\"path\":\"/var/www/vhosts/vps121626.vps.ovh.ca/lesexologue.ca/wp-content/uploads/sites/3/2016/08/silhouette-2480321_1280.png\",\"size\":\"full\",\"id\":403,\"alt\":\"couple fighting\",\"pixels\":1617920,\"type\":\"image/png\"}', 5, 5, NULL, '2020-11-04 21:09:30', '2020-11-11 05:34:53', 3, NULL, NULL, NULL, NULL, 0),
(18, 'https://montreal.sexcoupletherapy.com/2016/08/getting-beyond-communication-issues.html', '86:a433fad5687e262b4798a16c410abca9', 22, 'post', 'post', 1, 0, NULL, NULL, 'Getting Beyond Communication Issues', 'publish', NULL, 0, NULL, NULL, NULL, NULL, NULL, 30, 0, NULL, 0, NULL, NULL, NULL, NULL, 'https://montreal.sexcoupletherapy.com/wp-content/uploads/sites/3/2016/08/connection-2Brelatiionship.jpg', NULL, '76', 'featured-image', NULL, NULL, 'https://montreal.sexcoupletherapy.com/wp-content/uploads/sites/3/2016/08/connection-2Brelatiionship.jpg', '76', 'featured-image', '{\"width\":504,\"height\":261,\"url\":\"https://montreal.sexcoupletherapy.com/wp-content/uploads/sites/3/2016/08/connection-2Brelatiionship.jpg\",\"path\":\"/var/www/vhosts/vps121626.vps.ovh.ca/lesexologue.ca/wp-content/uploads/sites/3/2016/08/connection-2Brelatiionship.jpg\",\"size\":\"full\",\"id\":76,\"alt\":\"\",\"pixels\":131544,\"type\":\"image/jpeg\"}', 4, 4, NULL, '2020-11-04 21:09:30', '2020-11-11 11:45:43', 3, NULL, NULL, NULL, NULL, 0),
(19, 'https://montreal.sexcoupletherapy.com/2014/04/unhealthy-couple-dynamics.html', '76:c94e67cb63a084d0fdaba1c8c3d6113a', 49, 'post', 'post', 1, 0, NULL, NULL, 'Unhealthy Couple Dynamics', 'publish', NULL, 0, NULL, NULL, NULL, NULL, NULL, 30, 0, NULL, 0, NULL, NULL, NULL, NULL, NULL, NULL, NULL, NULL, NULL, NULL, NULL, NULL, NULL, NULL, 10, 6, NULL, '2020-11-04 21:09:30', '2020-11-11 05:34:53', 3, NULL, NULL, NULL, NULL, 0),
(20, 'https://montreal.sexcoupletherapy.com/2014/04/construct-a-healthier-couples-dynamic.html', '88:6ab5694ba4015a2ffb7141d8470f753a', 50, 'post', 'post', 1, 0, NULL, NULL, 'Construct a healthier couple’s dynamic', 'publish', NULL, 0, NULL, NULL, NULL, NULL, NULL, 30, 0, NULL, 0, NULL, NULL, NULL, NULL, 'https://montreal.sexcoupletherapy.com/wp-content/uploads/sites/3/2014/04/collaborative-alliance.jpg', NULL, '258', 'featured-image', NULL, NULL, 'https://montreal.sexcoupletherapy.com/wp-content/uploads/sites/3/2014/04/collaborative-alliance.jpg', '258', 'featured-image', '{\"width\":2520,\"height\":1680,\"url\":\"https://montreal.sexcoupletherapy.com/wp-content/uploads/sites/3/2014/04/collaborative-alliance.jpg\",\"path\":\"/var/www/vhosts/vps121626.vps.ovh.ca/lesexologue.ca/wp-content/uploads/sites/3/2014/04/collaborative-alliance.jpg\",\"size\":\"full\",\"id\":258,\"alt\":\"stop fighting relationship\",\"pixels\":4233600,\"type\":\"image/jpeg\"}', 7, 6, NULL, '2020-11-04 21:09:30', '2020-11-11 05:34:53', 3, NULL, NULL, NULL, NULL, 0),
(21, 'https://montreal.sexcoupletherapy.com/2014/03/unhealthy-relationship-patterns.html', '82:1eb708d91b8238a3f46f0956333a3f90', 51, 'post', 'post', 1, 0, NULL, NULL, 'Unhealthy Relationship Patterns', 'publish', NULL, 0, NULL, NULL, NULL, NULL, NULL, 30, 0, NULL, 0, NULL, NULL, NULL, NULL, NULL, NULL, NULL, NULL, NULL, NULL, NULL, NULL, NULL, NULL, 7, 7, NULL, '2020-11-04 21:09:30', '2020-11-05 11:53:43', 3, NULL, NULL, NULL, NULL, 0),
(22, 'https://montreal.sexcoupletherapy.com/2014/03/different-levels-of-sexual-desire-between-partners-in-a-couple.html', '113:40540cb374d3ad37c10be2757c73e854', 54, 'post', 'post', 1, 0, NULL, NULL, 'Different Levels of Sexual Desire Between Partners in a Couple', 'publish', NULL, 0, NULL, NULL, NULL, NULL, NULL, 30, 0, NULL, 0, NULL, NULL, NULL, NULL, 'https://montreal.sexcoupletherapy.com/wp-content/uploads/sites/3/2014/03/Screen-Shot-2017-02-01-at-1.56.51-PM.png', NULL, '276', 'featured-image', NULL, NULL, 'https://montreal.sexcoupletherapy.com/wp-content/uploads/sites/3/2014/03/Screen-Shot-2017-02-01-at-1.56.51-PM.png', '276', 'featured-image', '{\"width\":1028,\"height\":620,\"url\":\"https://montreal.sexcoupletherapy.com/wp-content/uploads/sites/3/2014/03/Screen-Shot-2017-02-01-at-1.56.51-PM.png\",\"path\":\"/var/www/vhosts/vps121626.vps.ovh.ca/lesexologue.ca/wp-content/uploads/sites/3/2014/03/Screen-Shot-2017-02-01-at-1.56.51-PM.png\",\"size\":\"full\",\"id\":276,\"alt\":\"different levels sexual desire\",\"pixels\":637360,\"type\":\"image/png\"}', 2, 7, NULL, '2020-11-04 21:09:30', '2020-11-07 20:42:18', 3, NULL, NULL, NULL, NULL, 0),
(23, 'https://montreal.sexcoupletherapy.com/2014/03/getting-yourself-together-promotes-sexual-desire.html', '99:1dd10119fce1f62f5f630bf6a400d6fa', 53, 'post', 'post', 1, 0, NULL, NULL, 'Getting Yourself Together: Promotes Sexual Desire!', 'publish', NULL, 0, NULL, NULL, NULL, 'healthy relationships', 62, 30, 0, NULL, 0, NULL, NULL, NULL, NULL, NULL, NULL, NULL, NULL, NULL, NULL, NULL, NULL, NULL, NULL, 7, 7, NULL, '2020-11-04 21:09:30', '2020-11-06 16:05:59', 3, NULL, NULL, NULL, NULL, 0),
(24, 'https://montreal.sexcoupletherapy.com/2014/03/i-dont-want-sex.html', '66:9656d01441f3dd0ee32b0913c9bfe415', 52, 'post', 'post', 1, 0, NULL, NULL, 'I don&rsquo;t Want Sex', 'publish', NULL, 0, NULL, NULL, NULL, NULL, NULL, 30, 0, NULL, 0, NULL, NULL, NULL, NULL, NULL, NULL, NULL, NULL, NULL, NULL, NULL, NULL, NULL, NULL, 11, 6, NULL, '2020-11-04 21:09:30', '2020-11-10 20:16:52', 3, NULL, NULL, NULL, NULL, 0),
(25, 'https://montreal.sexcoupletherapy.com/2014/12/nice-guy-syndrome.html', '68:6d0064e015b425f7a899245330c47235', 41, 'post', 'post', 1, 0, NULL, NULL, 'Protégé : Webseries: Nice Guy Syndrome', 'publish', 0, 1, NULL, NULL, NULL, NULL, NULL, 30, 0, NULL, 0, NULL, NULL, NULL, NULL, NULL, NULL, NULL, NULL, NULL, NULL, NULL, NULL, NULL, NULL, 0, 1, NULL, '2020-11-04 21:09:30', '2020-11-12 13:00:27', 3, NULL, NULL, NULL, NULL, 0),
(26, 'https://montreal.sexcoupletherapy.com/2016/07/getting-stuck-in-a-sexual-routine.html', '84:30983846139e5bcc99546fb98b995f2b', 25, 'post', 'post', 1, 0, NULL, NULL, 'Getting stuck in a sexual routine', 'publish', NULL, 0, NULL, NULL, NULL, 'sexual routine', 67, 30, 0, NULL, 0, NULL, NULL, NULL, NULL, 'https://montreal.sexcoupletherapy.com/wp-content/uploads/sites/3/2016/07/perte-2Blibido.jpg', NULL, '82', 'featured-image', NULL, NULL, 'https://montreal.sexcoupletherapy.com/wp-content/uploads/sites/3/2016/07/perte-2Blibido.jpg', '82', 'featured-image', '{\"width\":227,\"height\":227,\"url\":\"https://montreal.sexcoupletherapy.com/wp-content/uploads/sites/3/2016/07/perte-2Blibido.jpg\",\"path\":\"/var/www/vhosts/vps121626.vps.ovh.ca/lesexologue.ca/wp-content/uploads/sites/3/2016/07/perte-2Blibido.jpg\",\"size\":\"full\",\"id\":82,\"alt\":\"\",\"pixels\":51529,\"type\":\"image/jpeg\"}', 0, 6, NULL, '2020-11-04 21:09:30', '2020-11-08 01:06:57', 3, NULL, NULL, NULL, NULL, 0),
(27, 'https://montreal.sexcoupletherapy.com/category/cheating', '55:2f42cbe1951681b15eb5632fa0e8c5c0', 20, 'term', 'category', NULL, NULL, NULL, NULL, 'cheating', NULL, NULL, 0, NULL, NULL, NULL, NULL, NULL, NULL, 0, NULL, NULL, NULL, NULL, NULL, NULL, NULL, NULL, NULL, NULL, NULL, NULL, NULL, NULL, NULL, NULL, NULL, NULL, NULL, '2020-11-04 21:10:49', '2020-11-05 02:10:49', 3, NULL, NULL, NULL, NULL, 0),
(28, 'https://montreal.sexcoupletherapy.com/2016/02/revenge-the-ugly-side-of-infidelity.html', '86:5b247e21f383571335e8fa979a25115f', 26, 'post', 'post', 1, 0, NULL, NULL, 'Revenge: The Ugly Side of Infidelity', 'publish', NULL, 0, NULL, NULL, NULL, NULL, NULL, 30, 0, NULL, 0, NULL, NULL, NULL, NULL, 'https://3.bp.blogspot.com/-hkwcEustEO4/V6VEeliMAwI/AAAAAAAAA7Y/AJwphVNSI9MePYpL7j2GMkYPfl---AruACLcB/s200/francois.jpg', NULL, NULL, 'first-content-image', NULL, NULL, 'https://3.bp.blogspot.com/-hkwcEustEO4/V6VEeliMAwI/AAAAAAAAA7Y/AJwphVNSI9MePYpL7j2GMkYPfl---AruACLcB/s200/francois.jpg', NULL, 'first-content-image', NULL, 2, 1, NULL, '2020-11-04 21:45:46', '2020-11-09 16:18:41', 3, NULL, NULL, NULL, NULL, 0),
(29, 'https://montreal.sexcoupletherapy.com/2016/02/infidelity-is-it-really-the-worst-thing-that-can-happen-to-a-couple.html', '118:a1252f0efe53b959dcfa86a5aedbe0cc', 27, 'post', 'post', 1, 0, NULL, NULL, 'Infidelity: Is it really the worst thing that can happen to a couple?', 'publish', NULL, 0, NULL, NULL, NULL, 'Infidelity', 71, 30, 0, NULL, 0, NULL, NULL, NULL, NULL, 'https://3.bp.blogspot.com/-hkwcEustEO4/V6VEeliMAwI/AAAAAAAAA7Y/AJwphVNSI9MePYpL7j2GMkYPfl---AruACLcB/s200/francois.jpg', NULL, NULL, 'first-content-image', NULL, NULL, 'https://3.bp.blogspot.com/-hkwcEustEO4/V6VEeliMAwI/AAAAAAAAA7Y/AJwphVNSI9MePYpL7j2GMkYPfl---AruACLcB/s200/francois.jpg', NULL, 'first-content-image', NULL, 2, 1, NULL, '2020-11-04 21:45:46', '2020-11-09 06:47:17', 3, NULL, NULL, NULL, NULL, 0),
(30, 'https://montreal.sexcoupletherapy.com/2015/08/jealousy-destroyer-of-couples.html', '80:3ddba8fe156dabe07b7e9ca165c78a79', 30, 'post', 'post', 1, 0, NULL, NULL, 'Jealousy: Destroyer of couples', 'publish', NULL, 0, NULL, NULL, NULL, NULL, NULL, 30, 0, NULL, 0, NULL, NULL, NULL, NULL, 'http://sexcoupletherapy.agence360.co/wp-content/uploads/sites/3/2015/08/jealous-couple-38384539557_xlarge-300x200.jpeg', NULL, NULL, 'first-content-image', NULL, NULL, 'http://sexcoupletherapy.agence360.co/wp-content/uploads/sites/3/2015/08/jealous-couple-38384539557_xlarge-300x200.jpeg', NULL, 'first-content-image', NULL, 0, 1, NULL, '2020-11-04 21:45:46', '2020-11-07 21:31:26', 3, NULL, NULL, NULL, NULL, 0),
(31, 'https://montreal.sexcoupletherapy.com/2013/02/would-you-have-sex-with-your-friends.html', '87:15fed333b94d949616b39e33e29bc71d', 64, 'post', 'post', 1, 0, NULL, NULL, 'Would you have sex with your friends', 'publish', NULL, 0, NULL, NULL, NULL, NULL, NULL, 30, 0, NULL, 0, NULL, NULL, NULL, NULL, NULL, NULL, NULL, NULL, NULL, NULL, NULL, NULL, NULL, NULL, 0, NULL, NULL, '2020-11-04 22:17:49', '2020-11-05 12:30:10', 3, NULL, NULL, NULL, NULL, 0),
(32, 'https://montreal.sexcoupletherapy.com/category/stop-jealousy', '60:28704efdb5221ea0ddc70b28a263b561', 27, 'term', 'category', NULL, NULL, NULL, NULL, 'stop jealousy', NULL, NULL, 0, NULL, NULL, NULL, NULL, NULL, NULL, 0, NULL, NULL, NULL, NULL, NULL, NULL, NULL, NULL, NULL, NULL, NULL, NULL, NULL, NULL, NULL, NULL, NULL, NULL, NULL, '2020-11-04 23:29:10', '2020-11-05 04:29:10', 3, NULL, NULL, NULL, NULL, 0),
(33, 'https://montreal.sexcoupletherapy.com/category/sex-therapist', '60:d9f8ee0f35be6bbb7c2b170f84275a27', 11, 'term', 'category', NULL, NULL, NULL, NULL, 'sex therapist', NULL, NULL, 0, NULL, NULL, NULL, NULL, NULL, NULL, 0, NULL, NULL, NULL, NULL, NULL, NULL, NULL, NULL, NULL, NULL, NULL, NULL, NULL, NULL, NULL, NULL, NULL, NULL, NULL, '2020-11-05 00:13:01', '2020-11-05 05:13:01', 3, NULL, NULL, NULL, NULL, 0),
(34, 'https://montreal.sexcoupletherapy.com/author/francois-renaud-m-a', '64:7d2f6fadc044dc5d023045e82bd35e04', 2, 'user', NULL, NULL, NULL, NULL, NULL, NULL, NULL, NULL, 0, NULL, NULL, NULL, NULL, NULL, NULL, 0, 0, NULL, NULL, NULL, NULL, NULL, 'https://secure.gravatar.com/avatar/fe48e259d85529b78b86c864118eafe9?s=500&d=mm&r=g', NULL, NULL, 'gravatar-image', NULL, NULL, 'https://secure.gravatar.com/avatar/fe48e259d85529b78b86c864118eafe9?s=500&d=mm&r=g', NULL, 'gravatar-image', NULL, NULL, NULL, NULL, '2020-11-05 01:24:30', '2020-11-14 21:49:39', 3, NULL, NULL, NULL, NULL, 0),
(35, 'https://montreal.sexcoupletherapy.com/2020/02/sex-can-handle-eaten.html', '71:0233158840a7178b0aed93da6341550d', 490, 'post', 'post', 2, 0, NULL, NULL, 'Sex: Can you handle being eaten out?', 'publish', NULL, 0, NULL, NULL, NULL, NULL, NULL, 30, 0, NULL, 0, NULL, NULL, NULL, NULL, 'https://montreal.sexcoupletherapy.com/wp-content/uploads/sites/3/2019/06/5d04219a5b89169d1dbd869a_talk-about-sex-min.jpg', NULL, '478', 'featured-image', NULL, NULL, 'https://montreal.sexcoupletherapy.com/wp-content/uploads/sites/3/2019/06/5d04219a5b89169d1dbd869a_talk-about-sex-min.jpg', '478', 'featured-image', '{\"width\":703,\"height\":467,\"url\":\"https://montreal.sexcoupletherapy.com/wp-content/uploads/sites/3/2019/06/5d04219a5b89169d1dbd869a_talk-about-sex-min.jpg\",\"path\":\"/var/www/vhosts/vps121626.vps.ovh.ca/lesexologue.ca/wp-content/uploads/sites/3/2019/06/5d04219a5b89169d1dbd869a_talk-about-sex-min.jpg\",\"size\":\"full\",\"id\":478,\"alt\":\"oral sex\",\"pixels\":328301,\"type\":\"image/jpeg\"}', 0, NULL, NULL, '2020-11-05 01:24:30', '2020-11-05 12:30:10', 3, NULL, NULL, NULL, NULL, 0),
(36, 'https://montreal.sexcoupletherapy.com/category/sexual-desire', '60:e3fd47cbe2010474e970632c57b1b853', 40, 'term', 'category', NULL, NULL, NULL, NULL, 'sexual desire', NULL, NULL, 0, NULL, NULL, NULL, NULL, NULL, NULL, 0, NULL, NULL, NULL, NULL, NULL, NULL, NULL, NULL, NULL, NULL, NULL, NULL, NULL, NULL, NULL, NULL, NULL, NULL, NULL, '2020-11-05 02:52:40', '2020-11-05 07:52:40', 3, NULL, NULL, NULL, NULL, 0),
(37, 'https://montreal.sexcoupletherapy.com/category/sexual', '53:a079a0aa9a26c4d1e2f0eb56f39a0b96', 64, 'term', 'category', NULL, NULL, NULL, NULL, 'sexual', NULL, NULL, 0, NULL, NULL, NULL, NULL, NULL, NULL, 0, NULL, NULL, NULL, NULL, NULL, NULL, NULL, NULL, NULL, NULL, NULL, NULL, NULL, NULL, NULL, NULL, NULL, NULL, NULL, '2020-11-05 03:32:16', '2020-11-05 08:32:16', 3, NULL, NULL, NULL, NULL, 0),
(38, 'https://montreal.sexcoupletherapy.com/category/sexual-arousal', '61:519429c1c1fd4e0ee796675ae3386e59', 46, 'term', 'category', NULL, NULL, NULL, NULL, 'sexual arousal', NULL, NULL, 0, NULL, NULL, NULL, NULL, NULL, NULL, 0, NULL, NULL, NULL, NULL, NULL, NULL, NULL, NULL, NULL, NULL, NULL, NULL, NULL, NULL, NULL, NULL, NULL, NULL, NULL, '2020-11-05 04:00:50', '2020-11-05 09:00:50', 3, NULL, NULL, NULL, NULL, 0),
(39, 'https://montreal.sexcoupletherapy.com/category/sexual-connexion', '63:564525e621adac6861fa9a79e2210dd7', 5, 'term', 'category', NULL, NULL, NULL, NULL, 'sexual connexion', NULL, NULL, 0, NULL, NULL, NULL, NULL, NULL, NULL, 0, NULL, NULL, NULL, NULL, NULL, NULL, NULL, NULL, NULL, NULL, NULL, NULL, NULL, NULL, NULL, NULL, NULL, NULL, NULL, '2020-11-05 05:05:25', '2020-11-05 10:05:25', 3, NULL, NULL, NULL, NULL, 0),
(40, 'https://montreal.sexcoupletherapy.com/2014/07/sensual-erotic-education-description-of-the-project.html', '102:de6066ae749f70ab5f9387a906d6d017', 46, 'post', 'post', 1, 0, NULL, NULL, 'Sensual &amp; Erotic Education: Description of the project', 'publish', NULL, 0, NULL, NULL, NULL, NULL, NULL, 0, 0, NULL, 0, NULL, NULL, NULL, NULL, NULL, NULL, NULL, NULL, NULL, NULL, NULL, NULL, NULL, NULL, 0, NULL, NULL, '2020-11-05 05:36:12', '2020-11-09 07:13:32', 3, NULL, NULL, NULL, NULL, 0),
(41, 'https://montreal.sexcoupletherapy.com/category/how-does-therapy-work', '68:5a5f9b0bc2c03b2ff2fe6c7762e1ee48', 67, 'term', 'category', NULL, NULL, NULL, NULL, 'how does therapy work', NULL, NULL, 0, NULL, NULL, NULL, NULL, NULL, NULL, 0, NULL, NULL, NULL, NULL, NULL, NULL, NULL, NULL, NULL, NULL, NULL, NULL, NULL, NULL, NULL, NULL, NULL, NULL, NULL, '2020-11-05 05:36:34', '2020-11-05 10:36:34', 3, NULL, NULL, NULL, NULL, 0),
(42, 'https://montreal.sexcoupletherapy.com/2013/01/a-lack-of-sexual-desire-is-good-for-your-couple.html', '98:5aa287f668c32e6f847f21068a48f874', 66, 'post', 'post', 1, 0, NULL, NULL, 'A lack of sexual desire is good for your couple!', 'publish', NULL, 0, NULL, NULL, NULL, NULL, NULL, 30, 0, NULL, 0, NULL, NULL, NULL, NULL, 'https://montreal.sexcoupletherapy.com/wp-content/uploads/sites/3/2013/01/Screen-Shot-2016-03-31-at-9.26.14-PM.png', NULL, '328', 'featured-image', NULL, NULL, 'https://montreal.sexcoupletherapy.com/wp-content/uploads/sites/3/2013/01/Screen-Shot-2016-03-31-at-9.26.14-PM.png', '328', 'featured-image', '{\"width\":577,\"height\":372,\"url\":\"https://montreal.sexcoupletherapy.com/wp-content/uploads/sites/3/2013/01/Screen-Shot-2016-03-31-at-9.26.14-PM.png\",\"path\":\"/var/www/vhosts/vps121626.vps.ovh.ca/lesexologue.ca/wp-content/uploads/sites/3/2013/01/Screen-Shot-2016-03-31-at-9.26.14-PM.png\",\"size\":\"full\",\"id\":328,\"alt\":\"lack of desire\",\"pixels\":214644,\"type\":\"image/png\"}', 0, 2, NULL, '2020-11-05 06:07:40', '2020-11-10 20:16:52', 3, NULL, NULL, NULL, NULL, 0),
(43, 'https://montreal.sexcoupletherapy.com/category/sexologist-online', '64:bd6231e883e5927d727237820ce9771e', 43, 'term', 'category', NULL, NULL, NULL, NULL, 'sexologist online', NULL, NULL, 0, NULL, NULL, NULL, NULL, NULL, NULL, 0, NULL, NULL, NULL, NULL, NULL, NULL, NULL, NULL, NULL, NULL, NULL, NULL, NULL, NULL, NULL, NULL, NULL, NULL, NULL, '2020-11-05 07:04:49', '2020-11-05 12:04:49', 3, NULL, NULL, NULL, NULL, 0),
(44, 'https://montreal.sexcoupletherapy.com/category/non-classe', '57:f8d8d3fa123163e45204cf81b69bfd52', 1, 'term', 'category', NULL, NULL, NULL, NULL, 'Non classé', NULL, NULL, 0, NULL, NULL, NULL, NULL, NULL, NULL, 0, NULL, NULL, NULL, NULL, NULL, NULL, NULL, NULL, NULL, NULL, NULL, NULL, NULL, NULL, NULL, NULL, NULL, NULL, NULL, '2020-11-05 07:30:10', '2020-11-05 12:30:10', 3, NULL, NULL, NULL, NULL, 0),
(45, 'https://montreal.sexcoupletherapy.com/category/relationship', '59:d27c24d0a9c333e079b0d3596c108488', 62, 'term', 'category', NULL, NULL, NULL, NULL, 'relationship', NULL, NULL, 0, NULL, NULL, NULL, NULL, NULL, NULL, 0, NULL, NULL, NULL, NULL, NULL, NULL, NULL, NULL, NULL, NULL, NULL, NULL, NULL, NULL, NULL, NULL, NULL, NULL, NULL, '2020-11-05 07:53:13', '2020-11-05 12:53:13', 3, NULL, NULL, NULL, NULL, 0),
(46, 'https://montreal.sexcoupletherapy.com/category/rapid-ejaculation', '64:e04e5ec0f3aacd21ee8e4a48d736a494', 55, 'term', 'category', NULL, NULL, NULL, NULL, 'rapid ejaculation', NULL, NULL, 0, NULL, NULL, NULL, NULL, NULL, NULL, 0, NULL, NULL, NULL, NULL, NULL, NULL, NULL, NULL, NULL, NULL, NULL, NULL, NULL, NULL, NULL, NULL, NULL, NULL, NULL, '2020-11-05 08:28:40', '2020-11-05 13:28:40', 3, NULL, NULL, NULL, NULL, 0),
(47, 'https://montreal.sexcoupletherapy.com/category/sexologist-webcam', '64:4b34b7eaf3d9ce0282a6f1461254ca99', 66, 'term', 'category', NULL, NULL, NULL, NULL, 'sexologist webcam', NULL, NULL, 0, NULL, NULL, NULL, NULL, NULL, NULL, 0, NULL, NULL, NULL, NULL, NULL, NULL, NULL, NULL, NULL, NULL, NULL, NULL, NULL, NULL, NULL, NULL, NULL, NULL, NULL, '2020-11-05 08:36:04', '2020-11-05 13:36:04', 3, NULL, NULL, NULL, NULL, 0),
(48, NULL, NULL, NULL, 'system-page', '404', NULL, NULL, 'Page non trouvée %%sep%% %%sitename%%', NULL, 'Erreur 404 : Page introuvable', NULL, NULL, 0, NULL, NULL, NULL, NULL, NULL, NULL, 0, 1, 0, 0, 0, 0, NULL, NULL, NULL, NULL, NULL, NULL, NULL, NULL, NULL, NULL, NULL, NULL, NULL, NULL, '2020-11-05 08:38:05', '2020-11-05 13:38:05', 3, NULL, NULL, NULL, NULL, 0),
(49, 'https://montreal.sexcoupletherapy.com/category/montreal', '55:fa124abdbe111e6bf45804918f656200', 25, 'term', 'category', NULL, NULL, NULL, NULL, 'montreal', NULL, NULL, 0, NULL, NULL, NULL, NULL, NULL, NULL, 0, NULL, NULL, NULL, NULL, NULL, NULL, NULL, NULL, NULL, NULL, NULL, NULL, NULL, NULL, NULL, NULL, NULL, NULL, NULL, '2020-11-05 10:16:16', '2020-11-05 15:16:16', 3, NULL, NULL, NULL, NULL, 0),
(50, 'https://montreal.sexcoupletherapy.com/2015/03/womens-fierce-sexuality.html', '74:48018b334b4afbdf05ed29240c7dcd8d', 38, 'post', 'post', 1, 0, NULL, NULL, 'Women&rsquo;s fierce sexuality', 'publish', NULL, 0, NULL, NULL, NULL, NULL, NULL, 30, 0, NULL, 0, NULL, NULL, NULL, NULL, 'https://3.bp.blogspot.com/-hkwcEustEO4/V6VEeliMAwI/AAAAAAAAA7Y/AJwphVNSI9MePYpL7j2GMkYPfl---AruACLcB/s200/francois.jpg', NULL, NULL, 'first-content-image', NULL, NULL, 'https://3.bp.blogspot.com/-hkwcEustEO4/V6VEeliMAwI/AAAAAAAAA7Y/AJwphVNSI9MePYpL7j2GMkYPfl---AruACLcB/s200/francois.jpg', NULL, 'first-content-image', NULL, 3, 1, NULL, '2020-11-05 10:39:30', '2020-11-12 08:07:22', 3, NULL, NULL, NULL, NULL, 0),
(51, 'https://montreal.sexcoupletherapy.com/2015/03/different-types-of-sexual-desire.html', '83:42a6c52bfc4ed06ebcbf2731ee02463e', 37, 'post', 'post', 1, 0, NULL, NULL, 'Different Types of Sexual Desire', 'publish', NULL, 0, NULL, NULL, NULL, NULL, NULL, 30, 0, NULL, 0, NULL, NULL, NULL, NULL, 'https://montreal.sexcoupletherapy.com/wp-content/uploads/sites/3/2015/03/couple-noir-blanc.jpg', NULL, '246', 'featured-image', NULL, NULL, 'https://montreal.sexcoupletherapy.com/wp-content/uploads/sites/3/2015/03/couple-noir-blanc.jpg', '246', 'featured-image', '{\"width\":4680,\"height\":3120,\"url\":\"https://montreal.sexcoupletherapy.com/wp-content/uploads/sites/3/2015/03/couple-noir-blanc.jpg\",\"path\":\"/var/www/vhosts/vps121626.vps.ovh.ca/lesexologue.ca/wp-content/uploads/sites/3/2015/03/couple-noir-blanc.jpg\",\"size\":\"full\",\"id\":246,\"alt\":\"type of sexual desire\",\"pixels\":14601600,\"type\":\"image/jpeg\"}', 1, 1, NULL, '2020-11-05 11:53:43', '2020-11-12 12:52:44', 3, NULL, NULL, NULL, NULL, 0),
(52, 'https://montreal.sexcoupletherapy.com/2015/03/different-types-of-sexual-desire-part-ii.html', '91:ced915200683f23d2cecc99ea21f7c77', 36, 'post', 'post', 1, 0, NULL, NULL, 'Different Types of Sexual Desire Part II', 'publish', NULL, 0, NULL, NULL, NULL, NULL, NULL, 30, 0, NULL, 0, NULL, NULL, NULL, NULL, 'https://3.bp.blogspot.com/-hkwcEustEO4/V6VEeliMAwI/AAAAAAAAA7Y/AJwphVNSI9MePYpL7j2GMkYPfl---AruACLcB/s200/francois.jpg', NULL, NULL, 'first-content-image', NULL, NULL, 'https://3.bp.blogspot.com/-hkwcEustEO4/V6VEeliMAwI/AAAAAAAAA7Y/AJwphVNSI9MePYpL7j2GMkYPfl---AruACLcB/s200/francois.jpg', NULL, 'first-content-image', NULL, 7, 2, NULL, '2020-11-05 11:53:43', '2020-11-12 12:52:44', 3, NULL, NULL, NULL, NULL, 0),
(53, 'https://montreal.sexcoupletherapy.com/2015/03/different-types-of-sexual-desire-part-iii.html', '92:4684f350a0d694ae4c2d8c9e5f082ca2', 34, 'post', 'post', 1, 0, NULL, NULL, 'Different Types of Sexual Desire Part III', 'publish', NULL, 0, NULL, NULL, NULL, NULL, NULL, 30, 0, NULL, 0, NULL, NULL, NULL, NULL, 'https://montreal.sexcoupletherapy.com/wp-content/uploads/sites/3/2015/03/Couple-Hugging-Drawing-4.jpg', NULL, '236', 'featured-image', NULL, NULL, 'https://montreal.sexcoupletherapy.com/wp-content/uploads/sites/3/2015/03/Couple-Hugging-Drawing-4.jpg', '236', 'featured-image', '{\"width\":468,\"height\":550,\"url\":\"https://montreal.sexcoupletherapy.com/wp-content/uploads/sites/3/2015/03/Couple-Hugging-Drawing-4.jpg\",\"path\":\"/var/www/vhosts/vps121626.vps.ovh.ca/lesexologue.ca/wp-content/uploads/sites/3/2015/03/Couple-Hugging-Drawing-4.jpg\",\"size\":\"full\",\"id\":236,\"alt\":\"type de d\\u00e9sir\",\"pixels\":257400,\"type\":\"image/jpeg\"}', 7, 1, NULL, '2020-11-05 11:53:43', '2020-11-12 13:00:27', 3, NULL, NULL, NULL, NULL, 0),
(54, 'https://montreal.sexcoupletherapy.com/2015/02/sexual-desire-problems.html', '73:dab432c651ccbd125993d27af46d6ce3', 40, 'post', 'post', 1, 0, NULL, NULL, 'Protégé : Webserie 04: Maintaining Sexual Desire: The Next Step in Your Relationship', 'publish', 0, 1, NULL, NULL, NULL, NULL, NULL, 60, 0, NULL, 0, NULL, NULL, NULL, NULL, 'https://www.paypalobjects.com/en_US/i/scr/pixel.gif', NULL, NULL, 'first-content-image', NULL, NULL, 'https://www.paypalobjects.com/en_US/i/scr/pixel.gif', NULL, 'first-content-image', NULL, 0, NULL, NULL, '2020-11-05 12:53:59', '2020-11-10 00:39:46', 3, NULL, NULL, NULL, NULL, 0),
(55, 'https://montreal.sexcoupletherapy.com/2012/12/couples-communication-issues-or-unable-to-tolerate-intimacy.html', '110:654c3a46bb80f01e146a73e0539cc131', 67, 'post', 'post', 1, 0, NULL, NULL, 'Couple’s Communication Issues or Unable to Tolerate Intimacy?', 'publish', NULL, 0, NULL, NULL, NULL, NULL, NULL, 30, 0, NULL, 0, NULL, NULL, NULL, NULL, NULL, NULL, NULL, NULL, NULL, NULL, NULL, NULL, NULL, NULL, 0, NULL, NULL, '2020-11-05 15:47:12', '2020-11-06 15:27:30', 3, NULL, NULL, NULL, NULL, 0),
(56, 'https://montreal.sexcoupletherapy.com/tag/open-couple', '53:70ea7f629401f85583e9361913f0c44c', 75, 'term', 'post_tag', NULL, NULL, NULL, NULL, 'open couple', NULL, NULL, 0, NULL, NULL, NULL, NULL, NULL, NULL, 0, NULL, NULL, NULL, NULL, NULL, NULL, NULL, NULL, NULL, NULL, NULL, NULL, NULL, NULL, NULL, NULL, NULL, NULL, NULL, '2020-11-05 16:45:43', '2020-11-05 21:45:43', 3, NULL, NULL, NULL, NULL, 0),
(57, 'https://montreal.sexcoupletherapy.com/category/jealous', '54:8e7fc46fe3d064df6bdb65d1b5b65d78', 28, 'term', 'category', NULL, NULL, NULL, NULL, 'jealous', NULL, NULL, 0, NULL, NULL, NULL, NULL, NULL, NULL, 0, NULL, NULL, NULL, NULL, NULL, NULL, NULL, NULL, NULL, NULL, NULL, NULL, NULL, NULL, NULL, NULL, NULL, NULL, NULL, '2020-11-05 17:12:06', '2020-11-05 22:12:06', 3, NULL, NULL, NULL, NULL, 0),
(58, 'https://montreal.sexcoupletherapy.com/category/sexual-issues', '60:6119ed25af2a3dd5c791d7999c809271', 2, 'term', 'category', NULL, NULL, NULL, NULL, 'sexual issues', NULL, NULL, 0, NULL, NULL, NULL, NULL, NULL, NULL, 0, NULL, NULL, NULL, NULL, NULL, NULL, NULL, NULL, NULL, NULL, NULL, NULL, NULL, NULL, NULL, NULL, NULL, NULL, NULL, '2020-11-05 17:40:43', '2020-11-05 22:40:43', 3, NULL, NULL, NULL, NULL, 0),
(59, 'https://montreal.sexcoupletherapy.com/category/what-do-sexologist-do', '68:1849008f40ba95022fa599807202d3c8', 36, 'term', 'category', NULL, NULL, NULL, NULL, 'what do sexologist do', NULL, NULL, 0, NULL, NULL, NULL, NULL, NULL, NULL, 0, NULL, NULL, NULL, NULL, NULL, NULL, NULL, NULL, NULL, NULL, NULL, NULL, NULL, NULL, NULL, NULL, NULL, NULL, NULL, '2020-11-05 19:59:44', '2020-11-06 00:59:44', 3, NULL, NULL, NULL, NULL, 0),
(60, 'https://montreal.sexcoupletherapy.com/category/lack-desire', '58:c6e5f49f302f72d23688e9e7a68ea5bb', 15, 'term', 'category', NULL, NULL, NULL, NULL, 'lack desire', NULL, NULL, 0, NULL, NULL, NULL, NULL, NULL, NULL, 0, NULL, NULL, NULL, NULL, NULL, NULL, NULL, NULL, NULL, NULL, NULL, NULL, NULL, NULL, NULL, NULL, NULL, NULL, NULL, '2020-11-05 20:06:04', '2020-11-06 01:06:04', 3, NULL, NULL, NULL, NULL, 0),
(61, 'https://montreal.sexcoupletherapy.com/2019/10/equity-vs-equality-polyamorous-relationships.html', '95:ff8f72bee631b1ada3e6f7bd44758db2', 488, 'post', 'post', 2, 0, NULL, NULL, 'Equity vs. Equality in polyamorous relationships', 'publish', NULL, 0, NULL, NULL, NULL, NULL, NULL, 30, 0, NULL, 0, NULL, NULL, NULL, 'Equity vs. Equality in polyamorous relationships', 'http://montreal.sexcoupletherapy.com/wp-content/uploads/sites/3/2019/09/alex-holyoake-370400-unsplash-min.jpg', 'So you\'ve decided you wanted to open your relationships to the joys of multiple partners. This requires that the couple reflects on their individual needs and desires so that they can reach an agreement as to how this will unfold.', NULL, 'set-by-user', 'Equity vs. Equality in polyamorous relationships', 'So you\'ve decided you wanted to open your relationships to the joys of multiple partners. This requires that the couple reflects on their individual needs and desires so that they can reach an agreement as to how this will unfold.', 'http://montreal.sexcoupletherapy.com/wp-content/uploads/sites/3/2019/09/alex-holyoake-370400-unsplash-min.jpg', NULL, 'set-by-user', NULL, 0, NULL, NULL, '2020-11-05 20:12:03', '2020-11-08 10:06:23', 3, NULL, NULL, NULL, NULL, 0),
(62, 'https://montreal.sexcoupletherapy.com/category/addyi-women-sexuality', '68:3b77de605ffedf4d0dd5dd5633270aff', 33, 'term', 'category', NULL, NULL, NULL, NULL, 'addyi. women sexuality', NULL, NULL, 0, NULL, NULL, NULL, NULL, NULL, NULL, 0, NULL, NULL, NULL, NULL, NULL, NULL, NULL, NULL, NULL, NULL, NULL, NULL, NULL, NULL, NULL, NULL, NULL, NULL, NULL, '2020-11-05 20:26:01', '2020-11-06 01:26:01', 3, NULL, NULL, NULL, NULL, 0),
(63, 'https://montreal.sexcoupletherapy.com/2016/08/sexual-performance-will-destroy-your-sexual-satisfaction.html', '107:11e6ca1f417bb6cdfd42df3980a7887c', 21, 'post', 'post', 1, 0, NULL, NULL, 'Sexual Performance Will Destroy Your Sexual Satisfaction', 'publish', NULL, 0, NULL, NULL, NULL, NULL, NULL, 30, 0, NULL, 0, NULL, NULL, NULL, NULL, 'https://montreal.sexcoupletherapy.com/wp-content/uploads/sites/3/2016/08/sexual-2Bperformance-2Borgasm.jpg', NULL, '74', 'featured-image', NULL, NULL, 'https://montreal.sexcoupletherapy.com/wp-content/uploads/sites/3/2016/08/sexual-2Bperformance-2Borgasm.jpg', '74', 'featured-image', '{\"width\":510,\"height\":288,\"url\":\"https://montreal.sexcoupletherapy.com/wp-content/uploads/sites/3/2016/08/sexual-2Bperformance-2Borgasm.jpg\",\"path\":\"/var/www/vhosts/vps121626.vps.ovh.ca/lesexologue.ca/wp-content/uploads/sites/3/2016/08/sexual-2Bperformance-2Borgasm.jpg\",\"size\":\"full\",\"id\":74,\"alt\":\"\",\"pixels\":146880,\"type\":\"image/jpeg\"}', 4, 1, NULL, '2020-11-05 20:39:39', '2020-11-08 01:06:57', 3, NULL, NULL, NULL, NULL, 0),
(64, 'https://montreal.sexcoupletherapy.com/2013/08/change-the-paradigm-of-sex.html', '77:dc1e8e07fd44df2e5f37c196cda4d24b', 57, 'post', 'post', 1, 0, NULL, NULL, 'Change the paradigm of sex!', 'publish', NULL, 0, NULL, NULL, NULL, NULL, NULL, 60, 0, NULL, 0, NULL, NULL, NULL, NULL, NULL, NULL, NULL, NULL, NULL, NULL, NULL, NULL, NULL, NULL, 0, NULL, NULL, '2020-11-05 21:26:23', '2020-11-06 02:26:23', 3, NULL, NULL, NULL, NULL, 0),
(65, 'https://montreal.sexcoupletherapy.com/category/jealousy', '55:06a50ceb56db70a2d035dee60bb905e6', 31, 'term', 'category', NULL, NULL, NULL, NULL, 'jealousy', NULL, NULL, 0, NULL, NULL, NULL, NULL, NULL, NULL, 0, NULL, NULL, NULL, NULL, NULL, NULL, NULL, NULL, NULL, NULL, NULL, NULL, NULL, NULL, NULL, NULL, NULL, NULL, NULL, '2020-11-05 21:30:11', '2020-11-06 02:30:11', 3, NULL, NULL, NULL, NULL, 0),
(66, 'https://montreal.sexcoupletherapy.com/category/psychotherapist', '62:f4c3fd6134188738c886103ab61ee332', 23, 'term', 'category', NULL, NULL, NULL, NULL, 'psychotherapist', NULL, NULL, 0, NULL, NULL, NULL, NULL, NULL, NULL, 0, NULL, NULL, NULL, NULL, NULL, NULL, NULL, NULL, NULL, NULL, NULL, NULL, NULL, NULL, NULL, NULL, NULL, NULL, NULL, '2020-11-05 22:42:28', '2020-11-06 03:42:28', 3, NULL, NULL, NULL, NULL, 0),
(67, 'https://montreal.sexcoupletherapy.com/2017/10/function-partner-dysfunctional.html', '81:49b11d6732ea743fc4748d4f84e0688e', 406, 'post', 'post', 2, 0, 'I Function Because my Partner is Dysfunctional', 'You might think that your partner is immature and more dysfunctional than you. Although, this might be just an illusion to keep your relationship intact.', 'I Function Because my Partner is Dysfunctional', 'publish', NULL, 0, NULL, NULL, NULL, 'Dysfunctional', 91, 30, 0, NULL, 0, NULL, NULL, NULL, NULL, 'https://montreal.sexcoupletherapy.com/wp-content/uploads/sites/3/2017/10/nathaniel-tetteh-395808-min.jpg', NULL, '430', 'featured-image', NULL, NULL, 'https://montreal.sexcoupletherapy.com/wp-content/uploads/sites/3/2017/10/nathaniel-tetteh-395808-min.jpg', '430', 'featured-image', '{\"width\":3072,\"height\":5688,\"url\":\"https://montreal.sexcoupletherapy.com/wp-content/uploads/sites/3/2017/10/nathaniel-tetteh-395808-min.jpg\",\"path\":\"/var/www/vhosts/vps121626.vps.ovh.ca/lesexologue.ca/wp-content/uploads/sites/3/2017/10/nathaniel-tetteh-395808-min.jpg\",\"size\":\"full\",\"id\":430,\"alt\":\"dysfunctional couple\",\"pixels\":17473536,\"type\":\"image/jpeg\"}', 4, NULL, NULL, '2020-11-05 23:32:52', '2020-11-06 04:32:52', 3, NULL, NULL, NULL, NULL, 0),
(68, 'https://montreal.sexcoupletherapy.com/category/seduction', '56:e2caaeec9b7616f46679f01107fbf9ec', 56, 'term', 'category', NULL, NULL, NULL, NULL, 'seduction', NULL, NULL, 0, NULL, NULL, NULL, NULL, NULL, NULL, 0, NULL, NULL, NULL, NULL, NULL, NULL, NULL, NULL, NULL, NULL, NULL, NULL, NULL, NULL, NULL, NULL, NULL, NULL, NULL, '2020-11-06 00:08:19', '2020-11-06 05:08:19', 3, NULL, NULL, NULL, NULL, 0),
(69, 'https://montreal.sexcoupletherapy.com/category/loss-libido', '58:a43abf309ca1c35dd5a545d76651360e', 14, 'term', 'category', NULL, NULL, NULL, NULL, 'loss libido', NULL, NULL, 0, NULL, NULL, NULL, NULL, NULL, NULL, 0, NULL, NULL, NULL, NULL, NULL, NULL, NULL, NULL, NULL, NULL, NULL, NULL, NULL, NULL, NULL, NULL, NULL, NULL, NULL, '2020-11-06 04:12:30', '2020-11-06 09:12:30', 3, NULL, NULL, NULL, NULL, 0),
(70, 'https://montreal.sexcoupletherapy.com/2018/05/sexual-fantasies.html', '67:924a81a8ebf24d282579b9f00a27f32b', 444, 'post', 'post', 2, 0, NULL, 'Sexual fantasies are very intimate and we squirm when asked to share them with our spouse. What do fantasies say about who we are and should we share them?', 'Share your fantasies with me my DARLING!', 'publish', NULL, 0, NULL, NULL, NULL, 'fantasies', 87, 30, 0, NULL, 0, NULL, NULL, NULL, 'Sexual fantasies...To Share or not to Share?', 'http://montreal.sexcoupletherapy.com/wp-content/uploads/sites/3/2018/05/fantasme-homme-min.jpg', 'To feel accepted, we filter information that we offer to be seen in a positive light. We hide our faults or parts of our sexuality that create shame. We give more value to other peoples opinions', NULL, 'set-by-user', 'Sexual fantasies...To Share or not to Share?', 'To feel accepted, we filter information that we offer to be seen in a positive light. We hide our faults or parts of our sexuality that create shame. We give more value to other people\'s opinions', 'http://montreal.sexcoupletherapy.com/wp-content/uploads/sites/3/2018/05/fantasme-homme-min.jpg', NULL, 'set-by-user', NULL, 2, NULL, NULL, '2020-11-06 06:13:32', '2020-11-06 11:13:32', 3, NULL, NULL, NULL, NULL, 0),
(71, 'https://montreal.sexcoupletherapy.com/category/sexless-mariage', '62:43a1fd1b5260838e297c79998b0665ee', 45, 'term', 'category', NULL, NULL, NULL, NULL, 'sexless mariage', NULL, NULL, 0, NULL, NULL, NULL, NULL, NULL, NULL, 0, NULL, NULL, NULL, NULL, NULL, NULL, NULL, NULL, NULL, NULL, NULL, NULL, NULL, NULL, NULL, NULL, NULL, NULL, NULL, '2020-11-06 06:41:11', '2020-11-06 11:41:11', 3, NULL, NULL, NULL, NULL, 0),
(72, 'https://montreal.sexcoupletherapy.com/category/sex-issues', '57:45487497ca3ef10b6be3efa1bd36edb4', 12, 'term', 'category', NULL, NULL, NULL, NULL, 'sex issues', NULL, NULL, 0, NULL, NULL, NULL, NULL, NULL, NULL, 0, NULL, NULL, NULL, NULL, NULL, NULL, NULL, NULL, NULL, NULL, NULL, NULL, NULL, NULL, NULL, NULL, NULL, NULL, NULL, '2020-11-06 06:43:44', '2020-11-06 11:43:44', 3, NULL, NULL, NULL, NULL, 0),
(73, 'https://montreal.sexcoupletherapy.com/category/open-couple', '58:b78497e8c561b77937b3e9a5b94bb187', 74, 'term', 'category', NULL, NULL, NULL, NULL, 'open couple', NULL, NULL, 0, NULL, NULL, NULL, NULL, NULL, NULL, 0, NULL, NULL, NULL, NULL, NULL, NULL, NULL, NULL, NULL, NULL, NULL, NULL, NULL, NULL, NULL, NULL, NULL, NULL, NULL, '2020-11-06 07:03:55', '2020-11-06 12:03:55', 3, NULL, NULL, NULL, NULL, 0),
(74, 'https://montreal.sexcoupletherapy.com/author/montreal', '53:8092b930e4bf72e5559e96bf97af684b', 3, 'user', NULL, NULL, NULL, NULL, NULL, NULL, NULL, NULL, 0, 0, NULL, NULL, NULL, NULL, NULL, 0, 0, NULL, NULL, NULL, NULL, NULL, 'https://secure.gravatar.com/avatar/ceabf881d7bec1b2a96ce54b97f60f42?s=500&d=mm&r=g', NULL, NULL, 'gravatar-image', NULL, NULL, 'https://secure.gravatar.com/avatar/ceabf881d7bec1b2a96ce54b97f60f42?s=500&d=mm&r=g', NULL, 'gravatar-image', NULL, NULL, NULL, NULL, '2020-11-06 07:48:34', '2020-11-06 12:48:34', 3, NULL, NULL, NULL, NULL, 0),
(75, 'https://montreal.sexcoupletherapy.com/2014/07/webseries.html', '60:a002ecbfaea49b491a1f1f10f50a291c', 45, 'post', 'post', 1, 0, NULL, NULL, 'Webseries', 'publish', NULL, 0, NULL, NULL, NULL, NULL, NULL, 0, 0, NULL, 0, NULL, NULL, NULL, NULL, NULL, NULL, NULL, NULL, NULL, NULL, NULL, NULL, NULL, NULL, 0, NULL, NULL, '2020-11-06 07:58:34', '2020-11-12 08:07:22', 3, NULL, NULL, NULL, NULL, 0),
(76, 'https://montreal.sexcoupletherapy.com/category/communication-issues', '67:ac7cae9ad6402eb5008c97f9654d37be', 6, 'term', 'category', NULL, NULL, NULL, NULL, 'communication issues', NULL, NULL, 0, NULL, NULL, NULL, NULL, NULL, NULL, 0, NULL, NULL, NULL, NULL, NULL, NULL, NULL, NULL, NULL, NULL, NULL, NULL, NULL, NULL, NULL, NULL, NULL, NULL, NULL, '2020-11-06 10:27:30', '2020-11-06 15:27:30', 3, NULL, NULL, NULL, NULL, 0),
(77, 'https://montreal.sexcoupletherapy.com/2014/09/webserie-sexual-presence-sexual.html', '82:d7af511753d3f9825f7ab10a35643d5e', 44, 'post', 'post', 1, 0, NULL, NULL, 'Protégé : Webserie 02: Sexual Presence &#038; Sexual Performance', 'publish', 0, 1, NULL, NULL, NULL, NULL, NULL, 60, 0, NULL, 0, NULL, NULL, NULL, NULL, NULL, NULL, NULL, NULL, NULL, NULL, NULL, NULL, NULL, NULL, 0, NULL, NULL, '2020-11-06 12:50:51', '2020-11-08 21:41:33', 3, NULL, NULL, NULL, NULL, 0),
(78, 'https://montreal.sexcoupletherapy.com/category/fighting-couple', '62:1278dc9afef54c8e25833f82b54fd510', 26, 'term', 'category', NULL, NULL, NULL, NULL, 'fighting couple', NULL, NULL, 0, NULL, NULL, NULL, NULL, NULL, NULL, 0, NULL, NULL, NULL, NULL, NULL, NULL, NULL, NULL, NULL, NULL, NULL, NULL, NULL, NULL, NULL, NULL, NULL, NULL, NULL, '2020-11-06 13:05:08', '2020-11-06 18:05:08', 3, NULL, NULL, NULL, NULL, 0),
(79, 'https://montreal.sexcoupletherapy.com/author/sexcoupletherapy', '61:0d13b3f75d36430137f10930e2257382', 4, 'user', NULL, NULL, NULL, NULL, NULL, NULL, NULL, NULL, 0, 0, NULL, NULL, NULL, NULL, NULL, 0, 0, NULL, NULL, NULL, NULL, NULL, 'https://secure.gravatar.com/avatar/3c1f56ec83c4b5165a9e902ac8b0a968?s=500&d=mm&r=g', NULL, NULL, 'gravatar-image', NULL, NULL, 'https://secure.gravatar.com/avatar/3c1f56ec83c4b5165a9e902ac8b0a968?s=500&d=mm&r=g', NULL, 'gravatar-image', NULL, NULL, NULL, NULL, '2020-11-06 13:28:32', '2020-11-13 11:13:41', 3, NULL, NULL, NULL, NULL, 0),
(80, 'https://montreal.sexcoupletherapy.com/category/sexual-performance', '65:cc6393b9399f7dc1c4f5b6c92883f6e9', 60, 'term', 'category', NULL, NULL, NULL, NULL, 'sexual performance', NULL, NULL, 0, NULL, NULL, NULL, NULL, NULL, NULL, 0, NULL, NULL, NULL, NULL, NULL, NULL, NULL, NULL, NULL, NULL, NULL, NULL, NULL, NULL, NULL, NULL, NULL, NULL, NULL, '2020-11-06 15:00:46', '2020-11-06 20:00:46', 3, NULL, NULL, NULL, NULL, 0),
(81, 'https://montreal.sexcoupletherapy.com/category/sexologist', '57:3937a162fa6517a3a247015935fd00d0', 4, 'term', 'category', NULL, NULL, NULL, NULL, 'sexologist', NULL, NULL, 0, NULL, NULL, NULL, NULL, NULL, NULL, 0, NULL, NULL, NULL, NULL, NULL, NULL, NULL, NULL, NULL, NULL, NULL, NULL, NULL, NULL, NULL, NULL, NULL, NULL, NULL, '2020-11-06 15:10:09', '2020-11-06 20:10:09', 3, NULL, NULL, NULL, NULL, 0);
INSERT INTO `sle_3_yoast_indexable` (`id`, `permalink`, `permalink_hash`, `object_id`, `object_type`, `object_sub_type`, `author_id`, `post_parent`, `title`, `description`, `breadcrumb_title`, `post_status`, `is_public`, `is_protected`, `has_public_posts`, `number_of_pages`, `canonical`, `primary_focus_keyword`, `primary_focus_keyword_score`, `readability_score`, `is_cornerstone`, `is_robots_noindex`, `is_robots_nofollow`, `is_robots_noarchive`, `is_robots_noimageindex`, `is_robots_nosnippet`, `twitter_title`, `twitter_image`, `twitter_description`, `twitter_image_id`, `twitter_image_source`, `open_graph_title`, `open_graph_description`, `open_graph_image`, `open_graph_image_id`, `open_graph_image_source`, `open_graph_image_meta`, `link_count`, `incoming_link_count`, `prominent_words_version`, `created_at`, `updated_at`, `blog_id`, `language`, `region`, `schema_page_type`, `schema_article_type`, `has_ancestors`) VALUES
(82, 'https://montreal.sexcoupletherapy.com/category/bad-relationships', '64:1dea73b41ccbe7ed371be48ff8653c27', 19, 'term', 'category', NULL, NULL, NULL, NULL, 'bad relationships', NULL, NULL, 0, NULL, NULL, NULL, NULL, NULL, NULL, 0, NULL, NULL, NULL, NULL, NULL, NULL, NULL, NULL, NULL, NULL, NULL, NULL, NULL, NULL, NULL, NULL, NULL, NULL, NULL, '2020-11-06 15:37:36', '2020-11-06 20:37:36', 3, NULL, NULL, NULL, NULL, 0),
(83, 'https://montreal.sexcoupletherapy.com/2018/09/i-want-to-be-wanted.html', '70:42d0c73ca756170bfdced3ab783b5af0', 455, 'post', 'post', 2, 0, NULL, NULL, 'I want to be wanted!', 'publish', NULL, 0, NULL, NULL, NULL, NULL, NULL, 30, 0, NULL, 0, NULL, NULL, NULL, 'I want to be wanted!', 'http://montreal.sexcoupletherapy.com/wp-content/uploads/sites/3/2018/09/nathan-mcbride-462758-unsplash-min.jpg', 'You self-disclosure during sex your emotions, your sexual fantasies, your fears, your insecurities and your hang-ups. You become authentic and maintain your integrity in the face of rejection and lack of validation from the other. You take the risk of wanting more than your partner. You don\'t seek sex to gain validation but to show who you are.', NULL, 'set-by-user', 'I want to be wanted!', 'You self-disclosure during sex your emotions, your sexual fantasies, your fears, your insecurities and your hang-ups. You become authentic and maintain your integrity in the face of rejection and lack of validation from the other. You take the risk of wanting more than your partner. You don\'t seek sex to gain validation but to show who you are.', 'http://montreal.sexcoupletherapy.com/wp-content/uploads/sites/3/2018/09/nathan-mcbride-462758-unsplash-min.jpg', NULL, 'set-by-user', NULL, 5, NULL, NULL, '2020-11-06 16:05:59', '2020-11-12 12:52:44', 3, NULL, NULL, NULL, NULL, 0),
(84, 'https://montreal.sexcoupletherapy.com/2018/04/sex-like-climbing-mountain-top.html', '81:0d9add2e52012069a5cb99c422fbf643', 436, 'post', 'post', 2, 0, NULL, 'Great sex requires effort as it is not innate to humans. Pushing yourself out of your comfort zone is key to reaching new heights in your intimacy and sex.', 'Sex is Like Climbing a Mountain Top', 'publish', NULL, 0, NULL, NULL, NULL, 'better sex', 73, 30, 0, NULL, 0, NULL, NULL, NULL, 'Great sex for all', 'http://montreal.sexcoupletherapy.com/wp-content/uploads/sites/3/2018/04/28701619_10157709057519815_7228655826012312646_o-min.jpg', 'Great sex requires effort as it is not innate to humans. Pushing yourself out of your comfort zone is key to reaching new heights in your intimacy and sex.', NULL, 'set-by-user', 'Sex is like a mountain', 'Great sex requires effort as it is not innate to humans. Pushing yourself out of your comfort zone is key to reaching new heights in your intimacy and sex.', 'http://montreal.sexcoupletherapy.com/wp-content/uploads/sites/3/2018/04/28701619_10157709057519815_7228655826012312646_o-min.jpg', NULL, 'set-by-user', NULL, 4, 1, NULL, '2020-11-06 16:05:59', '2020-11-06 16:05:59', 3, NULL, NULL, NULL, NULL, 0),
(85, 'https://montreal.sexcoupletherapy.com/category/sexuality', '56:5e35b8b8796f8a3a7a55930368d58c18', 63, 'term', 'category', NULL, NULL, NULL, NULL, 'sexuality', NULL, NULL, 0, NULL, NULL, NULL, NULL, NULL, NULL, 0, NULL, NULL, NULL, NULL, NULL, NULL, NULL, NULL, NULL, NULL, NULL, NULL, NULL, NULL, NULL, NULL, NULL, NULL, NULL, '2020-11-06 16:14:17', '2020-11-06 21:14:17', 3, NULL, NULL, NULL, NULL, 0),
(86, 'https://montreal.sexcoupletherapy.com/category/flirting', '55:c8d53165725e32a25799be6421812af0', 59, 'term', 'category', NULL, NULL, NULL, NULL, 'flirting', NULL, NULL, 0, NULL, NULL, NULL, NULL, NULL, NULL, 0, NULL, NULL, NULL, NULL, NULL, NULL, NULL, NULL, NULL, NULL, NULL, NULL, NULL, NULL, NULL, NULL, NULL, NULL, NULL, '2020-11-06 17:33:32', '2020-11-06 22:33:32', 3, NULL, NULL, NULL, NULL, 0),
(87, 'https://montreal.sexcoupletherapy.com/category/sex-therapy-online-webcam', '72:9aefa9e119d9ce52a4f7ef4d8c381c57', 47, 'term', 'category', NULL, NULL, NULL, NULL, 'sex therapy online webcam', NULL, NULL, 0, NULL, NULL, NULL, NULL, NULL, NULL, 0, NULL, NULL, NULL, NULL, NULL, NULL, NULL, NULL, NULL, NULL, NULL, NULL, NULL, NULL, NULL, NULL, NULL, NULL, NULL, '2020-11-06 19:08:13', '2020-11-07 00:08:13', 3, NULL, NULL, NULL, NULL, 0),
(88, 'https://montreal.sexcoupletherapy.com/2014/12/maintaining-sexual-desire-in-longterm.html', '88:26f6f093c43739252a6cb1c39fc70bb9', 42, 'post', 'post', 1, 0, NULL, NULL, 'Protégé : Webserie 03: Maintaining Sexual Desire in Long Term Relationships', 'publish', 0, 1, NULL, NULL, NULL, NULL, NULL, 60, 0, NULL, 0, NULL, NULL, NULL, NULL, NULL, NULL, NULL, NULL, NULL, NULL, NULL, NULL, NULL, NULL, 0, NULL, NULL, '2020-11-06 19:50:54', '2020-11-11 05:34:53', 3, NULL, NULL, NULL, NULL, 0),
(179, 'https://montreal.sexcoupletherapy.com/wp-content/uploads/sites/3/2015/09/jealous-man.jpg', '88:9a97414eba0c6f33c73233c33484b11c', 90, 'post', 'attachment', 1, 29, NULL, NULL, 'jealous-man', 'inherit', NULL, 0, NULL, NULL, NULL, NULL, NULL, 0, 0, NULL, 0, NULL, NULL, NULL, NULL, 'https://montreal.sexcoupletherapy.com/wp-content/uploads/sites/3/2015/09/jealous-man.jpg', NULL, '90', 'attachment-image', NULL, NULL, 'https://montreal.sexcoupletherapy.com/wp-content/uploads/sites/3/2015/09/jealous-man.jpg', '90', 'attachment-image', '{\"width\":290,\"height\":169,\"url\":\"https://montreal.sexcoupletherapy.com/wp-content/uploads/sites/3/2015/09/jealous-man.jpg\",\"path\":\"/var/www/vhosts/vps121626.vps.ovh.ca/lesexologue.ca/wp-content/uploads/sites/3/2015/09/jealous-man.jpg\",\"size\":\"full\",\"id\":90,\"alt\":\"\",\"pixels\":49010,\"type\":\"image/jpeg\"}', 0, 1, NULL, '2020-11-19 01:19:33', '2020-11-19 06:19:33', 3, NULL, NULL, NULL, NULL, 0),
(90, 'https://montreal.sexcoupletherapy.com/category/lack-sexual-desire-female-viagra', '79:3e611674bd6796ce246a3e11dc964b60', 34, 'term', 'category', NULL, NULL, NULL, NULL, 'lack sexual desire. female Viagra', NULL, NULL, 0, NULL, NULL, NULL, NULL, NULL, NULL, 0, NULL, NULL, NULL, NULL, NULL, NULL, NULL, NULL, NULL, NULL, NULL, NULL, NULL, NULL, NULL, NULL, NULL, NULL, NULL, '2020-11-06 20:23:42', '2020-11-07 01:23:42', 3, NULL, NULL, NULL, NULL, 0),
(91, 'https://montreal.sexcoupletherapy.com/category/sensuality', '57:d500a1a2476d830d9325d46c47553eff', 50, 'term', 'category', NULL, NULL, NULL, NULL, 'sensuality', NULL, NULL, 0, NULL, NULL, NULL, NULL, NULL, NULL, 0, NULL, NULL, NULL, NULL, NULL, NULL, NULL, NULL, NULL, NULL, NULL, NULL, NULL, NULL, NULL, NULL, NULL, NULL, NULL, '2020-11-06 20:58:58', '2020-11-07 01:58:58', 3, NULL, NULL, NULL, NULL, 0),
(92, 'https://montreal.sexcoupletherapy.com/2015/02/premature-ejaculation-program.html', '80:93047a0c16d036e9303b9cfaa3b22b83', 39, 'post', 'post', 1, 0, NULL, NULL, 'Protégé : Premature Ejaculation Program', 'publish', 0, 1, NULL, NULL, NULL, NULL, NULL, 30, 0, NULL, 0, NULL, NULL, NULL, NULL, NULL, NULL, NULL, NULL, NULL, NULL, NULL, NULL, NULL, NULL, 0, NULL, NULL, '2020-11-06 21:42:05', '2020-11-10 07:45:52', 3, NULL, NULL, NULL, NULL, 0),
(93, 'https://montreal.sexcoupletherapy.com/category/eroticism', '56:a9c3089c2aba998fc10ff18f257aa38d', 51, 'term', 'category', NULL, NULL, NULL, NULL, 'eroticism', NULL, NULL, 0, NULL, NULL, NULL, NULL, NULL, NULL, 0, NULL, NULL, NULL, NULL, NULL, NULL, NULL, NULL, NULL, NULL, NULL, NULL, NULL, NULL, NULL, NULL, NULL, NULL, NULL, '2020-11-06 23:20:52', '2020-11-07 04:20:52', 3, NULL, NULL, NULL, NULL, 0),
(94, 'https://montreal.sexcoupletherapy.com/tag/emotional-intelligence', '64:c230644efeb62e1a70ef6e9f30ebdcd4', 71, 'term', 'post_tag', NULL, NULL, NULL, NULL, 'emotional intelligence', NULL, NULL, 0, NULL, NULL, NULL, NULL, NULL, NULL, 0, NULL, NULL, NULL, NULL, NULL, NULL, NULL, NULL, NULL, NULL, NULL, NULL, NULL, NULL, NULL, NULL, NULL, NULL, NULL, '2020-11-07 03:40:16', '2020-11-07 08:40:16', 3, NULL, NULL, NULL, NULL, 0),
(95, 'https://montreal.sexcoupletherapy.com/category/sexual-satisfaction', '66:eee3b3c9e6f851631a39a725157fa54a', 42, 'term', 'category', NULL, NULL, NULL, NULL, 'sexual satisfaction', NULL, NULL, 0, NULL, NULL, NULL, NULL, NULL, NULL, 0, NULL, NULL, NULL, NULL, NULL, NULL, NULL, NULL, NULL, NULL, NULL, NULL, NULL, NULL, NULL, NULL, NULL, NULL, NULL, '2020-11-07 05:26:22', '2020-11-07 10:26:22', 3, NULL, NULL, NULL, NULL, 0),
(96, 'https://montreal.sexcoupletherapy.com/category/lack-of-sexual-desire', '68:d59d62918ff19b7b4a305dc8cef3b548', 37, 'term', 'category', NULL, NULL, NULL, NULL, 'lack of sexual desire', NULL, NULL, 0, NULL, NULL, NULL, NULL, NULL, NULL, 0, NULL, NULL, NULL, NULL, NULL, NULL, NULL, NULL, NULL, NULL, NULL, NULL, NULL, NULL, NULL, NULL, NULL, NULL, NULL, '2020-11-07 06:39:13', '2020-11-07 11:39:13', 3, NULL, NULL, NULL, NULL, 0),
(97, 'https://montreal.sexcoupletherapy.com/tag/fighting-couples', '58:7a9fbaebcada49cd1b8f244ac8fdcea3', 72, 'term', 'post_tag', NULL, NULL, NULL, NULL, 'fighting couples', NULL, NULL, 0, NULL, NULL, NULL, NULL, NULL, NULL, 0, NULL, NULL, NULL, NULL, NULL, NULL, NULL, NULL, NULL, NULL, NULL, NULL, NULL, NULL, NULL, NULL, NULL, NULL, NULL, '2020-11-07 12:21:17', '2020-11-07 17:21:17', 3, NULL, NULL, NULL, NULL, 0),
(98, 'https://montreal.sexcoupletherapy.com/category/sex-routine', '58:0c896ffb162784cd72c393412f392721', 16, 'term', 'category', NULL, NULL, NULL, NULL, 'sex routine', NULL, NULL, 0, NULL, NULL, NULL, NULL, NULL, NULL, 0, NULL, NULL, NULL, NULL, NULL, NULL, NULL, NULL, NULL, NULL, NULL, NULL, NULL, NULL, NULL, NULL, NULL, NULL, NULL, '2020-11-07 13:07:05', '2020-11-07 18:07:05', 3, NULL, NULL, NULL, NULL, 0),
(99, 'https://montreal.sexcoupletherapy.com/2014/07/purchase-webseries-of-sexual-erotic.html', '86:ca0988a33b2e22264aada62fe10d3def', 47, 'post', 'post', 1, 0, NULL, NULL, 'Purchase Webseries of Sexual &amp; Erotic Education', 'publish', NULL, 0, NULL, NULL, NULL, NULL, NULL, 0, 0, NULL, 0, NULL, NULL, NULL, NULL, 'https://www.paypalobjects.com/en_US/i/scr/pixel.gif', NULL, NULL, 'first-content-image', NULL, NULL, 'https://www.paypalobjects.com/en_US/i/scr/pixel.gif', NULL, 'first-content-image', NULL, 0, NULL, NULL, '2020-11-07 15:51:52', '2020-11-12 12:52:44', 3, NULL, NULL, NULL, NULL, 0),
(100, 'https://montreal.sexcoupletherapy.com/category/stop-partner', '59:6aebfb0f7f8ca77e9f2a35f17797e625', 32, 'term', 'category', NULL, NULL, NULL, NULL, 'stop partner', NULL, NULL, 0, NULL, NULL, NULL, NULL, NULL, NULL, 0, NULL, NULL, NULL, NULL, NULL, NULL, NULL, NULL, NULL, NULL, NULL, NULL, NULL, NULL, NULL, NULL, NULL, NULL, NULL, '2020-11-07 16:31:26', '2020-11-07 21:31:26', 3, NULL, NULL, NULL, NULL, 0),
(101, 'https://montreal.sexcoupletherapy.com/category/couple', '53:04ca4e141bbc91eae6997addf55eb366', 61, 'term', 'category', NULL, NULL, NULL, NULL, 'couple', NULL, NULL, 0, NULL, NULL, NULL, NULL, NULL, NULL, 0, NULL, NULL, NULL, NULL, NULL, NULL, NULL, NULL, NULL, NULL, NULL, NULL, NULL, NULL, NULL, NULL, NULL, NULL, NULL, '2020-11-07 19:28:29', '2020-11-08 00:28:29', 3, NULL, NULL, NULL, NULL, 0),
(102, 'https://montreal.sexcoupletherapy.com/2017/06/webserie-increase-sexual-pleasure-in-your-sex-life.html', '101:9c3991a995b029f09d0cb16080229ea6', 352, 'post', 'post', 2, 0, NULL, NULL, 'Protégé : Webserie: Increase sexual pleasure in your sex life', 'publish', 0, 1, NULL, NULL, NULL, NULL, NULL, 30, 0, NULL, 0, NULL, NULL, NULL, NULL, 'https://montreal.sexcoupletherapy.com/wp-content/uploads/sites/3/2017/06/Screen-Shot-2017-02-01-at-1.56.38-PM.png', NULL, '357', 'featured-image', NULL, NULL, 'https://montreal.sexcoupletherapy.com/wp-content/uploads/sites/3/2017/06/Screen-Shot-2017-02-01-at-1.56.38-PM.png', '357', 'featured-image', '{\"width\":802,\"height\":663,\"url\":\"https://montreal.sexcoupletherapy.com/wp-content/uploads/sites/3/2017/06/Screen-Shot-2017-02-01-at-1.56.38-PM.png\",\"path\":\"/var/www/vhosts/vps121626.vps.ovh.ca/lesexologue.ca/wp-content/uploads/sites/3/2017/06/Screen-Shot-2017-02-01-at-1.56.38-PM.png\",\"size\":\"full\",\"id\":357,\"alt\":\"sexual pleasure arousal\",\"pixels\":531726,\"type\":\"image/png\"}', 0, NULL, NULL, '2020-11-07 19:39:40', '2020-11-08 21:41:33', 3, NULL, NULL, NULL, NULL, 0),
(103, 'https://montreal.sexcoupletherapy.com/2015/08/female-viagra-addyi.html', '70:f194d0f7d383aa38dd55c64d8a59364f', 31, 'post', 'post', 1, 0, NULL, NULL, 'Female Viagra: Addyi', 'publish', NULL, 0, NULL, NULL, NULL, NULL, NULL, 30, 0, NULL, 0, NULL, NULL, NULL, NULL, NULL, NULL, NULL, NULL, NULL, NULL, NULL, NULL, NULL, NULL, 6, NULL, NULL, '2020-11-07 20:42:18', '2020-11-08 01:42:18', 3, NULL, NULL, NULL, NULL, 0),
(104, 'https://montreal.sexcoupletherapy.com/tag/polyamory', '51:3634c0a55c8cc505bb9dc70ccdd4b1d6', 77, 'term', 'post_tag', NULL, NULL, NULL, NULL, 'polyamory', NULL, NULL, 0, NULL, NULL, NULL, NULL, NULL, NULL, 0, NULL, NULL, NULL, NULL, NULL, NULL, NULL, NULL, NULL, NULL, NULL, NULL, NULL, NULL, NULL, NULL, NULL, NULL, NULL, '2020-11-07 20:47:00', '2020-11-08 01:47:00', 3, NULL, NULL, NULL, NULL, 0),
(105, 'https://montreal.sexcoupletherapy.com/category/emotional-intelligence', '69:b5e7a053c98e3f1bc52bd02c95583967', 70, 'term', 'category', NULL, NULL, NULL, NULL, 'emotional intelligence', NULL, NULL, 0, NULL, NULL, NULL, NULL, NULL, NULL, 0, NULL, NULL, NULL, NULL, NULL, NULL, NULL, NULL, NULL, NULL, NULL, NULL, NULL, NULL, NULL, NULL, NULL, NULL, NULL, '2020-11-07 20:58:01', '2020-11-08 01:58:01', 3, NULL, NULL, NULL, NULL, 0),
(106, 'https://montreal.sexcoupletherapy.com/category/getting-out-friend-zone', '70:f15e2a2ecbb3cdbeb3f6fe10be424ac8', 57, 'term', 'category', NULL, NULL, NULL, NULL, 'getting out friend zone', NULL, NULL, 0, NULL, NULL, NULL, NULL, NULL, NULL, 0, NULL, NULL, NULL, NULL, NULL, NULL, NULL, NULL, NULL, NULL, NULL, NULL, NULL, NULL, NULL, NULL, NULL, NULL, NULL, '2020-11-07 21:03:21', '2020-11-08 02:03:21', 3, NULL, NULL, NULL, NULL, 0),
(107, 'https://montreal.sexcoupletherapy.com/category/couple-therapy', '61:7f4d8b42ff902a880ee7c3eb02721b28', 17, 'term', 'category', NULL, NULL, NULL, NULL, 'couple therapy', NULL, NULL, 0, NULL, NULL, NULL, NULL, NULL, NULL, 0, NULL, NULL, NULL, NULL, NULL, NULL, NULL, NULL, NULL, NULL, NULL, NULL, NULL, NULL, NULL, NULL, NULL, NULL, NULL, '2020-11-07 21:07:11', '2020-11-08 02:07:11', 3, NULL, NULL, NULL, NULL, 0),
(108, 'https://montreal.sexcoupletherapy.com/2016/09/increase-sexual-satisfaction.html', '79:4ae9bf8fc2a50fcb646d6c5a558a2f10', 20, 'post', 'post', 1, 0, NULL, NULL, 'Increase sexual satisfaction', 'publish', NULL, 0, NULL, NULL, NULL, NULL, NULL, 30, 0, NULL, 0, NULL, NULL, NULL, NULL, 'https://montreal.sexcoupletherapy.com/wp-content/uploads/sites/3/2016/09/two-2Bidiots.jpg', NULL, '72', 'featured-image', NULL, NULL, 'https://montreal.sexcoupletherapy.com/wp-content/uploads/sites/3/2016/09/two-2Bidiots.jpg', '72', 'featured-image', '{\"width\":600,\"height\":600,\"url\":\"https://montreal.sexcoupletherapy.com/wp-content/uploads/sites/3/2016/09/two-2Bidiots.jpg\",\"path\":\"/var/www/vhosts/vps121626.vps.ovh.ca/lesexologue.ca/wp-content/uploads/sites/3/2016/09/two-2Bidiots.jpg\",\"size\":\"full\",\"id\":72,\"alt\":\"\",\"pixels\":360000,\"type\":\"image/jpeg\"}', 2, NULL, NULL, '2020-11-08 01:06:57', '2020-11-08 06:06:57', 3, NULL, NULL, NULL, NULL, 0),
(109, 'https://montreal.sexcoupletherapy.com/tag/polyamorous', '53:ef63aa03ecf5ca62215cb4dd43b1cf95', 76, 'term', 'post_tag', NULL, NULL, NULL, NULL, 'polyamorous', NULL, NULL, 0, NULL, NULL, NULL, NULL, NULL, NULL, 0, NULL, NULL, NULL, NULL, NULL, NULL, NULL, NULL, NULL, NULL, NULL, NULL, NULL, NULL, NULL, NULL, NULL, NULL, NULL, '2020-11-08 05:06:22', '2020-11-08 10:06:22', 3, NULL, NULL, NULL, NULL, 0),
(110, 'https://montreal.sexcoupletherapy.com/category/hate', '51:2dc2fa2be23cd336ad96ad0ab723aa30', 8, 'term', 'category', NULL, NULL, NULL, NULL, 'hate', NULL, NULL, 0, NULL, NULL, NULL, NULL, NULL, NULL, 0, NULL, NULL, NULL, NULL, NULL, NULL, NULL, NULL, NULL, NULL, NULL, NULL, NULL, NULL, NULL, NULL, NULL, NULL, NULL, '2020-11-08 05:07:25', '2020-11-08 10:07:25', 3, NULL, NULL, NULL, NULL, 0),
(111, 'https://montreal.sexcoupletherapy.com/2012/12/sex-the-body-and-your-mind.html', '77:acc601f7ebe95e634a069664d420718d', 68, 'post', 'post', 1, 0, NULL, NULL, 'Sex, The Body and Your Mind', 'publish', NULL, 0, NULL, NULL, NULL, NULL, NULL, 30, 0, NULL, 0, NULL, NULL, NULL, NULL, NULL, NULL, NULL, NULL, NULL, NULL, NULL, NULL, NULL, NULL, 0, NULL, NULL, '2020-11-08 06:51:31', '2020-11-08 21:41:33', 3, NULL, NULL, NULL, NULL, 0),
(112, 'https://montreal.sexcoupletherapy.com/category/jealous-partner', '62:1ec83e20563e006f471a1ee37b6ae6d2', 24, 'term', 'category', NULL, NULL, NULL, NULL, 'jealous partner', NULL, NULL, 0, NULL, NULL, NULL, NULL, NULL, NULL, 0, NULL, NULL, NULL, NULL, NULL, NULL, NULL, NULL, NULL, NULL, NULL, NULL, NULL, NULL, NULL, NULL, NULL, NULL, NULL, '2020-11-08 08:24:34', '2020-11-08 13:24:34', 3, NULL, NULL, NULL, NULL, 0),
(113, 'https://montreal.sexcoupletherapy.com/category/sexual-problems-sexual-desire-couple-therapist', '93:ab1f8417da805d6540c02c15a879ff87', 3, 'term', 'category', NULL, NULL, NULL, NULL, 'sexual problems. sexual desire. couple therapist', NULL, NULL, 0, NULL, NULL, NULL, NULL, NULL, NULL, 0, NULL, NULL, NULL, NULL, NULL, NULL, NULL, NULL, NULL, NULL, NULL, NULL, NULL, NULL, NULL, NULL, NULL, NULL, NULL, '2020-11-08 08:50:18', '2020-11-08 13:50:18', 3, NULL, NULL, NULL, NULL, 0),
(114, 'https://montreal.sexcoupletherapy.com/2017/06/emotional-intelligence-maturity.html', '82:7fe035a004938a65650d5fbe7c972e05', 359, 'post', 'post', 2, 0, NULL, 'Are you emotionally intelligent? Do you act as a mature adult? Using your emotional intelligence in a productive manner makes you emotionally mature.', 'Emotional intelligence and emotional maturity', 'publish', NULL, 0, NULL, NULL, NULL, 'emotional intelligence', 98, 30, 0, NULL, 0, NULL, NULL, NULL, 'Emotional Intelligence & Emotional Maturity', 'http://montreal.sexcoupletherapy.com/wp-content/uploads/sites/3/2017/06/emotional-intelligence-maturiy.jpg', 'Are you emotionally intelligent or mature or both? You are most likely intelligent but mature might not be your case. Learn more about how you could be mature.', NULL, 'set-by-user', 'Emotional Intelligence & Emotional Maturity', 'Are you emotionally intelligent or mature or both? You are most likely intelligent but mature might not be your case. Learn more about how you could be mature.', 'http://montreal.sexcoupletherapy.com/wp-content/uploads/sites/3/2017/06/emotional-intelligence-maturiy.jpg', NULL, 'set-by-user', NULL, 2, NULL, NULL, '2020-11-08 08:55:39', '2020-11-11 05:34:53', 3, NULL, NULL, NULL, NULL, 0),
(115, 'https://montreal.sexcoupletherapy.com/category/friend-zone', '58:e2cab8b8b0bd2fd7bc4855c1c1c946f0', 58, 'term', 'category', NULL, NULL, NULL, NULL, 'friend zone', NULL, NULL, 0, NULL, NULL, NULL, NULL, NULL, NULL, 0, NULL, NULL, NULL, NULL, NULL, NULL, NULL, NULL, NULL, NULL, NULL, NULL, NULL, NULL, NULL, NULL, NULL, NULL, NULL, '2020-11-08 15:40:41', '2020-11-08 20:40:41', 3, NULL, NULL, NULL, NULL, 0),
(116, 'https://montreal.sexcoupletherapy.com/category/sexual-pleasure', '62:2b0687a2c5c4960a1cd1bbb81157184d', 44, 'term', 'category', NULL, NULL, NULL, NULL, 'sexual pleasure', NULL, NULL, 0, NULL, NULL, NULL, NULL, NULL, NULL, 0, NULL, NULL, NULL, NULL, NULL, NULL, NULL, NULL, NULL, NULL, NULL, NULL, NULL, NULL, NULL, NULL, NULL, NULL, NULL, '2020-11-08 16:41:33', '2020-11-08 21:41:33', 3, NULL, NULL, NULL, NULL, 0),
(117, 'https://montreal.sexcoupletherapy.com/category/relationships', '60:090bc7ca08fa4ff2d11e757eb0736f70', 9, 'term', 'category', NULL, NULL, NULL, NULL, 'relationships', NULL, NULL, 0, NULL, NULL, NULL, NULL, NULL, NULL, 0, NULL, NULL, NULL, NULL, NULL, NULL, NULL, NULL, NULL, NULL, NULL, NULL, NULL, NULL, NULL, NULL, NULL, NULL, NULL, '2020-11-08 19:41:40', '2020-11-09 00:41:40', 3, NULL, NULL, NULL, NULL, 0),
(118, 'https://montreal.sexcoupletherapy.com/category/unfaithful', '57:96559364f2b0aa7f9db18b4594cafad1', 22, 'term', 'category', NULL, NULL, NULL, NULL, 'unfaithful', NULL, NULL, 0, NULL, NULL, NULL, NULL, NULL, NULL, 0, NULL, NULL, NULL, NULL, NULL, NULL, NULL, NULL, NULL, NULL, NULL, NULL, NULL, NULL, NULL, NULL, NULL, NULL, NULL, '2020-11-08 20:01:03', '2020-11-09 01:01:03', 3, NULL, NULL, NULL, NULL, 0),
(119, 'https://montreal.sexcoupletherapy.com/2015/07/season-2-sensual-erotic-education-webseries.html', '94:ddcbcd14bb066b5d543c85bb781f9da4', 32, 'post', 'post', 1, 0, NULL, NULL, 'Season 2: Sensual &amp; Erotic Education webseries', 'publish', NULL, 0, NULL, NULL, NULL, NULL, NULL, 0, 0, NULL, 0, NULL, NULL, NULL, NULL, NULL, NULL, NULL, NULL, NULL, NULL, NULL, NULL, NULL, NULL, 0, NULL, NULL, '2020-11-08 23:39:16', '2020-11-09 04:39:16', 3, NULL, NULL, NULL, NULL, 0),
(120, 'https://montreal.sexcoupletherapy.com/category/infidelity', '57:33553e89aabf81918c070eedc5ae83af', 21, 'term', 'category', NULL, NULL, NULL, NULL, 'infidelity', NULL, NULL, 0, NULL, NULL, NULL, NULL, NULL, NULL, 0, NULL, NULL, NULL, NULL, NULL, NULL, NULL, NULL, NULL, NULL, NULL, NULL, NULL, NULL, NULL, NULL, NULL, NULL, NULL, '2020-11-09 01:47:17', '2020-11-09 06:47:17', 3, NULL, NULL, NULL, NULL, 0),
(121, 'https://montreal.sexcoupletherapy.com/category/sextherapy', '57:afa3a845ee3237285082d2c9f349911f', 39, 'term', 'category', NULL, NULL, NULL, NULL, 'sextherapy', NULL, NULL, 0, NULL, NULL, NULL, NULL, NULL, NULL, 0, NULL, NULL, NULL, NULL, NULL, NULL, NULL, NULL, NULL, NULL, NULL, NULL, NULL, NULL, NULL, NULL, NULL, NULL, NULL, '2020-11-09 02:13:32', '2020-11-09 07:13:32', 3, NULL, NULL, NULL, NULL, 0),
(122, 'https://montreal.sexcoupletherapy.com/2015/09/fidelity-jealousy.html', '68:0e5ced48e553d5dd677f8d904667e234', 29, 'post', 'post', 1, 0, NULL, NULL, 'Fidelity &amp; Jealousy', 'publish', NULL, 0, NULL, NULL, NULL, NULL, NULL, 30, 0, NULL, 0, NULL, NULL, NULL, NULL, 'https://3.bp.blogspot.com/-hkwcEustEO4/V6VEeliMAwI/AAAAAAAAA7Y/AJwphVNSI9MePYpL7j2GMkYPfl---AruACLcB/s200/francois.jpg', NULL, NULL, 'first-content-image', NULL, NULL, 'https://3.bp.blogspot.com/-hkwcEustEO4/V6VEeliMAwI/AAAAAAAAA7Y/AJwphVNSI9MePYpL7j2GMkYPfl---AruACLcB/s200/francois.jpg', NULL, 'first-content-image', NULL, 1, NULL, NULL, '2020-11-09 09:47:14', '2020-11-12 12:48:51', 3, NULL, NULL, NULL, NULL, 0),
(123, 'https://montreal.sexcoupletherapy.com/category/infidelity-unhealthy-relationships', '81:45d3b956bc4349d012080eb4bf23f702', 18, 'term', 'category', NULL, NULL, NULL, NULL, 'infidelity. unhealthy relationships', NULL, NULL, 0, NULL, NULL, NULL, NULL, NULL, NULL, 0, NULL, NULL, NULL, NULL, NULL, NULL, NULL, NULL, NULL, NULL, NULL, NULL, NULL, NULL, NULL, NULL, NULL, NULL, NULL, '2020-11-09 11:18:41', '2020-11-09 16:18:41', 3, NULL, NULL, NULL, NULL, 0),
(124, 'https://montreal.sexcoupletherapy.com/category/sexless-relationship', '67:2c9e51e0380831820a04a2965880be71', 52, 'term', 'category', NULL, NULL, NULL, NULL, 'sexless relationship', NULL, NULL, 0, NULL, NULL, NULL, NULL, NULL, NULL, 0, NULL, NULL, NULL, NULL, NULL, NULL, NULL, NULL, NULL, NULL, NULL, NULL, NULL, NULL, NULL, NULL, NULL, NULL, NULL, '2020-11-09 19:39:46', '2020-11-10 00:39:46', 3, NULL, NULL, NULL, NULL, 0),
(125, 'https://montreal.sexcoupletherapy.com/category/sexual-arousal-control', '69:4d8bdf67076aa022b3b598999a643244', 53, 'term', 'category', NULL, NULL, NULL, NULL, 'sexual arousal control', NULL, NULL, 0, NULL, NULL, NULL, NULL, NULL, NULL, 0, NULL, NULL, NULL, NULL, NULL, NULL, NULL, NULL, NULL, NULL, NULL, NULL, NULL, NULL, NULL, NULL, NULL, NULL, NULL, '2020-11-09 20:03:21', '2020-11-10 01:03:21', 3, NULL, NULL, NULL, NULL, 0),
(126, 'https://montreal.sexcoupletherapy.com/category/men', '50:bba5245ea0223be168277f540883a2c1', 41, 'term', 'category', NULL, NULL, NULL, NULL, 'men', NULL, NULL, 0, NULL, NULL, NULL, NULL, NULL, NULL, 0, NULL, NULL, NULL, NULL, NULL, NULL, NULL, NULL, NULL, NULL, NULL, NULL, NULL, NULL, NULL, NULL, NULL, NULL, NULL, '2020-11-10 00:52:12', '2020-11-10 05:52:12', 3, NULL, NULL, NULL, NULL, 0),
(127, 'https://montreal.sexcoupletherapy.com/category/premature-ejaculation', '68:6bf0f068d3cf3d6c51ecd6b2232390bd', 54, 'term', 'category', NULL, NULL, NULL, NULL, 'premature ejaculation', NULL, NULL, 0, NULL, NULL, NULL, NULL, NULL, NULL, 0, NULL, NULL, NULL, NULL, NULL, NULL, NULL, NULL, NULL, NULL, NULL, NULL, NULL, NULL, NULL, NULL, NULL, NULL, NULL, '2020-11-10 02:45:52', '2020-11-10 07:45:52', 3, NULL, NULL, NULL, NULL, 0),
(128, 'https://montreal.sexcoupletherapy.com/category/couple-therapist', '63:d1090ad8c5171db7c258f63ae57d9832', 10, 'term', 'category', NULL, NULL, NULL, NULL, 'couple therapist', NULL, NULL, 0, NULL, NULL, NULL, NULL, NULL, NULL, 0, NULL, NULL, NULL, NULL, NULL, NULL, NULL, NULL, NULL, NULL, NULL, NULL, NULL, NULL, NULL, NULL, NULL, NULL, NULL, '2020-11-10 15:16:52', '2020-11-10 20:16:52', 3, NULL, NULL, NULL, NULL, 0),
(129, 'https://montreal.sexcoupletherapy.com/tag/sexual-desire', '55:78f7fc7103bc4c95cb8aceffd96bebc4', 73, 'term', 'post_tag', NULL, NULL, NULL, NULL, 'sexual desire', NULL, NULL, 0, NULL, NULL, NULL, NULL, NULL, NULL, 0, NULL, NULL, NULL, NULL, NULL, NULL, NULL, NULL, NULL, NULL, NULL, NULL, NULL, NULL, NULL, NULL, NULL, NULL, NULL, '2020-11-11 00:24:49', '2020-11-11 05:24:49', 3, NULL, NULL, NULL, NULL, 0),
(130, 'https://montreal.sexcoupletherapy.com/category/couple-conflict', '62:4e8130ef372a6abab676e237b7de7864', 13, 'term', 'category', NULL, NULL, NULL, NULL, 'couple conflict', NULL, NULL, 0, NULL, NULL, NULL, NULL, NULL, NULL, 0, NULL, NULL, NULL, NULL, NULL, NULL, NULL, NULL, NULL, NULL, NULL, NULL, NULL, NULL, NULL, NULL, NULL, NULL, NULL, '2020-11-11 00:34:53', '2020-11-11 05:34:53', 3, NULL, NULL, NULL, NULL, 0),
(131, 'https://montreal.sexcoupletherapy.com/category/sexual-deire', '59:8c719922a8e4929a433683fc0015feb4', 7, 'term', 'category', NULL, NULL, NULL, NULL, 'sexual deire', NULL, NULL, 0, NULL, NULL, NULL, NULL, NULL, NULL, 0, NULL, NULL, NULL, NULL, NULL, NULL, NULL, NULL, NULL, NULL, NULL, NULL, NULL, NULL, NULL, NULL, NULL, NULL, NULL, '2020-11-11 06:45:43', '2020-11-11 11:45:43', 3, NULL, NULL, NULL, NULL, 0),
(132, 'https://montreal.sexcoupletherapy.com/wp-content/uploads/sites/3/2018/04/28701619_10157709057519815_7228655826012312646_o-min.jpg', '129:a216df05b18767cf938cd2ac21747ca7', 438, 'post', 'attachment', 2, 436, NULL, NULL, 'better sex', 'inherit', NULL, 0, NULL, NULL, NULL, NULL, NULL, 0, 0, NULL, 0, NULL, NULL, NULL, NULL, 'https://montreal.sexcoupletherapy.com/wp-content/uploads/sites/3/2018/04/28701619_10157709057519815_7228655826012312646_o-min.jpg', NULL, '438', 'attachment-image', NULL, NULL, 'https://montreal.sexcoupletherapy.com/wp-content/uploads/sites/3/2018/04/28701619_10157709057519815_7228655826012312646_o-min.jpg', '438', 'attachment-image', '{\"width\":1131,\"height\":2048,\"url\":\"https://montreal.sexcoupletherapy.com/wp-content/uploads/sites/3/2018/04/28701619_10157709057519815_7228655826012312646_o-min.jpg\",\"path\":\"/var/www/vhosts/vps121626.vps.ovh.ca/lesexologue.ca/wp-content/uploads/sites/3/2018/04/28701619_10157709057519815_7228655826012312646_o-min.jpg\",\"size\":\"full\",\"id\":438,\"alt\":\"better sex\",\"pixels\":2316288,\"type\":\"image/jpeg\"}', 0, 1, NULL, '2020-11-12 02:32:47', '2020-11-12 07:32:47', 3, NULL, NULL, NULL, NULL, 0),
(133, 'https://montreal.sexcoupletherapy.com/wp-content/uploads/sites/3/2015/09/Infidelity-woman.jpg', '93:a9b5f4f65bdfb0c9d476f5fd68f506fd', 238, 'post', 'attachment', 2, 29, NULL, NULL, 'Infidelity woman', 'inherit', NULL, 0, NULL, NULL, NULL, NULL, NULL, 0, 0, NULL, 0, NULL, NULL, NULL, NULL, 'https://montreal.sexcoupletherapy.com/wp-content/uploads/sites/3/2015/09/Infidelity-woman.jpg', NULL, '238', 'attachment-image', NULL, NULL, 'https://montreal.sexcoupletherapy.com/wp-content/uploads/sites/3/2015/09/Infidelity-woman.jpg', '238', 'attachment-image', '{\"width\":400,\"height\":267,\"url\":\"https://montreal.sexcoupletherapy.com/wp-content/uploads/sites/3/2015/09/Infidelity-woman.jpg\",\"path\":\"/var/www/vhosts/vps121626.vps.ovh.ca/lesexologue.ca/wp-content/uploads/sites/3/2015/09/Infidelity-woman.jpg\",\"size\":\"full\",\"id\":238,\"alt\":\"infidelity\",\"pixels\":106800,\"type\":\"image/jpeg\"}', 0, 1, NULL, '2020-11-12 02:32:48', '2020-11-12 12:48:51', 3, NULL, NULL, NULL, NULL, 1),
(134, 'https://montreal.sexcoupletherapy.com/wp-content/uploads/sites/3/2018/05/fantasme-homme-min.jpg', '95:dc315d575838c09595140e03c79c6901', 447, 'post', 'attachment', 2, 444, NULL, NULL, 'sexual fantasy', 'inherit', NULL, 0, NULL, NULL, NULL, NULL, NULL, 0, 0, NULL, 0, NULL, NULL, NULL, NULL, 'https://montreal.sexcoupletherapy.com/wp-content/uploads/sites/3/2018/05/fantasme-homme-min.jpg', NULL, '447', 'attachment-image', NULL, NULL, 'https://montreal.sexcoupletherapy.com/wp-content/uploads/sites/3/2018/05/fantasme-homme-min.jpg', '447', 'attachment-image', '{\"width\":2048,\"height\":1638,\"url\":\"https://montreal.sexcoupletherapy.com/wp-content/uploads/sites/3/2018/05/fantasme-homme-min.jpg\",\"path\":\"/var/www/vhosts/vps121626.vps.ovh.ca/lesexologue.ca/wp-content/uploads/sites/3/2018/05/fantasme-homme-min.jpg\",\"size\":\"full\",\"id\":447,\"alt\":\"sexual fantasy\",\"pixels\":3354624,\"type\":\"image/jpeg\"}', 0, 1, NULL, '2020-11-12 02:32:50', '2020-11-12 07:32:50', 3, NULL, NULL, NULL, NULL, 0),
(135, 'https://montreal.sexcoupletherapy.com/wp-content/uploads/sites/3/2019/09/alex-holyoake-370400-unsplash-min.jpg', '110:83a34d94dbe9efebf23feaeddd241f86', 493, 'post', 'attachment', 2, 488, NULL, NULL, 'open relationship', 'inherit', NULL, 0, NULL, NULL, NULL, NULL, NULL, 0, 0, NULL, 0, NULL, NULL, NULL, NULL, 'https://montreal.sexcoupletherapy.com/wp-content/uploads/sites/3/2019/09/alex-holyoake-370400-unsplash-min.jpg', NULL, '493', 'attachment-image', NULL, NULL, 'https://montreal.sexcoupletherapy.com/wp-content/uploads/sites/3/2019/09/alex-holyoake-370400-unsplash-min.jpg', '493', 'attachment-image', '{\"width\":2160,\"height\":1440,\"url\":\"https://montreal.sexcoupletherapy.com/wp-content/uploads/sites/3/2019/09/alex-holyoake-370400-unsplash-min.jpg\",\"path\":\"/var/www/vhosts/vps121626.vps.ovh.ca/lesexologue.ca/wp-content/uploads/sites/3/2019/09/alex-holyoake-370400-unsplash-min.jpg\",\"size\":\"full\",\"id\":493,\"alt\":\"polyamory\",\"pixels\":3110400,\"type\":\"image/jpeg\"}', 0, 1, NULL, '2020-11-12 02:32:54', '2020-11-12 07:32:54', 3, NULL, NULL, NULL, NULL, 0),
(136, 'https://montreal.sexcoupletherapy.com/2016/11/sexual-issues-how-to-manage.html', '78:9eb67814337a7da058690901d51c5138', 19, 'post', 'post', 1, 0, NULL, NULL, 'Sexual issues: How to manage', 'publish', NULL, 0, NULL, NULL, NULL, 'sexual issues', 69, 30, 0, NULL, 0, NULL, NULL, NULL, NULL, 'https://montreal.sexcoupletherapy.com/wp-content/uploads/sites/3/2016/11/StockSnap_2W0L5IENXQ-min.jpg', NULL, '402', 'featured-image', NULL, NULL, 'https://montreal.sexcoupletherapy.com/wp-content/uploads/sites/3/2016/11/StockSnap_2W0L5IENXQ-min.jpg', '402', 'featured-image', '{\"width\":1800,\"height\":1200,\"url\":\"https://montreal.sexcoupletherapy.com/wp-content/uploads/sites/3/2016/11/StockSnap_2W0L5IENXQ-min.jpg\",\"path\":\"/var/www/vhosts/vps121626.vps.ovh.ca/lesexologue.ca/wp-content/uploads/sites/3/2016/11/StockSnap_2W0L5IENXQ-min.jpg\",\"size\":\"full\",\"id\":402,\"alt\":\"sexual problems\",\"pixels\":2160000,\"type\":\"image/jpeg\"}', 1, NULL, NULL, '2020-11-12 02:33:08', '2020-11-12 07:33:08', 3, NULL, NULL, NULL, NULL, 0),
(137, 'https://montreal.sexcoupletherapy.com/wp-content/uploads/sites/3/2016/11/francois.jpg', '85:469c753331de3f269d4ae8f7e147b833', 70, 'post', 'attachment', 1, 19, NULL, NULL, 'francois', 'inherit', NULL, 0, NULL, NULL, NULL, NULL, NULL, 0, 0, NULL, 0, NULL, NULL, NULL, NULL, 'https://montreal.sexcoupletherapy.com/wp-content/uploads/sites/3/2016/11/francois.jpg', NULL, '70', 'attachment-image', NULL, NULL, 'https://montreal.sexcoupletherapy.com/wp-content/uploads/sites/3/2016/11/francois.jpg', '70', 'attachment-image', '{\"width\":325,\"height\":351,\"url\":\"https://montreal.sexcoupletherapy.com/wp-content/uploads/sites/3/2016/11/francois.jpg\",\"path\":\"/var/www/vhosts/vps121626.vps.ovh.ca/lesexologue.ca/wp-content/uploads/sites/3/2016/11/francois.jpg\",\"size\":\"full\",\"id\":70,\"alt\":\"\",\"pixels\":114075,\"type\":\"image/jpeg\"}', 0, 1, NULL, '2020-11-12 02:33:08', '2020-11-12 07:33:08', 3, NULL, NULL, NULL, NULL, 0),
(138, 'https://montreal.sexcoupletherapy.com/wp-content/uploads/sites/3/2013/06/lesbian-couple.jpg', '91:c24a2502851b3fde3d2cccbab74687e0', 312, 'post', 'attachment', 2, 61, NULL, NULL, 'lesbian couple', 'inherit', NULL, 0, NULL, NULL, NULL, NULL, NULL, 0, 0, NULL, 0, NULL, NULL, NULL, NULL, 'https://montreal.sexcoupletherapy.com/wp-content/uploads/sites/3/2013/06/lesbian-couple.jpg', NULL, '312', 'attachment-image', NULL, NULL, 'https://montreal.sexcoupletherapy.com/wp-content/uploads/sites/3/2013/06/lesbian-couple.jpg', '312', 'attachment-image', '{\"width\":960,\"height\":640,\"url\":\"https://montreal.sexcoupletherapy.com/wp-content/uploads/sites/3/2013/06/lesbian-couple.jpg\",\"path\":\"/var/www/vhosts/vps121626.vps.ovh.ca/lesexologue.ca/wp-content/uploads/sites/3/2013/06/lesbian-couple.jpg\",\"size\":\"full\",\"id\":312,\"alt\":\"intimacy\",\"pixels\":614400,\"type\":\"image/jpeg\"}', 0, 1, NULL, '2020-11-12 02:33:13', '2020-11-12 12:52:44', 3, NULL, NULL, NULL, NULL, 1),
(139, 'https://montreal.sexcoupletherapy.com/wp-content/uploads/sites/3/2016/07/perte-2Blibido.jpg', '91:4dc3cdd6e1468f09563759ab58d13baf', 82, 'post', 'attachment', 1, 25, NULL, NULL, 'perte-2Blibido', 'inherit', NULL, 0, NULL, NULL, NULL, NULL, NULL, 0, 0, NULL, 0, NULL, NULL, NULL, NULL, 'https://montreal.sexcoupletherapy.com/wp-content/uploads/sites/3/2016/07/perte-2Blibido.jpg', NULL, '82', 'attachment-image', NULL, NULL, 'https://montreal.sexcoupletherapy.com/wp-content/uploads/sites/3/2016/07/perte-2Blibido.jpg', '82', 'attachment-image', '{\"width\":227,\"height\":227,\"url\":\"https://montreal.sexcoupletherapy.com/wp-content/uploads/sites/3/2016/07/perte-2Blibido.jpg\",\"path\":\"/var/www/vhosts/vps121626.vps.ovh.ca/lesexologue.ca/wp-content/uploads/sites/3/2016/07/perte-2Blibido.jpg\",\"size\":\"full\",\"id\":82,\"alt\":\"\",\"pixels\":51529,\"type\":\"image/jpeg\"}', 0, 1, NULL, '2020-11-12 02:33:16', '2020-11-12 07:33:16', 3, NULL, NULL, NULL, NULL, 0),
(140, 'https://montreal.sexcoupletherapy.com/wp-content/uploads/sites/3/2016/11/Keep-2Bcalm-2Band-2Bsex.png', '100:5397fe2dedea3ab4364ae8538dca013e', 69, 'post', 'attachment', 1, 19, NULL, NULL, 'Keep-2Bcalm-2Band-2Bsex', 'inherit', NULL, 0, NULL, NULL, NULL, NULL, NULL, 0, 0, NULL, 0, NULL, NULL, NULL, NULL, 'https://montreal.sexcoupletherapy.com/wp-content/uploads/sites/3/2016/11/Keep-2Bcalm-2Band-2Bsex.png', NULL, '69', 'attachment-image', NULL, NULL, 'https://montreal.sexcoupletherapy.com/wp-content/uploads/sites/3/2016/11/Keep-2Bcalm-2Band-2Bsex.png', '69', 'attachment-image', '{\"width\":600,\"height\":700,\"url\":\"https://montreal.sexcoupletherapy.com/wp-content/uploads/sites/3/2016/11/Keep-2Bcalm-2Band-2Bsex.png\",\"path\":\"/var/www/vhosts/vps121626.vps.ovh.ca/lesexologue.ca/wp-content/uploads/sites/3/2016/11/Keep-2Bcalm-2Band-2Bsex.png\",\"size\":\"full\",\"id\":69,\"alt\":\"\",\"pixels\":420000,\"type\":\"image/png\"}', 0, 1, NULL, '2020-11-12 02:33:21', '2020-11-12 07:33:21', 3, NULL, NULL, NULL, NULL, 0),
(141, 'https://montreal.sexcoupletherapy.com/wp-content/uploads/sites/3/2015/03/women-sexuality.jpg', '92:c853de3e977244c85c89b22f8fddd91a', 249, 'post', 'attachment', 2, 38, NULL, NULL, 'women sexuality', 'inherit', NULL, 0, NULL, NULL, NULL, NULL, NULL, 0, 0, NULL, 0, NULL, NULL, NULL, NULL, 'https://montreal.sexcoupletherapy.com/wp-content/uploads/sites/3/2015/03/women-sexuality.jpg', NULL, '249', 'attachment-image', NULL, NULL, 'https://montreal.sexcoupletherapy.com/wp-content/uploads/sites/3/2015/03/women-sexuality.jpg', '249', 'attachment-image', '{\"width\":2880,\"height\":1923,\"url\":\"https://montreal.sexcoupletherapy.com/wp-content/uploads/sites/3/2015/03/women-sexuality.jpg\",\"path\":\"/var/www/vhosts/vps121626.vps.ovh.ca/lesexologue.ca/wp-content/uploads/sites/3/2015/03/women-sexuality.jpg\",\"size\":\"full\",\"id\":249,\"alt\":\"sex woman erotism\",\"pixels\":5538240,\"type\":\"image/jpeg\"}', 0, 1, NULL, '2020-11-12 02:33:23', '2020-11-12 08:07:22', 3, NULL, NULL, NULL, NULL, 1),
(142, 'https://montreal.sexcoupletherapy.com/wp-content/uploads/sites/3/2018/09/nathan-mcbride-462758-unsplash-min.jpg', '111:488cc9a9deab890ce6ed28671039a5d7', 461, 'post', 'attachment', 2, 455, NULL, NULL, 'wanting to be desired', 'inherit', NULL, 0, NULL, NULL, NULL, NULL, NULL, 0, 0, NULL, 0, NULL, NULL, NULL, NULL, 'https://montreal.sexcoupletherapy.com/wp-content/uploads/sites/3/2018/09/nathan-mcbride-462758-unsplash-min.jpg', NULL, '461', 'attachment-image', NULL, NULL, 'https://montreal.sexcoupletherapy.com/wp-content/uploads/sites/3/2018/09/nathan-mcbride-462758-unsplash-min.jpg', '461', 'attachment-image', '{\"width\":4016,\"height\":6016,\"url\":\"https://montreal.sexcoupletherapy.com/wp-content/uploads/sites/3/2018/09/nathan-mcbride-462758-unsplash-min.jpg\",\"path\":\"/var/www/vhosts/vps121626.vps.ovh.ca/lesexologue.ca/wp-content/uploads/sites/3/2018/09/nathan-mcbride-462758-unsplash-min.jpg\",\"size\":\"full\",\"id\":461,\"alt\":\"lack desire\",\"pixels\":24160256,\"type\":\"image/jpeg\"}', 0, 1, NULL, '2020-11-12 02:33:27', '2020-11-12 12:52:44', 3, NULL, NULL, NULL, NULL, 1),
(143, 'https://montreal.sexcoupletherapy.com/wp-content/uploads/sites/3/2017/10/nathaniel-tetteh-395808-min.jpg', '104:4f0afd6244adfca76425a177fdb25a08', 430, 'post', 'attachment', 2, 406, NULL, NULL, 'relationship maturity', 'inherit', NULL, 0, NULL, NULL, NULL, NULL, NULL, 0, 0, NULL, 0, NULL, NULL, NULL, NULL, 'https://montreal.sexcoupletherapy.com/wp-content/uploads/sites/3/2017/10/nathaniel-tetteh-395808-min.jpg', NULL, '430', 'attachment-image', NULL, NULL, 'https://montreal.sexcoupletherapy.com/wp-content/uploads/sites/3/2017/10/nathaniel-tetteh-395808-min.jpg', '430', 'attachment-image', '{\"width\":3072,\"height\":5688,\"url\":\"https://montreal.sexcoupletherapy.com/wp-content/uploads/sites/3/2017/10/nathaniel-tetteh-395808-min.jpg\",\"path\":\"/var/www/vhosts/vps121626.vps.ovh.ca/lesexologue.ca/wp-content/uploads/sites/3/2017/10/nathaniel-tetteh-395808-min.jpg\",\"size\":\"full\",\"id\":430,\"alt\":\"dysfunctional couple\",\"pixels\":17473536,\"type\":\"image/jpeg\"}', 0, 1, NULL, '2020-11-12 02:33:28', '2020-11-12 07:33:28', 3, NULL, NULL, NULL, NULL, 0),
(144, 'https://montreal.sexcoupletherapy.com/wp-content/uploads/sites/3/2014/04/collaborative-alliance.jpg', '99:b12c802a10631d1b23bdb81898342fe2', 258, 'post', 'attachment', 2, 50, NULL, NULL, 'collaborative alliance', 'inherit', NULL, 0, NULL, NULL, NULL, NULL, NULL, 0, 0, NULL, 0, NULL, NULL, NULL, NULL, 'https://montreal.sexcoupletherapy.com/wp-content/uploads/sites/3/2014/04/collaborative-alliance.jpg', NULL, '258', 'attachment-image', NULL, NULL, 'https://montreal.sexcoupletherapy.com/wp-content/uploads/sites/3/2014/04/collaborative-alliance.jpg', '258', 'attachment-image', '{\"width\":2520,\"height\":1680,\"url\":\"https://montreal.sexcoupletherapy.com/wp-content/uploads/sites/3/2014/04/collaborative-alliance.jpg\",\"path\":\"/var/www/vhosts/vps121626.vps.ovh.ca/lesexologue.ca/wp-content/uploads/sites/3/2014/04/collaborative-alliance.jpg\",\"size\":\"full\",\"id\":258,\"alt\":\"stop fighting relationship\",\"pixels\":4233600,\"type\":\"image/jpeg\"}', 0, 1, NULL, '2020-11-12 02:33:31', '2020-11-12 07:33:31', 3, NULL, NULL, NULL, NULL, 0),
(145, 'https://montreal.sexcoupletherapy.com/wp-content/uploads/sites/3/2012/12/type-of-desire.jpg', '91:411591af3bb21023a6f8f44685190945', 334, 'post', 'attachment', 2, 68, NULL, NULL, 'sexual pleasure', 'inherit', NULL, 0, NULL, NULL, NULL, NULL, NULL, 0, 0, NULL, 0, NULL, NULL, NULL, NULL, 'https://montreal.sexcoupletherapy.com/wp-content/uploads/sites/3/2012/12/type-of-desire.jpg', NULL, '334', 'attachment-image', NULL, NULL, 'https://montreal.sexcoupletherapy.com/wp-content/uploads/sites/3/2012/12/type-of-desire.jpg', '334', 'attachment-image', '{\"width\":1280,\"height\":854,\"url\":\"https://montreal.sexcoupletherapy.com/wp-content/uploads/sites/3/2012/12/type-of-desire.jpg\",\"path\":\"/var/www/vhosts/vps121626.vps.ovh.ca/lesexologue.ca/wp-content/uploads/sites/3/2012/12/type-of-desire.jpg\",\"size\":\"full\",\"id\":334,\"alt\":\"sexual pleasure\",\"pixels\":1093120,\"type\":\"image/jpeg\"}', 0, 1, NULL, '2020-11-12 02:33:33', '2020-11-12 07:33:33', 3, NULL, NULL, NULL, NULL, 0),
(146, 'https://montreal.sexcoupletherapy.com/wp-content/uploads/sites/3/2016/08/silhouette-2480321_1280.png', '100:0211c49729afc3b40262b89bcf17be04', 403, 'post', 'attachment', 2, 24, NULL, NULL, 'couple fighting', 'inherit', NULL, 0, NULL, NULL, NULL, NULL, NULL, 0, 0, NULL, 0, NULL, NULL, NULL, NULL, 'https://montreal.sexcoupletherapy.com/wp-content/uploads/sites/3/2016/08/silhouette-2480321_1280.png', NULL, '403', 'attachment-image', NULL, NULL, 'https://montreal.sexcoupletherapy.com/wp-content/uploads/sites/3/2016/08/silhouette-2480321_1280.png', '403', 'attachment-image', '{\"width\":1264,\"height\":1280,\"url\":\"https://montreal.sexcoupletherapy.com/wp-content/uploads/sites/3/2016/08/silhouette-2480321_1280.png\",\"path\":\"/var/www/vhosts/vps121626.vps.ovh.ca/lesexologue.ca/wp-content/uploads/sites/3/2016/08/silhouette-2480321_1280.png\",\"size\":\"full\",\"id\":403,\"alt\":\"couple fighting\",\"pixels\":1617920,\"type\":\"image/png\"}', 0, 1, NULL, '2020-11-12 02:33:35', '2020-11-12 07:33:36', 3, NULL, NULL, NULL, NULL, 0),
(147, 'https://montreal.sexcoupletherapy.com/wp-content/uploads/sites/3/2012/12/chicane-couple.jpg', '91:fea90b23342d0da50ce0022e8a251db5', 331, 'post', 'attachment', 2, 67, NULL, NULL, 'couple communication', 'inherit', NULL, 0, NULL, NULL, NULL, NULL, NULL, 0, 0, NULL, 0, NULL, NULL, NULL, NULL, 'https://montreal.sexcoupletherapy.com/wp-content/uploads/sites/3/2012/12/chicane-couple.jpg', NULL, '331', 'attachment-image', NULL, NULL, 'https://montreal.sexcoupletherapy.com/wp-content/uploads/sites/3/2012/12/chicane-couple.jpg', '331', 'attachment-image', '{\"width\":600,\"height\":400,\"url\":\"https://montreal.sexcoupletherapy.com/wp-content/uploads/sites/3/2012/12/chicane-couple.jpg\",\"path\":\"/var/www/vhosts/vps121626.vps.ovh.ca/lesexologue.ca/wp-content/uploads/sites/3/2012/12/chicane-couple.jpg\",\"size\":\"full\",\"id\":331,\"alt\":\"couple communication\",\"pixels\":240000,\"type\":\"image/jpeg\"}', 0, 1, NULL, '2020-11-12 02:33:38', '2020-11-12 07:33:38', 3, NULL, NULL, NULL, NULL, 0),
(148, 'https://montreal.sexcoupletherapy.com/wp-content/uploads/sites/3/2017/06/thoughtful-reflection-observing-wallpaper-min.jpg', '122:fb059fb76a2f79654d5c8c25bcd278f5', 401, 'post', 'attachment', 2, 359, NULL, NULL, 'emotional intelligence', 'inherit', NULL, 0, NULL, NULL, NULL, NULL, NULL, 0, 0, NULL, 0, NULL, NULL, NULL, NULL, 'https://montreal.sexcoupletherapy.com/wp-content/uploads/sites/3/2017/06/thoughtful-reflection-observing-wallpaper-min.jpg', NULL, '401', 'attachment-image', NULL, NULL, 'https://montreal.sexcoupletherapy.com/wp-content/uploads/sites/3/2017/06/thoughtful-reflection-observing-wallpaper-min.jpg', '401', 'attachment-image', '{\"width\":4272,\"height\":2848,\"url\":\"https://montreal.sexcoupletherapy.com/wp-content/uploads/sites/3/2017/06/thoughtful-reflection-observing-wallpaper-min.jpg\",\"path\":\"/var/www/vhosts/vps121626.vps.ovh.ca/lesexologue.ca/wp-content/uploads/sites/3/2017/06/thoughtful-reflection-observing-wallpaper-min.jpg\",\"size\":\"full\",\"id\":401,\"alt\":\"emotional intelligence\",\"pixels\":12166656,\"type\":\"image/jpeg\"}', 0, 1, NULL, '2020-11-12 02:33:47', '2020-11-12 07:33:47', 3, NULL, NULL, NULL, NULL, 0),
(149, 'https://montreal.sexcoupletherapy.com/wp-content/uploads/sites/3/2013/01/Screen-Shot-2016-03-31-at-9.26.14-PM.png', '113:52d47204288f8e4c192f0dff2fa48be4', 328, 'post', 'attachment', 2, 66, NULL, NULL, 'sexual desire', 'inherit', NULL, 0, NULL, NULL, NULL, NULL, NULL, 0, 0, NULL, 0, NULL, NULL, NULL, NULL, 'https://montreal.sexcoupletherapy.com/wp-content/uploads/sites/3/2013/01/Screen-Shot-2016-03-31-at-9.26.14-PM.png', NULL, '328', 'attachment-image', NULL, NULL, 'https://montreal.sexcoupletherapy.com/wp-content/uploads/sites/3/2013/01/Screen-Shot-2016-03-31-at-9.26.14-PM.png', '328', 'attachment-image', '{\"width\":577,\"height\":372,\"url\":\"https://montreal.sexcoupletherapy.com/wp-content/uploads/sites/3/2013/01/Screen-Shot-2016-03-31-at-9.26.14-PM.png\",\"path\":\"/var/www/vhosts/vps121626.vps.ovh.ca/lesexologue.ca/wp-content/uploads/sites/3/2013/01/Screen-Shot-2016-03-31-at-9.26.14-PM.png\",\"size\":\"full\",\"id\":328,\"alt\":\"lack of desire\",\"pixels\":214644,\"type\":\"image/png\"}', 0, 1, NULL, '2020-11-12 02:33:50', '2020-11-12 07:33:50', 3, NULL, NULL, NULL, NULL, 0),
(150, 'https://montreal.sexcoupletherapy.com/wp-content/uploads/sites/3/2014/03/sexual-performance-3.jpg', '97:d9c4cb3c0baa96d048a3ed8de2180f61', 261, 'post', 'attachment', 2, 51, NULL, NULL, 'young couple', 'inherit', NULL, 0, NULL, NULL, NULL, NULL, NULL, 0, 0, NULL, 0, NULL, NULL, NULL, NULL, 'https://montreal.sexcoupletherapy.com/wp-content/uploads/sites/3/2014/03/sexual-performance-3.jpg', NULL, '261', 'attachment-image', NULL, NULL, 'https://montreal.sexcoupletherapy.com/wp-content/uploads/sites/3/2014/03/sexual-performance-3.jpg', '261', 'attachment-image', '{\"width\":414,\"height\":350,\"url\":\"https://montreal.sexcoupletherapy.com/wp-content/uploads/sites/3/2014/03/sexual-performance-3.jpg\",\"path\":\"/var/www/vhosts/vps121626.vps.ovh.ca/lesexologue.ca/wp-content/uploads/sites/3/2014/03/sexual-performance-3.jpg\",\"size\":\"full\",\"id\":261,\"alt\":\"relationship patterns\",\"pixels\":144900,\"type\":\"image/jpeg\"}', 0, 1, NULL, '2020-11-12 02:33:54', '2020-11-12 07:33:54', 3, NULL, NULL, NULL, NULL, 0),
(151, 'https://montreal.sexcoupletherapy.com/wp-content/uploads/sites/3/2015/09/irrational-jealousy.jpg', '96:c53f65f0fe09b26560e8b26fd5212928', 88, 'post', 'attachment', 1, 28, NULL, NULL, 'irrational-jealousy', 'inherit', NULL, 0, NULL, NULL, NULL, NULL, NULL, 0, 0, NULL, 0, NULL, NULL, NULL, NULL, 'https://montreal.sexcoupletherapy.com/wp-content/uploads/sites/3/2015/09/irrational-jealousy.jpg', NULL, '88', 'attachment-image', NULL, NULL, 'https://montreal.sexcoupletherapy.com/wp-content/uploads/sites/3/2015/09/irrational-jealousy.jpg', '88', 'attachment-image', '{\"width\":550,\"height\":365,\"url\":\"https://montreal.sexcoupletherapy.com/wp-content/uploads/sites/3/2015/09/irrational-jealousy.jpg\",\"path\":\"/var/www/vhosts/vps121626.vps.ovh.ca/lesexologue.ca/wp-content/uploads/sites/3/2015/09/irrational-jealousy.jpg\",\"size\":\"full\",\"id\":88,\"alt\":\"\",\"pixels\":200750,\"type\":\"image/jpeg\"}', 0, 1, NULL, '2020-11-12 02:33:56', '2020-11-12 07:33:56', 3, NULL, NULL, NULL, NULL, 0),
(152, 'https://montreal.sexcoupletherapy.com/wp-content/uploads/sites/3/2015/03/couple-noir-blanc.jpg', '94:62c485cbacc2d3bb73a098f8befe12b0', 246, 'post', 'attachment', 2, 37, NULL, NULL, 'couple noir-blanc', 'inherit', NULL, 0, NULL, NULL, NULL, NULL, NULL, 0, 0, NULL, 0, NULL, NULL, NULL, NULL, 'https://montreal.sexcoupletherapy.com/wp-content/uploads/sites/3/2015/03/couple-noir-blanc.jpg', NULL, '246', 'attachment-image', NULL, NULL, 'https://montreal.sexcoupletherapy.com/wp-content/uploads/sites/3/2015/03/couple-noir-blanc.jpg', '246', 'attachment-image', '{\"width\":4680,\"height\":3120,\"url\":\"https://montreal.sexcoupletherapy.com/wp-content/uploads/sites/3/2015/03/couple-noir-blanc.jpg\",\"path\":\"/var/www/vhosts/vps121626.vps.ovh.ca/lesexologue.ca/wp-content/uploads/sites/3/2015/03/couple-noir-blanc.jpg\",\"size\":\"full\",\"id\":246,\"alt\":\"type of sexual desire\",\"pixels\":14601600,\"type\":\"image/jpeg\"}', 0, 1, NULL, '2020-11-12 02:33:58', '2020-11-12 12:52:44', 3, NULL, NULL, NULL, NULL, 1),
(153, 'https://montreal.sexcoupletherapy.com/wp-content/uploads/sites/3/2016/11/StockSnap_2W0L5IENXQ-min.jpg', '101:c89e2d679305dceff82c6646439a270d', 402, 'post', 'attachment', 2, 19, NULL, NULL, 'sexual issues', 'inherit', NULL, 0, NULL, NULL, NULL, NULL, NULL, 0, 0, NULL, 0, NULL, NULL, NULL, NULL, 'https://montreal.sexcoupletherapy.com/wp-content/uploads/sites/3/2016/11/StockSnap_2W0L5IENXQ-min.jpg', NULL, '402', 'attachment-image', NULL, NULL, 'https://montreal.sexcoupletherapy.com/wp-content/uploads/sites/3/2016/11/StockSnap_2W0L5IENXQ-min.jpg', '402', 'attachment-image', '{\"width\":1800,\"height\":1200,\"url\":\"https://montreal.sexcoupletherapy.com/wp-content/uploads/sites/3/2016/11/StockSnap_2W0L5IENXQ-min.jpg\",\"path\":\"/var/www/vhosts/vps121626.vps.ovh.ca/lesexologue.ca/wp-content/uploads/sites/3/2016/11/StockSnap_2W0L5IENXQ-min.jpg\",\"size\":\"full\",\"id\":402,\"alt\":\"sexual problems\",\"pixels\":2160000,\"type\":\"image/jpeg\"}', 0, 1, NULL, '2020-11-12 02:34:01', '2020-11-12 07:34:01', 3, NULL, NULL, NULL, NULL, 0);
INSERT INTO `sle_3_yoast_indexable` (`id`, `permalink`, `permalink_hash`, `object_id`, `object_type`, `object_sub_type`, `author_id`, `post_parent`, `title`, `description`, `breadcrumb_title`, `post_status`, `is_public`, `is_protected`, `has_public_posts`, `number_of_pages`, `canonical`, `primary_focus_keyword`, `primary_focus_keyword_score`, `readability_score`, `is_cornerstone`, `is_robots_noindex`, `is_robots_nofollow`, `is_robots_noarchive`, `is_robots_noimageindex`, `is_robots_nosnippet`, `twitter_title`, `twitter_image`, `twitter_description`, `twitter_image_id`, `twitter_image_source`, `open_graph_title`, `open_graph_description`, `open_graph_image`, `open_graph_image_id`, `open_graph_image_source`, `open_graph_image_meta`, `link_count`, `incoming_link_count`, `prominent_words_version`, `created_at`, `updated_at`, `blog_id`, `language`, `region`, `schema_page_type`, `schema_article_type`, `has_ancestors`) VALUES
(154, 'https://montreal.sexcoupletherapy.com/wp-content/uploads/sites/3/2013/06/old-people-having-sex.png', '98:a3ecd8c3b4b8fa7f34b9f7fe56972d57', 317, 'post', 'attachment', 2, 62, NULL, NULL, 'old people having sex', 'inherit', NULL, 0, NULL, NULL, NULL, NULL, NULL, 0, 0, NULL, 0, NULL, NULL, NULL, NULL, 'https://montreal.sexcoupletherapy.com/wp-content/uploads/sites/3/2013/06/old-people-having-sex.png', NULL, '317', 'attachment-image', NULL, NULL, 'https://montreal.sexcoupletherapy.com/wp-content/uploads/sites/3/2013/06/old-people-having-sex.png', '317', 'attachment-image', '{\"width\":600,\"height\":303,\"url\":\"https://montreal.sexcoupletherapy.com/wp-content/uploads/sites/3/2013/06/old-people-having-sex.png\",\"path\":\"/var/www/vhosts/vps121626.vps.ovh.ca/lesexologue.ca/wp-content/uploads/sites/3/2013/06/old-people-having-sex.png\",\"size\":\"full\",\"id\":317,\"alt\":\"sexual desire intimacy\",\"pixels\":181800,\"type\":\"image/png\"}', 0, 1, NULL, '2020-11-12 02:34:04', '2020-11-12 12:52:44', 3, NULL, NULL, NULL, NULL, 1),
(155, 'https://montreal.sexcoupletherapy.com/wp-content/uploads/sites/3/2016/02/bad-relationships.jpg', '94:d0dd4c0524384a4206a40facd312182d', 84, 'post', 'attachment', 1, 26, NULL, NULL, 'bad-relationships', 'inherit', NULL, 0, NULL, NULL, NULL, NULL, NULL, 0, 0, NULL, 0, NULL, NULL, NULL, NULL, 'https://montreal.sexcoupletherapy.com/wp-content/uploads/sites/3/2016/02/bad-relationships.jpg', NULL, '84', 'attachment-image', NULL, NULL, 'https://montreal.sexcoupletherapy.com/wp-content/uploads/sites/3/2016/02/bad-relationships.jpg', '84', 'attachment-image', '{\"width\":480,\"height\":420,\"url\":\"https://montreal.sexcoupletherapy.com/wp-content/uploads/sites/3/2016/02/bad-relationships.jpg\",\"path\":\"/var/www/vhosts/vps121626.vps.ovh.ca/lesexologue.ca/wp-content/uploads/sites/3/2016/02/bad-relationships.jpg\",\"size\":\"full\",\"id\":84,\"alt\":\"\",\"pixels\":201600,\"type\":\"image/jpeg\"}', 0, 1, NULL, '2020-11-12 02:34:07', '2020-11-12 07:34:07', 3, NULL, NULL, NULL, NULL, 0),
(156, 'https://montreal.sexcoupletherapy.com/wp-content/uploads/sites/3/2015/03/couple-désir.jpg', '91:e96249983c80a8a6ddc819b997291421', 240, 'post', 'attachment', 2, 36, NULL, NULL, 'couple desire', 'inherit', NULL, 0, NULL, NULL, NULL, NULL, NULL, 0, 0, NULL, 0, NULL, NULL, NULL, NULL, 'https://montreal.sexcoupletherapy.com/wp-content/uploads/sites/3/2015/03/couple-désir.jpg', NULL, '240', 'attachment-image', NULL, NULL, 'https://montreal.sexcoupletherapy.com/wp-content/uploads/sites/3/2015/03/couple-désir.jpg', '240', 'attachment-image', '{\"width\":1680,\"height\":2520,\"url\":\"https://montreal.sexcoupletherapy.com/wp-content/uploads/sites/3/2015/03/couple-de\\u0301sir.jpg\",\"path\":\"/var/www/vhosts/vps121626.vps.ovh.ca/lesexologue.ca/wp-content/uploads/sites/3/2015/03/couple-de\\u0301sir.jpg\",\"size\":\"full\",\"id\":240,\"alt\":\"type of sexual desire\",\"pixels\":4233600,\"type\":\"image/jpeg\"}', 0, 1, NULL, '2020-11-12 02:34:09', '2020-11-12 12:52:44', 3, NULL, NULL, NULL, NULL, 1),
(157, 'https://montreal.sexcoupletherapy.com/wp-content/uploads/sites/3/2017/06/sex-therapist-montreal-.jpg', '100:08956c75af7fa29b37555251355fd187', 374, 'post', 'attachment', 2, 359, NULL, NULL, 'sex therapist montreal', 'inherit', NULL, 0, NULL, NULL, NULL, NULL, NULL, 0, 0, NULL, 0, NULL, NULL, NULL, NULL, 'https://montreal.sexcoupletherapy.com/wp-content/uploads/sites/3/2017/06/sex-therapist-montreal-.jpg', NULL, '374', 'attachment-image', NULL, NULL, 'https://montreal.sexcoupletherapy.com/wp-content/uploads/sites/3/2017/06/sex-therapist-montreal-.jpg', '374', 'attachment-image', '{\"width\":1024,\"height\":576,\"url\":\"https://montreal.sexcoupletherapy.com/wp-content/uploads/sites/3/2017/06/sex-therapist-montreal-.jpg\",\"path\":\"/var/www/vhosts/vps121626.vps.ovh.ca/lesexologue.ca/wp-content/uploads/sites/3/2017/06/sex-therapist-montreal-.jpg\",\"size\":\"full\",\"id\":374,\"alt\":\"sex therapist montreal\",\"pixels\":589824,\"type\":\"image/jpeg\"}', 0, 1, NULL, '2020-11-12 02:34:11', '2020-11-12 07:34:11', 3, NULL, NULL, NULL, NULL, 0),
(158, 'https://montreal.sexcoupletherapy.com/wp-content/uploads/sites/3/2013/06/Screen-Shot-2017-06-07-at-10.58.00-AM.png', '114:4edf36561d86a70f25279c6f69a1ff5f', 293, 'post', 'attachment', 2, 58, NULL, NULL, 'emotional conflict', 'inherit', NULL, 0, NULL, NULL, NULL, NULL, NULL, 0, 0, NULL, 0, NULL, NULL, NULL, NULL, 'https://montreal.sexcoupletherapy.com/wp-content/uploads/sites/3/2013/06/Screen-Shot-2017-06-07-at-10.58.00-AM.png', NULL, '293', 'attachment-image', NULL, NULL, 'https://montreal.sexcoupletherapy.com/wp-content/uploads/sites/3/2013/06/Screen-Shot-2017-06-07-at-10.58.00-AM.png', '293', 'attachment-image', '{\"width\":580,\"height\":552,\"url\":\"https://montreal.sexcoupletherapy.com/wp-content/uploads/sites/3/2013/06/Screen-Shot-2017-06-07-at-10.58.00-AM.png\",\"path\":\"/var/www/vhosts/vps121626.vps.ovh.ca/lesexologue.ca/wp-content/uploads/sites/3/2013/06/Screen-Shot-2017-06-07-at-10.58.00-AM.png\",\"size\":\"full\",\"id\":293,\"alt\":\"couple fighting\",\"pixels\":320160,\"type\":\"image/png\"}', 0, 1, NULL, '2020-11-12 02:34:13', '2020-11-12 07:34:13', 3, NULL, NULL, NULL, NULL, 0),
(159, 'https://montreal.sexcoupletherapy.com/wp-content/uploads/sites/3/2013/01/Performance-sexuelle-2.jpg', '99:66b9516eaa6425deb583ee3b30576a21', 325, 'post', 'attachment', 2, 65, NULL, NULL, 'seduction', 'inherit', NULL, 0, NULL, NULL, NULL, NULL, NULL, 0, 0, NULL, 0, NULL, NULL, NULL, NULL, 'https://montreal.sexcoupletherapy.com/wp-content/uploads/sites/3/2013/01/Performance-sexuelle-2.jpg', NULL, '325', 'attachment-image', NULL, NULL, 'https://montreal.sexcoupletherapy.com/wp-content/uploads/sites/3/2013/01/Performance-sexuelle-2.jpg', '325', 'attachment-image', '{\"width\":1697,\"height\":1131,\"url\":\"https://montreal.sexcoupletherapy.com/wp-content/uploads/sites/3/2013/01/Performance-sexuelle-2.jpg\",\"path\":\"/var/www/vhosts/vps121626.vps.ovh.ca/lesexologue.ca/wp-content/uploads/sites/3/2013/01/Performance-sexuelle-2.jpg\",\"size\":\"full\",\"id\":325,\"alt\":\"seduction\",\"pixels\":1919307,\"type\":\"image/jpeg\"}', 0, 1, NULL, '2020-11-12 02:34:15', '2020-11-12 07:34:16', 3, NULL, NULL, NULL, NULL, 0),
(160, 'https://montreal.sexcoupletherapy.com/wp-content/uploads/sites/3/2013/06/dsvy9nrykrg-azrul-aziz.jpg', '99:d0f95b9d4fdfa62a75ca58c387a2d90c', 305, 'post', 'attachment', 2, 60, NULL, NULL, 'intimacy couple', 'inherit', NULL, 0, NULL, NULL, NULL, NULL, NULL, 0, 0, NULL, 0, NULL, NULL, NULL, NULL, 'https://montreal.sexcoupletherapy.com/wp-content/uploads/sites/3/2013/06/dsvy9nrykrg-azrul-aziz.jpg', NULL, '305', 'attachment-image', NULL, NULL, 'https://montreal.sexcoupletherapy.com/wp-content/uploads/sites/3/2013/06/dsvy9nrykrg-azrul-aziz.jpg', '305', 'attachment-image', '{\"width\":3240,\"height\":2160,\"url\":\"https://montreal.sexcoupletherapy.com/wp-content/uploads/sites/3/2013/06/dsvy9nrykrg-azrul-aziz.jpg\",\"path\":\"/var/www/vhosts/vps121626.vps.ovh.ca/lesexologue.ca/wp-content/uploads/sites/3/2013/06/dsvy9nrykrg-azrul-aziz.jpg\",\"size\":\"full\",\"id\":305,\"alt\":\"couple intimacy desire\",\"pixels\":6998400,\"type\":\"image/jpeg\"}', 0, 1, NULL, '2020-11-12 02:34:18', '2020-11-12 12:52:44', 3, NULL, NULL, NULL, NULL, 1),
(161, 'https://montreal.sexcoupletherapy.com/wp-content/uploads/sites/3/2013/06/stay-calm-sexual-issues.png', '100:dae55a06ebc15c8336cf7dc9df51ee2f', 299, 'post', 'attachment', 2, 59, NULL, NULL, 'stay calm sexual issues', 'inherit', NULL, 0, NULL, NULL, NULL, NULL, NULL, 0, 0, NULL, 0, NULL, NULL, NULL, NULL, 'https://montreal.sexcoupletherapy.com/wp-content/uploads/sites/3/2013/06/stay-calm-sexual-issues.png', NULL, '299', 'attachment-image', NULL, NULL, 'https://montreal.sexcoupletherapy.com/wp-content/uploads/sites/3/2013/06/stay-calm-sexual-issues.png', '299', 'attachment-image', '{\"width\":600,\"height\":800,\"url\":\"https://montreal.sexcoupletherapy.com/wp-content/uploads/sites/3/2013/06/stay-calm-sexual-issues.png\",\"path\":\"/var/www/vhosts/vps121626.vps.ovh.ca/lesexologue.ca/wp-content/uploads/sites/3/2013/06/stay-calm-sexual-issues.png\",\"size\":\"full\",\"id\":299,\"alt\":\"emotional balance\",\"pixels\":480000,\"type\":\"image/png\"}', 0, 1, NULL, '2020-11-12 02:34:20', '2020-11-12 12:52:44', 3, NULL, NULL, NULL, NULL, 1),
(162, 'https://montreal.sexcoupletherapy.com/wp-content/uploads/sites/3/2013/03/commitment.jpg', '87:41012a7036b355798d0748a3b9839f0a', 322, 'post', 'attachment', 2, 63, NULL, NULL, 'commitment', 'inherit', NULL, 0, NULL, NULL, NULL, NULL, NULL, 0, 0, NULL, 0, NULL, NULL, NULL, NULL, 'https://montreal.sexcoupletherapy.com/wp-content/uploads/sites/3/2013/03/commitment.jpg', NULL, '322', 'attachment-image', NULL, NULL, 'https://montreal.sexcoupletherapy.com/wp-content/uploads/sites/3/2013/03/commitment.jpg', '322', 'attachment-image', '{\"width\":590,\"height\":406,\"url\":\"https://montreal.sexcoupletherapy.com/wp-content/uploads/sites/3/2013/03/commitment.jpg\",\"path\":\"/var/www/vhosts/vps121626.vps.ovh.ca/lesexologue.ca/wp-content/uploads/sites/3/2013/03/commitment.jpg\",\"size\":\"full\",\"id\":322,\"alt\":\"relationship commitment\",\"pixels\":239540,\"type\":\"image/jpeg\"}', 0, 1, NULL, '2020-11-12 02:34:22', '2020-11-12 07:34:22', 3, NULL, NULL, NULL, NULL, 0),
(163, 'https://montreal.sexcoupletherapy.com/wp-content/uploads/sites/3/2016/08/argument-238529_1920.jpg', '97:cdb4a0a6385665ab8726f99b1ad707ef', 404, 'post', 'attachment', 2, 23, NULL, NULL, 'argument', 'inherit', NULL, 0, NULL, NULL, NULL, NULL, NULL, 0, 0, NULL, 0, NULL, NULL, NULL, NULL, 'https://montreal.sexcoupletherapy.com/wp-content/uploads/sites/3/2016/08/argument-238529_1920.jpg', NULL, '404', 'attachment-image', NULL, NULL, 'https://montreal.sexcoupletherapy.com/wp-content/uploads/sites/3/2016/08/argument-238529_1920.jpg', '404', 'attachment-image', '{\"width\":1920,\"height\":1279,\"url\":\"https://montreal.sexcoupletherapy.com/wp-content/uploads/sites/3/2016/08/argument-238529_1920.jpg\",\"path\":\"/var/www/vhosts/vps121626.vps.ovh.ca/lesexologue.ca/wp-content/uploads/sites/3/2016/08/argument-238529_1920.jpg\",\"size\":\"full\",\"id\":404,\"alt\":\"arguing couple\",\"pixels\":2455680,\"type\":\"image/jpeg\"}', 0, 1, NULL, '2020-11-12 02:34:24', '2020-11-12 07:34:24', 3, NULL, NULL, NULL, NULL, 0),
(164, 'https://montreal.sexcoupletherapy.com/wp-content/uploads/sites/3/2019/06/5d04219a5b89169d1dbd869a_talk-about-sex-min.jpg', '120:1631f040a34516551e68c1342ee0ffc1', 478, 'post', 'attachment', 2, 490, NULL, NULL, 'oral sex', 'inherit', NULL, 0, NULL, NULL, NULL, NULL, NULL, 0, 0, NULL, 0, NULL, NULL, NULL, NULL, 'https://montreal.sexcoupletherapy.com/wp-content/uploads/sites/3/2019/06/5d04219a5b89169d1dbd869a_talk-about-sex-min.jpg', NULL, '478', 'attachment-image', NULL, NULL, 'https://montreal.sexcoupletherapy.com/wp-content/uploads/sites/3/2019/06/5d04219a5b89169d1dbd869a_talk-about-sex-min.jpg', '478', 'attachment-image', '{\"width\":703,\"height\":467,\"url\":\"https://montreal.sexcoupletherapy.com/wp-content/uploads/sites/3/2019/06/5d04219a5b89169d1dbd869a_talk-about-sex-min.jpg\",\"path\":\"/var/www/vhosts/vps121626.vps.ovh.ca/lesexologue.ca/wp-content/uploads/sites/3/2019/06/5d04219a5b89169d1dbd869a_talk-about-sex-min.jpg\",\"size\":\"full\",\"id\":478,\"alt\":\"oral sex\",\"pixels\":328301,\"type\":\"image/jpeg\"}', 0, 1, NULL, '2020-11-12 02:34:28', '2020-11-12 07:34:28', 3, NULL, NULL, NULL, NULL, 0),
(165, 'https://montreal.sexcoupletherapy.com/wp-content/uploads/sites/3/2015/03/Couple-Hugging-Drawing-4.jpg', '101:fe4acbd04c6e189193ed04a0d74b7af9', 236, 'post', 'attachment', 2, 34, NULL, NULL, 'désir sexuel', 'inherit', NULL, 0, NULL, NULL, NULL, NULL, NULL, 0, 0, NULL, 0, NULL, NULL, NULL, NULL, 'https://montreal.sexcoupletherapy.com/wp-content/uploads/sites/3/2015/03/Couple-Hugging-Drawing-4.jpg', NULL, '236', 'attachment-image', NULL, NULL, 'https://montreal.sexcoupletherapy.com/wp-content/uploads/sites/3/2015/03/Couple-Hugging-Drawing-4.jpg', '236', 'attachment-image', '{\"width\":468,\"height\":550,\"url\":\"https://montreal.sexcoupletherapy.com/wp-content/uploads/sites/3/2015/03/Couple-Hugging-Drawing-4.jpg\",\"path\":\"/var/www/vhosts/vps121626.vps.ovh.ca/lesexologue.ca/wp-content/uploads/sites/3/2015/03/Couple-Hugging-Drawing-4.jpg\",\"size\":\"full\",\"id\":236,\"alt\":\"type de d\\u00e9sir\",\"pixels\":257400,\"type\":\"image/jpeg\"}', 0, 1, NULL, '2020-11-12 02:34:29', '2020-11-12 13:00:27', 3, NULL, NULL, NULL, NULL, 1),
(166, 'https://montreal.sexcoupletherapy.com/wp-content/uploads/sites/3/2016/09/two-2Bidiots.jpg', '89:fc7fe0345adccfdfb0ab9e8ed902c956', 72, 'post', 'attachment', 1, 20, NULL, NULL, 'two-2Bidiots', 'inherit', NULL, 0, NULL, NULL, NULL, NULL, NULL, 0, 0, NULL, 0, NULL, NULL, NULL, NULL, 'https://montreal.sexcoupletherapy.com/wp-content/uploads/sites/3/2016/09/two-2Bidiots.jpg', NULL, '72', 'attachment-image', NULL, NULL, 'https://montreal.sexcoupletherapy.com/wp-content/uploads/sites/3/2016/09/two-2Bidiots.jpg', '72', 'attachment-image', '{\"width\":600,\"height\":600,\"url\":\"https://montreal.sexcoupletherapy.com/wp-content/uploads/sites/3/2016/09/two-2Bidiots.jpg\",\"path\":\"/var/www/vhosts/vps121626.vps.ovh.ca/lesexologue.ca/wp-content/uploads/sites/3/2016/09/two-2Bidiots.jpg\",\"size\":\"full\",\"id\":72,\"alt\":\"\",\"pixels\":360000,\"type\":\"image/jpeg\"}', 0, 1, NULL, '2020-11-12 02:34:34', '2020-11-12 07:34:34', 3, NULL, NULL, NULL, NULL, 0),
(167, 'https://montreal.sexcoupletherapy.com/wp-content/uploads/sites/3/2014/03/funny-love.png', '87:1c9d7e14597ee8d75a7f79c8b0e368b7', 273, 'post', 'attachment', 2, 53, NULL, NULL, 'funny love', 'inherit', NULL, 0, NULL, NULL, NULL, NULL, NULL, 0, 0, NULL, 0, NULL, NULL, NULL, NULL, 'https://montreal.sexcoupletherapy.com/wp-content/uploads/sites/3/2014/03/funny-love.png', NULL, '273', 'attachment-image', NULL, NULL, 'https://montreal.sexcoupletherapy.com/wp-content/uploads/sites/3/2014/03/funny-love.png', '273', 'attachment-image', '{\"width\":288,\"height\":288,\"url\":\"https://montreal.sexcoupletherapy.com/wp-content/uploads/sites/3/2014/03/funny-love.png\",\"path\":\"/var/www/vhosts/vps121626.vps.ovh.ca/lesexologue.ca/wp-content/uploads/sites/3/2014/03/funny-love.png\",\"size\":\"full\",\"id\":273,\"alt\":\"feeling sexy\",\"pixels\":82944,\"type\":\"image/png\"}', 0, 1, NULL, '2020-11-12 02:34:35', '2020-11-12 07:34:35', 3, NULL, NULL, NULL, NULL, 0),
(168, 'https://montreal.sexcoupletherapy.com/wp-content/uploads/sites/3/2016/08/connection-2Brelatiionship.jpg', '103:0f9afc32c2c5a89e19bf222de856398c', 76, 'post', 'attachment', 1, 22, NULL, NULL, 'connection-2Brelatiionship', 'inherit', NULL, 0, NULL, NULL, NULL, NULL, NULL, 0, 0, NULL, 0, NULL, NULL, NULL, NULL, 'https://montreal.sexcoupletherapy.com/wp-content/uploads/sites/3/2016/08/connection-2Brelatiionship.jpg', NULL, '76', 'attachment-image', NULL, NULL, 'https://montreal.sexcoupletherapy.com/wp-content/uploads/sites/3/2016/08/connection-2Brelatiionship.jpg', '76', 'attachment-image', '{\"width\":504,\"height\":261,\"url\":\"https://montreal.sexcoupletherapy.com/wp-content/uploads/sites/3/2016/08/connection-2Brelatiionship.jpg\",\"path\":\"/var/www/vhosts/vps121626.vps.ovh.ca/lesexologue.ca/wp-content/uploads/sites/3/2016/08/connection-2Brelatiionship.jpg\",\"size\":\"full\",\"id\":76,\"alt\":\"\",\"pixels\":131544,\"type\":\"image/jpeg\"}', 0, 1, NULL, '2020-11-12 02:34:37', '2020-11-12 07:34:37', 3, NULL, NULL, NULL, NULL, 0),
(169, 'https://montreal.sexcoupletherapy.com/wp-content/uploads/sites/3/2016/08/sexual-2Bperformance-2Borgasm.jpg', '106:3b35c6a8ba5036454a6d109ba464d371', 74, 'post', 'attachment', 1, 21, NULL, NULL, 'sexual-2Bperformance-2Borgasm', 'inherit', NULL, 0, NULL, NULL, NULL, NULL, NULL, 0, 0, NULL, 0, NULL, NULL, NULL, NULL, 'https://montreal.sexcoupletherapy.com/wp-content/uploads/sites/3/2016/08/sexual-2Bperformance-2Borgasm.jpg', NULL, '74', 'attachment-image', NULL, NULL, 'https://montreal.sexcoupletherapy.com/wp-content/uploads/sites/3/2016/08/sexual-2Bperformance-2Borgasm.jpg', '74', 'attachment-image', '{\"width\":510,\"height\":288,\"url\":\"https://montreal.sexcoupletherapy.com/wp-content/uploads/sites/3/2016/08/sexual-2Bperformance-2Borgasm.jpg\",\"path\":\"/var/www/vhosts/vps121626.vps.ovh.ca/lesexologue.ca/wp-content/uploads/sites/3/2016/08/sexual-2Bperformance-2Borgasm.jpg\",\"size\":\"full\",\"id\":74,\"alt\":\"\",\"pixels\":146880,\"type\":\"image/jpeg\"}', 0, 1, NULL, '2020-11-12 02:34:44', '2020-11-12 07:34:44', 3, NULL, NULL, NULL, NULL, 0),
(170, 'https://montreal.sexcoupletherapy.com/wp-content/uploads/sites/3/2014/03/Screen-Shot-2017-02-01-at-1.56.51-PM.png', '113:33bfc4434cd2695d65e23145cb01abfc', 276, 'post', 'attachment', 2, 54, NULL, NULL, 'sex', 'inherit', NULL, 0, NULL, NULL, NULL, NULL, NULL, 0, 0, NULL, 0, NULL, NULL, NULL, NULL, 'https://montreal.sexcoupletherapy.com/wp-content/uploads/sites/3/2014/03/Screen-Shot-2017-02-01-at-1.56.51-PM.png', NULL, '276', 'attachment-image', NULL, NULL, 'https://montreal.sexcoupletherapy.com/wp-content/uploads/sites/3/2014/03/Screen-Shot-2017-02-01-at-1.56.51-PM.png', '276', 'attachment-image', '{\"width\":1028,\"height\":620,\"url\":\"https://montreal.sexcoupletherapy.com/wp-content/uploads/sites/3/2014/03/Screen-Shot-2017-02-01-at-1.56.51-PM.png\",\"path\":\"/var/www/vhosts/vps121626.vps.ovh.ca/lesexologue.ca/wp-content/uploads/sites/3/2014/03/Screen-Shot-2017-02-01-at-1.56.51-PM.png\",\"size\":\"full\",\"id\":276,\"alt\":\"different levels sexual desire\",\"pixels\":637360,\"type\":\"image/png\"}', 0, 1, NULL, '2020-11-12 02:34:46', '2020-11-12 07:34:46', 3, NULL, NULL, NULL, NULL, 0),
(171, 'https://montreal.sexcoupletherapy.com/category/sexologist-montreal', '66:2d1403d3b573580af9f8899910f7d08e', 35, 'term', 'category', NULL, NULL, NULL, NULL, 'sexologist montreal', NULL, NULL, 0, NULL, NULL, NULL, NULL, NULL, NULL, 0, NULL, NULL, NULL, NULL, NULL, NULL, NULL, NULL, NULL, NULL, NULL, NULL, NULL, NULL, NULL, NULL, NULL, NULL, NULL, '2020-11-12 03:07:22', '2020-11-12 08:07:22', 3, NULL, NULL, NULL, NULL, 0),
(172, 'https://montreal.sexcoupletherapy.com/category/fidelity', '55:7327e19a422cfe967573d1e5b889e2c4', 29, 'term', 'category', NULL, NULL, NULL, NULL, 'fidelity', NULL, NULL, 0, NULL, NULL, NULL, NULL, NULL, NULL, 0, NULL, NULL, NULL, NULL, NULL, NULL, NULL, NULL, NULL, NULL, NULL, NULL, NULL, NULL, NULL, NULL, NULL, NULL, NULL, '2020-11-12 07:48:51', '2020-11-12 12:48:51', 3, NULL, NULL, NULL, NULL, 0),
(173, 'https://montreal.sexcoupletherapy.com/category/intimacy', '55:001901ca837339d53f93d4ba1421326e', 48, 'term', 'category', NULL, NULL, NULL, NULL, 'intimacy', NULL, NULL, 0, NULL, NULL, NULL, NULL, NULL, NULL, 0, NULL, NULL, NULL, NULL, NULL, NULL, NULL, NULL, NULL, NULL, NULL, NULL, NULL, NULL, NULL, NULL, NULL, NULL, NULL, '2020-11-12 07:52:44', '2020-11-12 12:52:44', 3, NULL, NULL, NULL, NULL, 0),
(174, 'https://montreal.sexcoupletherapy.com/category/nice-guy', '55:760099a3cf2c2c16939facfa588b3037', 38, 'term', 'category', NULL, NULL, NULL, NULL, 'nice guy', NULL, NULL, 0, NULL, NULL, NULL, NULL, NULL, NULL, 0, NULL, NULL, NULL, NULL, NULL, NULL, NULL, NULL, NULL, NULL, NULL, NULL, NULL, NULL, NULL, NULL, NULL, NULL, NULL, '2020-11-12 08:00:27', '2020-11-12 13:00:27', 3, NULL, NULL, NULL, NULL, 0),
(175, 'https://montreal.sexcoupletherapy.com/category/process-of-sextherapy', '68:29d4ce5e626cf903df1fddbd740126da', 68, 'term', 'category', NULL, NULL, NULL, NULL, 'process of sextherapy', NULL, NULL, 0, NULL, NULL, NULL, NULL, NULL, NULL, 0, NULL, NULL, NULL, NULL, NULL, NULL, NULL, NULL, NULL, NULL, NULL, NULL, NULL, NULL, NULL, NULL, NULL, NULL, NULL, '2020-11-12 08:01:46', '2020-11-12 13:01:46', 3, NULL, NULL, NULL, NULL, 0),
(176, 'https://montreal.sexcoupletherapy.com/2014/10/webseries-art-of-seduction.html', '77:c96008bbe40a81106f101433169d4d06', 43, 'post', 'post', 1, 0, NULL, NULL, 'Protégé : Webseries 01: The Art of Seduction', 'publish', 0, 1, NULL, NULL, NULL, NULL, NULL, 30, 0, NULL, 0, NULL, NULL, NULL, NULL, NULL, NULL, NULL, NULL, NULL, NULL, NULL, NULL, NULL, NULL, 0, NULL, NULL, '2020-11-12 08:44:06', '2020-11-12 13:44:06', 3, NULL, NULL, NULL, NULL, 0),
(177, 'https://montreal.sexcoupletherapy.com/page-d-exemple', '52:91cc51f68a29c3b92c5954b24dcab018', 2, 'post', 'page', 4, 0, NULL, NULL, 'Page d&rsquo;exemple', 'publish', NULL, 0, NULL, NULL, NULL, NULL, NULL, 0, 0, NULL, 0, NULL, NULL, NULL, NULL, NULL, NULL, NULL, NULL, NULL, NULL, NULL, NULL, NULL, NULL, 0, NULL, NULL, '2020-11-13 06:13:41', '2020-11-13 11:13:41', 3, NULL, NULL, NULL, NULL, 0),
(178, 'http://montreal.sexcoupletherapy.com/?p=530', '43:1fef086d52dcc7e36ee06a1aa616f513', 530, 'post', 'post', 2, 0, NULL, NULL, 'Auto Draft', 'auto-draft', 0, 0, NULL, NULL, NULL, NULL, NULL, 0, 0, NULL, 0, NULL, NULL, NULL, NULL, NULL, NULL, NULL, NULL, NULL, NULL, NULL, NULL, NULL, NULL, 0, NULL, NULL, '2020-11-13 13:58:00', '2020-11-13 18:58:00', 3, NULL, NULL, NULL, NULL, 0);

-- --------------------------------------------------------

--
-- Structure de la table `sle_3_yoast_indexable_hierarchy`
--

CREATE TABLE `sle_3_yoast_indexable_hierarchy` (
  `indexable_id` int(11) UNSIGNED NOT NULL DEFAULT '0',
  `ancestor_id` int(11) UNSIGNED NOT NULL DEFAULT '0',
  `depth` int(11) UNSIGNED DEFAULT NULL,
  `blog_id` bigint(20) NOT NULL DEFAULT '3'
) ENGINE=MyISAM DEFAULT CHARSET=utf8;

--
-- Contenu de la table `sle_3_yoast_indexable_hierarchy`
--

INSERT INTO `sle_3_yoast_indexable_hierarchy` (`indexable_id`, `ancestor_id`, `depth`, `blog_id`) VALUES
(132, 84, 1, 3),
(133, 122, 1, 3),
(134, 70, 1, 3),
(135, 61, 1, 3),
(137, 136, 1, 3),
(138, 10, 1, 3),
(139, 26, 1, 3),
(140, 136, 1, 3),
(141, 50, 1, 3),
(142, 83, 1, 3),
(143, 67, 1, 3),
(144, 20, 1, 3),
(145, 111, 1, 3),
(146, 17, 1, 3),
(147, 55, 1, 3),
(148, 114, 1, 3),
(149, 42, 1, 3),
(150, 21, 1, 3),
(151, 15, 1, 3),
(152, 51, 1, 3),
(153, 136, 1, 3),
(154, 11, 1, 3),
(155, 28, 1, 3),
(156, 52, 1, 3),
(157, 114, 1, 3),
(158, 12, 1, 3),
(159, 14, 1, 3),
(160, 13, 1, 3),
(161, 9, 1, 3),
(162, 5, 1, 3),
(163, 16, 1, 3),
(164, 35, 1, 3),
(165, 53, 1, 3),
(166, 108, 1, 3),
(167, 23, 1, 3),
(168, 18, 1, 3),
(169, 63, 1, 3),
(170, 22, 1, 3),
(179, 122, 1, 3);

-- --------------------------------------------------------

--
-- Structure de la table `sle_3_yoast_migrations`
--

CREATE TABLE `sle_3_yoast_migrations` (
  `id` int(11) UNSIGNED NOT NULL,
  `version` varchar(191) DEFAULT NULL
) ENGINE=MyISAM DEFAULT CHARSET=utf8;

--
-- Contenu de la table `sle_3_yoast_migrations`
--

INSERT INTO `sle_3_yoast_migrations` (`id`, `version`) VALUES
(1, '20171228151840'),
(2, '20171228151841'),
(3, '20190529075038'),
(4, '20191011111109'),
(5, '20200408101900'),
(6, '20200420073606'),
(7, '20200428123747'),
(8, '20200428194858'),
(9, '20200429105310'),
(10, '20200430075614'),
(11, '20200430150130'),
(12, '20200507054848'),
(13, '20200513133401'),
(14, '20200609154515'),
(15, '20200616130143'),
(16, '20200617122511'),
(17, '20200702141921'),
(18, '20200728095334');

-- --------------------------------------------------------

--
-- Structure de la table `sle_3_yoast_primary_term`
--

CREATE TABLE `sle_3_yoast_primary_term` (
  `id` int(11) UNSIGNED NOT NULL,
  `post_id` int(11) UNSIGNED NOT NULL,
  `term_id` int(11) UNSIGNED NOT NULL,
  `taxonomy` varchar(32) NOT NULL,
  `created_at` datetime DEFAULT NULL,
  `updated_at` timestamp NOT NULL DEFAULT CURRENT_TIMESTAMP ON UPDATE CURRENT_TIMESTAMP,
  `blog_id` bigint(20) NOT NULL DEFAULT '3'
) ENGINE=MyISAM DEFAULT CHARSET=utf8;

--
-- Contenu de la table `sle_3_yoast_primary_term`
--

INSERT INTO `sle_3_yoast_primary_term` (`id`, `post_id`, `term_id`, `taxonomy`, `created_at`, `updated_at`, `blog_id`) VALUES
(1, 63, 1, 'category', '2020-11-04 19:45:18', '2020-11-05 00:45:18', 3),
(2, 35, 15, 'category', '2020-11-04 20:20:31', '2020-11-05 01:20:31', 3),
(3, 59, 19, 'category', '2020-11-04 20:38:40', '2020-11-05 01:38:40', 3),
(4, 61, 6, 'category', '2020-11-04 20:38:40', '2020-11-05 01:38:40', 3),
(5, 62, 17, 'category', '2020-11-04 20:38:40', '2020-11-05 01:38:40', 3),
(6, 58, 13, 'category', '2020-11-04 20:38:40', '2020-11-05 01:38:40', 3),
(7, 60, 6, 'category', '2020-11-04 20:38:40', '2020-11-05 01:38:40', 3),
(8, 65, 56, 'category', '2020-11-04 20:38:40', '2020-11-05 01:38:40', 3),
(9, 28, 26, 'category', '2020-11-04 20:43:44', '2020-11-05 01:43:44', 3),
(10, 24, 6, 'category', '2020-11-04 21:09:30', '2020-11-05 02:09:30', 3),
(11, 49, 13, 'category', '2020-11-04 21:09:30', '2020-11-05 02:09:30', 3),
(12, 50, 26, 'category', '2020-11-04 21:09:30', '2020-11-05 02:09:30', 3),
(13, 52, 10, 'category', '2020-11-04 21:09:30', '2020-11-05 02:09:30', 3),
(14, 27, 20, 'category', '2020-11-04 21:45:46', '2020-11-05 02:45:46', 3),
(15, 66, 10, 'category', '2020-11-05 06:07:40', '2020-11-05 11:07:40', 3),
(16, 38, 51, 'category', '2020-11-05 10:39:30', '2020-11-05 15:39:30', 3),
(17, 37, 51, 'category', '2020-11-05 11:53:43', '2020-11-05 16:53:43', 3),
(18, 67, 6, 'category', '2020-11-05 15:47:12', '2020-11-05 20:47:12', 3),
(19, 488, 74, 'category', '2020-11-05 20:12:03', '2020-11-06 01:12:03', 3),
(20, 455, 37, 'category', '2020-11-06 16:05:59', '2020-11-06 21:05:59', 3),
(21, 42, 13, 'category', '2020-11-06 19:50:54', '2020-11-07 00:50:54', 3),
(22, 352, 12, 'category', '2020-11-07 19:39:40', '2020-11-08 00:39:40', 3),
(23, 31, 33, 'category', '2020-11-07 20:42:18', '2020-11-08 01:42:18', 3),
(24, 68, 44, 'category', '2020-11-08 06:51:31', '2020-11-08 11:51:31', 3),
(25, 359, 70, 'category', '2020-11-08 08:55:39', '2020-11-08 13:55:39', 3),
(26, 19, 3, 'category', '2020-11-12 02:33:08', '2020-11-12 07:33:08', 3);

-- --------------------------------------------------------

--
-- Structure de la table `sle_3_yoast_seo_links`
--

CREATE TABLE `sle_3_yoast_seo_links` (
  `id` bigint(20) UNSIGNED NOT NULL,
  `url` varchar(255) DEFAULT NULL,
  `post_id` bigint(20) UNSIGNED DEFAULT NULL,
  `target_post_id` bigint(20) UNSIGNED DEFAULT NULL,
  `type` varchar(8) DEFAULT NULL,
  `indexable_id` int(11) UNSIGNED DEFAULT NULL,
  `target_indexable_id` int(11) UNSIGNED DEFAULT NULL,
  `height` int(11) UNSIGNED DEFAULT NULL,
  `width` int(11) UNSIGNED DEFAULT NULL,
  `size` int(11) UNSIGNED DEFAULT NULL,
  `language` varchar(32) DEFAULT NULL,
  `region` varchar(32) DEFAULT NULL
) ENGINE=MyISAM DEFAULT CHARSET=utf8;

--
-- Contenu de la table `sle_3_yoast_seo_links`
--

INSERT INTO `sle_3_yoast_seo_links` (`id`, `url`, `post_id`, `target_post_id`, `type`, `indexable_id`, `target_indexable_id`, `height`, `width`, `size`, `language`, `region`) VALUES
(1, 'http://3.bp.blogspot.com/-e4uXLJHSc70/UVNZA_H4_vI/AAAAAAAAAGo/J-F1fb-kAVI/s1600/557333_10152091522870015_18081991_n.jpg', 63, NULL, 'external', 5, NULL, NULL, NULL, NULL, NULL, NULL),
(2, 'http://4.bp.blogspot.com/-2ADTVyZkc7Q/UVNZGcQGBjI/AAAAAAAAAG0/uL2iXRxLPYU/s1600/428164_10150743830001800_515151799_11579975_441050559_n.jpg', 63, NULL, 'external', 5, NULL, NULL, NULL, NULL, NULL, NULL),
(3, 'http://www.sexcoupletherapy.com/', 63, NULL, 'external', 5, NULL, NULL, NULL, NULL, NULL, NULL),
(4, 'http://3.bp.blogspot.com/-e4uXLJHSc70/UVNZA_H4_vI/AAAAAAAAAGo/J-F1fb-kAVI/s320/557333_10152091522870015_18081991_n.jpg', 63, NULL, 'image-ex', 5, NULL, NULL, NULL, NULL, NULL, NULL),
(5, 'http://4.bp.blogspot.com/-2ADTVyZkc7Q/UVNZGcQGBjI/AAAAAAAAAG0/uL2iXRxLPYU/s320/428164_10150743830001800_515151799_11579975_441050559_n.jpg', 63, NULL, 'image-ex', 5, NULL, NULL, NULL, NULL, NULL, NULL),
(6, 'https://www.blogger.com/blogger.g?blogID=3518949513430806999#video16', 35, NULL, 'external', 7, NULL, NULL, NULL, NULL, NULL, NULL),
(7, 'https://www.blogger.com/null', 35, NULL, 'external', 7, NULL, NULL, NULL, NULL, NULL, NULL),
(8, 'https://www.blogger.com/null', 35, NULL, 'external', 7, NULL, NULL, NULL, NULL, NULL, NULL),
(9, 'https://www.blogger.com/null', 35, NULL, 'external', 7, NULL, NULL, NULL, NULL, NULL, NULL),
(10, 'http://www.sexcoupletherapy.com/', 35, NULL, 'external', 7, NULL, NULL, NULL, NULL, NULL, NULL),
(11, 'http://www.sexcoupletherapy.com/', 65, NULL, 'external', 14, NULL, NULL, NULL, NULL, NULL, NULL),
(12, 'http://montreal.sexcoupletherapy.com/2013/06/sexual-intimacy-part-2.html', 60, 61, 'internal', 13, 10, NULL, NULL, NULL, NULL, NULL),
(13, 'http://montreal.sexcoupletherapy.com/2013/01/a-lack-of-sexual-desire-is-good-for.html', 60, NULL, 'internal', 13, NULL, NULL, NULL, NULL, NULL, NULL),
(14, 'http://montreal.sexcoupletherapy.com/2013/01/relationship-patterns-and-seduction.html', 60, 65, 'internal', 13, 14, NULL, NULL, NULL, NULL, NULL),
(15, 'http://www.sexcoupletherapy.com/', 60, NULL, 'external', 13, NULL, NULL, NULL, NULL, NULL, NULL),
(16, 'http://montreal.sexcoupletherapy.com/2013/06/sexual-intimacy.html', 60, 62, 'internal', 13, 11, NULL, NULL, NULL, NULL, NULL),
(17, 'http://montreal.sexcoupletherapy.com/2013/06/sexual-intimacy-part-2.html', 60, 61, 'internal', 13, 10, NULL, NULL, NULL, NULL, NULL),
(18, 'http://montreal.sexcoupletherapy.com/2013/06/sexual-intimacy-sexual-desire-part-4.html', 60, 59, 'internal', 13, 9, NULL, NULL, NULL, NULL, NULL),
(19, 'http://montreal.sexcoupletherapy.com/2013/03/why-its-hard-to-truly-commit-to-our.html', 60, NULL, 'internal', 13, NULL, NULL, NULL, NULL, NULL, NULL),
(20, 'http://montreal.sexcoupletherapy.com/2013/06/emotional-gridlock.html', 60, 58, 'internal', 13, 12, NULL, NULL, NULL, NULL, NULL),
(21, 'http://montreal.sexcoupletherapy.com/2013/01/a-lack-of-sexual-desire-is-good-for.html', 60, NULL, 'internal', 13, NULL, NULL, NULL, NULL, NULL, NULL),
(22, 'http://montreal.sexcoupletherapy.com/2012/12/couples-communication-issues-or-unable.html', 60, NULL, 'internal', 13, NULL, NULL, NULL, NULL, NULL, NULL),
(23, 'http://montreal.sexcoupletherapy.com/2012/12/couples-communication-issues-or-unable.html', 58, NULL, 'internal', 12, NULL, NULL, NULL, NULL, NULL, NULL),
(24, 'http://montreal.sexcoupletherapy.com/2013/06/sexual-intimacy-sexual-desire-part-4.html', 58, 59, 'internal', 12, 9, NULL, NULL, NULL, NULL, NULL),
(25, 'http://www.sexcoupletherapy.com/', 58, NULL, 'external', 12, NULL, NULL, NULL, NULL, NULL, NULL),
(26, 'http://montreal.sexcoupletherapy.com/2013/06/sexual-intimacy.html', 58, 62, 'internal', 12, 11, NULL, NULL, NULL, NULL, NULL),
(27, 'http://montreal.sexcoupletherapy.com/2013/06/sexual-intimacy-part-2.html', 58, 61, 'internal', 12, 10, NULL, NULL, NULL, NULL, NULL),
(28, 'http://montreal.sexcoupletherapy.com/2013/06/sexual-intimacy-sexual-desire-part-3.html', 58, 60, 'internal', 12, 13, NULL, NULL, NULL, NULL, NULL),
(29, 'http://montreal.sexcoupletherapy.com/2013/06/sexual-intimacy-sexual-desire-part-4.html', 58, 59, 'internal', 12, 9, NULL, NULL, NULL, NULL, NULL),
(30, 'http://montreal.sexcoupletherapy.com/2013/06/emotional-gridlock.html', 62, 58, 'internal', 11, 12, NULL, NULL, NULL, NULL, NULL),
(31, 'http://montreal.sexcoupletherapy.com/2013/06/sexual-intimacy-sexual-desire-part-4.html', 62, 59, 'internal', 11, 9, NULL, NULL, NULL, NULL, NULL),
(32, 'http://www.sexcoupletherapy.com/', 62, NULL, 'external', 11, NULL, NULL, NULL, NULL, NULL, NULL),
(33, 'http://www.sexcoupletherapy.com/', 62, NULL, 'external', 11, NULL, NULL, NULL, NULL, NULL, NULL),
(34, 'http://montreal.sexcoupletherapy.com/2013/06/sexual-intimacy-part-2.html', 62, 61, 'internal', 11, 10, NULL, NULL, NULL, NULL, NULL),
(35, 'http://montreal.sexcoupletherapy.com/2013/06/sexual-intimacy-sexual-desire-part-3.html', 62, 60, 'internal', 11, 13, NULL, NULL, NULL, NULL, NULL),
(36, 'http://montreal.sexcoupletherapy.com/2013/06/sexual-intimacy-sexual-desire-part-4.html', 62, 59, 'internal', 11, 9, NULL, NULL, NULL, NULL, NULL),
(37, 'http://montreal.sexcoupletherapy.com/2013/03/why-its-hard-to-truly-commit-to-our.html', 62, NULL, 'internal', 11, NULL, NULL, NULL, NULL, NULL, NULL),
(38, 'http://montreal.sexcoupletherapy.com/2013/06/emotional-gridlock.html', 62, 58, 'internal', 11, 12, NULL, NULL, NULL, NULL, NULL),
(39, 'http://montreal.sexcoupletherapy.com/2013/01/a-lack-of-sexual-desire-is-good-for.html', 62, NULL, 'internal', 11, NULL, NULL, NULL, NULL, NULL, NULL),
(40, 'http://montreal.sexcoupletherapy.com/2012/12/couples-communication-issues-or-unable.html', 62, NULL, 'internal', 11, NULL, NULL, NULL, NULL, NULL, NULL),
(41, 'http://www.sexcoupletherapy.com/', 61, NULL, 'external', 10, NULL, NULL, NULL, NULL, NULL, NULL),
(42, 'http://montreal.sexcoupletherapy.com/2013/06/sexual-intimacy.html', 61, 62, 'internal', 10, 11, NULL, NULL, NULL, NULL, NULL),
(43, 'http://montreal.sexcoupletherapy.com/2013/06/sexual-intimacy-sexual-desire-part-3.html', 61, 60, 'internal', 10, 13, NULL, NULL, NULL, NULL, NULL),
(44, 'http://montreal.sexcoupletherapy.com/2013/06/sexual-intimacy-sexual-desire-part-4.html', 61, 59, 'internal', 10, 9, NULL, NULL, NULL, NULL, NULL),
(45, 'http://montreal.sexcoupletherapy.com/2013/03/why-its-hard-to-truly-commit-to-our.html', 61, NULL, 'internal', 10, NULL, NULL, NULL, NULL, NULL, NULL),
(46, 'http://montreal.sexcoupletherapy.com/2013/06/emotional-gridlock.html', 61, 58, 'internal', 10, 12, NULL, NULL, NULL, NULL, NULL),
(47, 'http://montreal.sexcoupletherapy.com/2013/01/a-lack-of-sexual-desire-is-good-for.html', 61, NULL, 'internal', 10, NULL, NULL, NULL, NULL, NULL, NULL),
(48, 'http://montreal.sexcoupletherapy.com/2012/12/couples-communication-issues-or-unable.html', 61, NULL, 'internal', 10, NULL, NULL, NULL, NULL, NULL, NULL),
(49, 'http://montreal.sexcoupletherapy.com/2013/06/sexual-intimacy-part-2.html', 59, 61, 'internal', 9, 10, NULL, NULL, NULL, NULL, NULL),
(50, 'http://montreal.sexcoupletherapy.com/2013/06/sexual-intimacy-part-2.html', 59, 61, 'internal', 9, 10, NULL, NULL, NULL, NULL, NULL),
(51, 'http://montreal.sexcoupletherapy.com/2012/12/couples-communication-issues-or-unable.html', 59, NULL, 'internal', 9, NULL, NULL, NULL, NULL, NULL, NULL),
(52, 'http://montreal.sexcoupletherapy.com/2013/06/emotional-gridlock.html', 59, 58, 'internal', 9, 12, NULL, NULL, NULL, NULL, NULL),
(53, 'http://montreal.sexcoupletherapy.com/2013/03/why-its-hard-to-truly-commit-to-our.html', 59, NULL, 'internal', 9, NULL, NULL, NULL, NULL, NULL, NULL),
(54, 'http://www.sexcoupletherapy.com/', 59, NULL, 'external', 9, NULL, NULL, NULL, NULL, NULL, NULL),
(55, 'http://montreal.sexcoupletherapy.com/2013/06/sexual-intimacy.html', 59, 62, 'internal', 9, 11, NULL, NULL, NULL, NULL, NULL),
(56, 'http://montreal.sexcoupletherapy.com/2013/06/sexual-intimacy-part-2.html', 59, 61, 'internal', 9, 10, NULL, NULL, NULL, NULL, NULL),
(57, 'http://montreal.sexcoupletherapy.com/2013/06/sexual-intimacy-sexual-desire-part-3.html', 59, 60, 'internal', 9, 13, NULL, NULL, NULL, NULL, NULL),
(58, 'http://montreal.sexcoupletherapy.com/2013/03/why-its-hard-to-truly-commit-to-our.html', 59, NULL, 'internal', 9, NULL, NULL, NULL, NULL, NULL, NULL),
(59, 'http://montreal.sexcoupletherapy.com/2013/06/emotional-gridlock.html', 59, 58, 'internal', 9, 12, NULL, NULL, NULL, NULL, NULL),
(60, 'http://montreal.sexcoupletherapy.com/2013/01/a-lack-of-sexual-desire-is-good-for.html', 59, NULL, 'internal', 9, NULL, NULL, NULL, NULL, NULL, NULL),
(61, 'http://montreal.sexcoupletherapy.com/2012/12/couples-communication-issues-or-unable.html', 59, NULL, 'internal', 9, NULL, NULL, NULL, NULL, NULL, NULL),
(62, 'http://sexcoupletherapy.com/index.php?/en/pages/contact', 28, NULL, 'external', 15, NULL, NULL, NULL, NULL, NULL, NULL),
(63, 'http://montreal.sexcoupletherapy.com/2014/01/therapeutic-process-with-a-sex-therapist.html', 28, NULL, 'internal', 15, NULL, NULL, NULL, NULL, NULL, NULL),
(64, 'https://3.bp.blogspot.com/-hkwcEustEO4/V6VEeliMAwI/AAAAAAAAA7Y/AJwphVNSI9MePYpL7j2GMkYPfl---AruACLcB/s1600/francois.jpg', 28, NULL, 'external', 15, NULL, NULL, NULL, NULL, NULL, NULL),
(65, 'http://sexcoupletherapy.com/en/pages/about', 28, NULL, 'external', 15, NULL, NULL, NULL, NULL, NULL, NULL),
(66, 'https://3.bp.blogspot.com/-hkwcEustEO4/V6VEeliMAwI/AAAAAAAAA7Y/AJwphVNSI9MePYpL7j2GMkYPfl---AruACLcB/s200/francois.jpg', 28, NULL, 'image-ex', 15, NULL, NULL, NULL, NULL, NULL, NULL),
(67, 'http://montreal.sexcoupletherapy.com/2016/08/there-is-no-such-thing-as-a-lack-of-communication.html', 22, 24, 'internal', 18, 17, NULL, NULL, NULL, NULL, NULL),
(68, 'http://montreal.sexcoupletherapy.com/2016/08/pretending-to-have-communication-issues.html', 22, 23, 'internal', 18, 16, NULL, NULL, NULL, NULL, NULL),
(69, 'https://4.bp.blogspot.com/-ooPIo7gNRso/V6i5y8pLXKI/AAAAAAAAA74/sFrtLPY82m0GGtR5y8LucuQgsfAd3zZbgCLcB/s1600/connection%2Brelatiionship.jpg', 22, NULL, 'external', 18, NULL, NULL, NULL, NULL, NULL, NULL),
(70, 'http://montreal.sexcoupletherapy.com/2016/08/there-is-no-such-thing-as-a-lack-of-communication.html', 22, 24, 'internal', 18, 17, NULL, NULL, NULL, NULL, NULL),
(71, 'http://montreal.sexcoupletherapy.com/2016/08/pretending-to-have-communication-issues.html', 22, 23, 'internal', 18, 16, NULL, NULL, NULL, NULL, NULL),
(72, 'https://3.bp.blogspot.com/-hkwcEustEO4/V6VEeliMAwI/AAAAAAAAA7Y/AJwphVNSI9MePYpL7j2GMkYPfl---AruACLcB/s1600/francois.jpg', 22, NULL, 'external', 18, NULL, NULL, NULL, NULL, NULL, NULL),
(73, 'http://sexcoupletherapy.com/en/pages/about', 22, NULL, 'external', 18, NULL, NULL, NULL, NULL, NULL, NULL),
(74, 'https://4.bp.blogspot.com/-ooPIo7gNRso/V6i5y8pLXKI/AAAAAAAAA74/sFrtLPY82m0GGtR5y8LucuQgsfAd3zZbgCLcB/s400/connection%2Brelatiionship.jpg', 22, NULL, 'image-ex', 18, NULL, NULL, NULL, NULL, NULL, NULL),
(75, 'https://3.bp.blogspot.com/-hkwcEustEO4/V6VEeliMAwI/AAAAAAAAA7Y/AJwphVNSI9MePYpL7j2GMkYPfl---AruACLcB/s200/francois.jpg', 22, NULL, 'image-ex', 18, NULL, NULL, NULL, NULL, NULL, NULL),
(76, 'http://montreal.sexcoupletherapy.com/2012/12/couples-communication-issues-or-unable.html', 51, NULL, 'internal', 21, NULL, NULL, NULL, NULL, NULL, NULL),
(77, 'http://montreal.sexcoupletherapy.com/2013/06/emotional-gridlock.html', 51, 58, 'internal', 21, 12, NULL, NULL, NULL, NULL, NULL),
(78, 'http://montreal.sexcoupletherapy.com/2013/06/sexual-intimacy-sexual-desire-part-4.html', 51, 59, 'internal', 21, 9, NULL, NULL, NULL, NULL, NULL),
(79, 'http://montreal.sexcoupletherapy.com/2013/06/sexual-intimacy-sexual-desire-part-4.html', 51, 59, 'internal', 21, 9, NULL, NULL, NULL, NULL, NULL),
(80, 'http://www.sexcoupletherapy.com/', 51, NULL, 'external', 21, NULL, NULL, NULL, NULL, NULL, NULL),
(81, 'http://sexcoupletherapy.blogspot.ca/2014/04/construct-healthier-couples-dynamic.html', 51, NULL, 'external', 21, NULL, NULL, NULL, NULL, NULL, NULL),
(82, 'http://montreal.sexcoupletherapy.com/2014/04/construct-healthier-couples-dynamic.html', 51, NULL, 'internal', 21, NULL, NULL, NULL, NULL, NULL, NULL),
(83, 'http://montreal.sexcoupletherapy.com/2014/04/unhealthy-couple-dynamics.html', 51, 49, 'internal', 21, 19, NULL, NULL, NULL, NULL, NULL),
(84, 'http://montreal.sexcoupletherapy.com/2013/06/emotional-gridlock.html', 51, 58, 'internal', 21, 12, NULL, NULL, NULL, NULL, NULL),
(85, 'http://sexcoupletherapy.blogspot.ca/2013/06/sexual-intimacy.html', 51, NULL, 'external', 21, NULL, NULL, NULL, NULL, NULL, NULL),
(86, 'http://montreal.sexcoupletherapy.com/2014/03/unhealthy-relationship-patterns.html', 50, 51, 'internal', 20, 21, NULL, NULL, NULL, NULL, NULL),
(87, 'http://montreal.sexcoupletherapy.com/2013/06/sexual-intimacy-sexual-desire-part-4.html', 50, 59, 'internal', 20, 9, NULL, NULL, NULL, NULL, NULL),
(88, 'http://montreal.sexcoupletherapy.com/2013/06/sexual-intimacy-sexual-desire-part-4.html', 50, 59, 'internal', 20, 9, NULL, NULL, NULL, NULL, NULL),
(89, 'http://montreal.sexcoupletherapy.com/2014/03/unhealthy-relationship-patterns.html', 50, 51, 'internal', 20, 21, NULL, NULL, NULL, NULL, NULL),
(90, 'http://www.sexcoupletherapy.com/', 50, NULL, 'external', 20, NULL, NULL, NULL, NULL, NULL, NULL),
(91, 'http://montreal.sexcoupletherapy.com/2014/04/unhealthy-couple-dynamics.html', 50, 49, 'internal', 20, 19, NULL, NULL, NULL, NULL, NULL),
(92, 'http://montreal.sexcoupletherapy.com/2013/06/emotional-gridlock.html', 50, 58, 'internal', 20, 12, NULL, NULL, NULL, NULL, NULL),
(93, 'http://montreal.sexcoupletherapy.com/2013/06/sexual-intimacy.html', 50, 62, 'internal', 20, 11, NULL, NULL, NULL, NULL, NULL),
(94, 'http://montreal.sexcoupletherapy.com/2013/06/sexual-intimacy-sexual-desire-part-4.html', 49, 59, 'internal', 19, 9, NULL, NULL, NULL, NULL, NULL),
(95, 'http://montreal.sexcoupletherapy.com/2013/06/sexual-intimacy-sexual-desire-part-4.html', 49, 59, 'internal', 19, 9, NULL, NULL, NULL, NULL, NULL),
(96, 'http://montreal.sexcoupletherapy.com/2013/06/sexual-intimacy-sexual-desire-part-4.html', 49, 59, 'internal', 19, 9, NULL, NULL, NULL, NULL, NULL),
(97, 'http://montreal.sexcoupletherapy.com/2014/04/construct-a-healthier-couples-dynamic.html', 49, 50, 'internal', 19, 20, NULL, NULL, NULL, NULL, NULL),
(98, 'http://montreal.sexcoupletherapy.com/2013/06/sexual-intimacy-sexual-desire-part-4.html', 49, 59, 'internal', 19, 9, NULL, NULL, NULL, NULL, NULL),
(99, 'http://montreal.sexcoupletherapy.com/2013/06/emotional-gridlock.html', 49, 58, 'internal', 19, 12, NULL, NULL, NULL, NULL, NULL),
(100, 'http://montreal.sexcoupletherapy.com/2013/06/sexual-intimacy-part-2.html', 49, 61, 'internal', 19, 10, NULL, NULL, NULL, NULL, NULL),
(101, 'http://www.sexcoupletherapy.com/', 49, NULL, 'external', 19, NULL, NULL, NULL, NULL, NULL, NULL),
(102, 'http://montreal.sexcoupletherapy.com/2013/06/emotional-gridlock.html', 49, 58, 'internal', 19, 12, NULL, NULL, NULL, NULL, NULL),
(103, 'http://montreal.sexcoupletherapy.com/2013/06/sexual-intimacy.html', 49, 62, 'internal', 19, 11, NULL, NULL, NULL, NULL, NULL),
(104, 'http://montreal.sexcoupletherapy.com/2014/03/different-levels-of-sexual-desire.html', 49, NULL, 'internal', 19, NULL, NULL, NULL, NULL, NULL, NULL),
(105, 'http://montreal.sexcoupletherapy.com/2016/08/pretending-to-have-communication-issues.html', 24, 23, 'internal', 17, 16, NULL, NULL, NULL, NULL, NULL),
(106, 'http://sexcoupletherapy.agence360.co/2016/08/pretending-to-have-communication-issues.html', 24, NULL, 'external', 17, NULL, NULL, NULL, NULL, NULL, NULL),
(107, 'http://montreal.sexcoupletherapy.com/2016/08/pretending-to-have-communication-issues.html', 24, 23, 'internal', 17, 16, NULL, NULL, NULL, NULL, NULL),
(108, 'http://montreal.sexcoupletherapy.com/2016/08/getting-beyond-communication-issues.html', 24, 22, 'internal', 17, 18, NULL, NULL, NULL, NULL, NULL),
(109, 'https://3.bp.blogspot.com/-hkwcEustEO4/V6VEeliMAwI/AAAAAAAAA7Y/AJwphVNSI9MePYpL7j2GMkYPfl---AruACLcB/s1600/francois.jpg', 24, NULL, 'external', 17, NULL, NULL, NULL, NULL, NULL, NULL),
(110, 'http://sexcoupletherapy.com/en/pages/about', 24, NULL, 'external', 17, NULL, NULL, NULL, NULL, NULL, NULL),
(111, 'http://montreal.sexcoupletherapy.com/2014/04/unhealthy-couple-dynamics.html', 24, 49, 'internal', 17, 19, NULL, NULL, NULL, NULL, NULL),
(112, 'http://montreal.sexcoupletherapy.com/2013/06/emotional-gridlock.html', 24, 58, 'internal', 17, 12, NULL, NULL, NULL, NULL, NULL),
(113, 'https://3.bp.blogspot.com/-hkwcEustEO4/V6VEeliMAwI/AAAAAAAAA7Y/AJwphVNSI9MePYpL7j2GMkYPfl---AruACLcB/s200/francois.jpg', 24, NULL, 'image-ex', 17, NULL, NULL, NULL, NULL, NULL, NULL),
(114, 'http://montreal.sexcoupletherapy.com/2014/03/different-levels-of-sexual-desire.html', 52, NULL, 'internal', 24, NULL, NULL, NULL, NULL, NULL, NULL),
(115, 'http://montreal.sexcoupletherapy.com/2014/03/getting-yourself-together-promotes-sexual-desire.html', 52, 53, 'internal', 24, 23, NULL, NULL, NULL, NULL, NULL),
(116, 'http://montreal.sexcoupletherapy.com/2014/03/different-levels-of-sexual-desire.html', 52, NULL, 'internal', 24, NULL, NULL, NULL, NULL, NULL, NULL),
(117, 'http://montreal.sexcoupletherapy.com/2013/06/sexual-intimacy-part-2.html', 52, 61, 'internal', 24, 10, NULL, NULL, NULL, NULL, NULL),
(118, 'http://montreal.sexcoupletherapy.com/2013/01/a-lack-of-sexual-desire-is-good-for.html', 52, NULL, 'internal', 24, NULL, NULL, NULL, NULL, NULL, NULL),
(119, 'http://montreal.sexcoupletherapy.com/2013/06/sexual-intimacy-sexual-desire-part-4.html', 52, 59, 'internal', 24, 9, NULL, NULL, NULL, NULL, NULL),
(120, 'http://montreal.sexcoupletherapy.com/2014/04/construct-a-healthier-couples-dynamic.html', 52, 50, 'internal', 24, 20, NULL, NULL, NULL, NULL, NULL),
(121, 'http://www.sexcoupletherapy.com/', 52, NULL, 'external', 24, NULL, NULL, NULL, NULL, NULL, NULL),
(122, 'http://montreal.sexcoupletherapy.com/2013/06/sexual-intimacy.html', 52, 62, 'internal', 24, 11, NULL, NULL, NULL, NULL, NULL),
(123, 'http://montreal.sexcoupletherapy.com/2013/06/sexual-intimacy-part-2.html', 52, 61, 'internal', 24, 10, NULL, NULL, NULL, NULL, NULL),
(124, 'http://montreal.sexcoupletherapy.com/2013/06/sexual-intimacy-sexual-desire-part-3.html', 52, 60, 'internal', 24, 13, NULL, NULL, NULL, NULL, NULL),
(125, 'http://montreal.sexcoupletherapy.com/2013/06/sexual-intimacy-sexual-desire-part-4.html', 52, 59, 'internal', 24, 9, NULL, NULL, NULL, NULL, NULL),
(126, 'http://montreal.sexcoupletherapy.com/2014/03/different-levels-of-sexual-desire.html', 53, NULL, 'internal', 23, NULL, NULL, NULL, NULL, NULL, NULL),
(127, 'http://montreal.sexcoupletherapy.com/2014/03/unhealthy-relationship-patterns.html', 53, 51, 'internal', 23, 21, NULL, NULL, NULL, NULL, NULL),
(128, 'http://montreal.sexcoupletherapy.com/2013/06/sexual-intimacy-part-2.html', 53, 61, 'internal', 23, 10, NULL, NULL, NULL, NULL, NULL),
(129, 'http://montreal.sexcoupletherapy.com/2014/04/construct-a-healthier-couples-dynamic.html', 53, 50, 'internal', 23, 20, NULL, NULL, NULL, NULL, NULL),
(130, 'http://montreal.sexcoupletherapy.com/2013/06/emotional-gridlock.html', 53, 58, 'internal', 23, 12, NULL, NULL, NULL, NULL, NULL),
(131, 'http://montreal.sexcoupletherapy.com/2013/06/sexual-intimacy-sexual-desire-part-4.html', 53, 59, 'internal', 23, 9, NULL, NULL, NULL, NULL, NULL),
(132, 'http://www.sexcoupletherapy.com/', 53, NULL, 'external', 23, NULL, NULL, NULL, NULL, NULL, NULL),
(133, 'http://montreal.sexcoupletherapy.com/2014/03/i-dont-want-sex.html', 53, 52, 'internal', 23, 24, NULL, NULL, NULL, NULL, NULL),
(134, 'http://montreal.sexcoupletherapy.com/2014/03/unhealthy-relationship-patterns.html', 54, 51, 'internal', 22, 21, NULL, NULL, NULL, NULL, NULL),
(135, 'http://www.sexcoupletherapy.com/', 54, NULL, 'external', 22, NULL, NULL, NULL, NULL, NULL, NULL),
(136, 'http://montreal.sexcoupletherapy.com/2014/03/getting-yourself-together-promotes-sexual-desire.html', 54, 53, 'internal', 22, 23, NULL, NULL, NULL, NULL, NULL),
(137, 'http://montral.sexcoupletherapy.com/2014/12/nice-guy-syndrome.html#video2', 41, NULL, 'external', 25, NULL, NULL, NULL, NULL, NULL, NULL),
(138, 'http://montral.sexcoupletherapy.com/2014/12/nice-guy-syndrome.html#video3', 41, NULL, 'external', 25, NULL, NULL, NULL, NULL, NULL, NULL),
(139, 'https://www.blogger.com/null', 41, NULL, 'external', 25, NULL, NULL, NULL, NULL, NULL, NULL),
(140, 'https://www.blogger.com/null', 41, NULL, 'external', 25, NULL, NULL, NULL, NULL, NULL, NULL),
(141, 'https://www.blogger.com/null', 41, NULL, 'external', 25, NULL, NULL, NULL, NULL, NULL, NULL),
(142, 'http://www.sexcoupletherapy.com/', 41, NULL, 'external', 25, NULL, NULL, NULL, NULL, NULL, NULL),
(143, 'https://www.youtube.com/watch?v=XkFfK-mh1kQ', 25, NULL, 'external', 26, NULL, NULL, NULL, NULL, NULL, NULL),
(144, 'http://sexcoupletherapy.agence360.co/wp-content/uploads/sites/3/2016/07/perte-2Blibido.jpg', 25, NULL, 'external', 26, NULL, NULL, NULL, NULL, NULL, NULL),
(145, 'http://sexcoupletherapy.agence360.co/wp-content/uploads/sites/3/2016/11/francois.jpg', 25, NULL, 'external', 26, NULL, NULL, NULL, NULL, NULL, NULL),
(146, 'http://sexcoupletherapy.com/en/pages/about', 25, NULL, 'external', 26, NULL, NULL, NULL, NULL, NULL, NULL),
(147, 'http://sexcoupletherapy.agence360.co/wp-content/uploads/sites/3/2016/07/perte-2Blibido.jpg', 25, NULL, 'image-ex', 26, NULL, NULL, NULL, NULL, NULL, NULL),
(148, 'http://sexcoupletherapy.agence360.co/wp-content/uploads/sites/3/2016/11/francois-278x300.jpg', 25, NULL, 'image-ex', 26, NULL, NULL, NULL, NULL, NULL, NULL),
(149, 'http://montreal.sexcoupletherapy.com/2016/08/there-is-no-such-thing-as-a-lack-of-communication.html', 23, 24, 'internal', 16, 17, NULL, NULL, NULL, NULL, NULL),
(150, 'http://montreal.sexcoupletherapy.com/2014/03/different-levels-of-sexual-desire-between-partners-in-a-couple.html', 23, 54, 'internal', 16, 22, NULL, NULL, NULL, NULL, NULL),
(151, 'http://montreal.sexcoupletherapy.com/2014/12/nice-guy-syndrome.html#video2', 23, 41, 'internal', 16, 25, NULL, NULL, NULL, NULL, NULL),
(152, 'http://montreal.sexcoupletherapy.com/2014/03/different-levels-of-sexual-desire-between-partners-in-a-couple.html', 23, 54, 'internal', 16, 22, NULL, NULL, NULL, NULL, NULL),
(153, 'http://montreal.sexcoupletherapy.com/2014/03/getting-yourself-together-promotes-sexual-desire.html', 23, 53, 'internal', 16, 23, NULL, NULL, NULL, NULL, NULL),
(154, 'http://montreal.sexcoupletherapy.com/2014/04/unhealthy-couple-dynamics.html', 23, 49, 'internal', 16, 19, NULL, NULL, NULL, NULL, NULL),
(155, 'http://montreal.sexcoupletherapy.com/2014/01/therapeutic-process-with-a-sex-therapist.html', 23, NULL, 'internal', 16, NULL, NULL, NULL, NULL, NULL, NULL),
(156, 'http://montreal.sexcoupletherapy.com/2013/06/sexual-intimacy-sexual-desire-part-4.html', 23, 59, 'internal', 16, 9, NULL, NULL, NULL, NULL, NULL),
(157, 'http://montreal.sexcoupletherapy.com/2014/04/construct-a-healthier-couples-dynamic.html', 23, 50, 'internal', 16, 20, NULL, NULL, NULL, NULL, NULL),
(158, 'http://montreal.sexcoupletherapy.com/2014/03/unhealthy-relationship-patterns.html', 23, 51, 'internal', 16, 21, NULL, NULL, NULL, NULL, NULL),
(159, 'http://montreal.sexcoupletherapy.com/2016/07/getting-stuck-in-a-sexual-routine.html', 23, 25, 'internal', 16, 26, NULL, NULL, NULL, NULL, NULL),
(160, 'http://montreal.sexcoupletherapy.com/2016/08/getting-beyond-communication-issues.html', 23, 22, 'internal', 16, 18, NULL, NULL, NULL, NULL, NULL),
(161, 'http://montreal.sexcoupletherapy.com/2016/08/getting-beyond-communication-issues.html', 23, 22, 'internal', 16, 18, NULL, NULL, NULL, NULL, NULL),
(162, 'https://3.bp.blogspot.com/-hkwcEustEO4/V6VEeliMAwI/AAAAAAAAA7Y/AJwphVNSI9MePYpL7j2GMkYPfl---AruACLcB/s1600/francois.jpg', 23, NULL, 'external', 16, NULL, NULL, NULL, NULL, NULL, NULL),
(163, 'http://sexcoupletherapy.com/en/pages/about', 23, NULL, 'external', 16, NULL, NULL, NULL, NULL, NULL, NULL),
(164, 'http://sexcoupletherapy.agence360.co/2016/07/getting-stuck-in-a-sexual-routine.html', 23, NULL, 'external', 16, NULL, NULL, NULL, NULL, NULL, NULL),
(165, 'http://montreal.sexcoupletherapy.com/2016/07/getting-stuck-in-a-sexual-routine.html', 23, 25, 'internal', 16, 26, NULL, NULL, NULL, NULL, NULL),
(166, 'https://3.bp.blogspot.com/-hkwcEustEO4/V6VEeliMAwI/AAAAAAAAA7Y/AJwphVNSI9MePYpL7j2GMkYPfl---AruACLcB/s200/francois.jpg', 23, NULL, 'image-ex', 16, NULL, NULL, NULL, NULL, NULL, NULL),
(167, 'http://sexcoupletherapy.agence360.co/wp-content/uploads/sites/3/2015/08/jealous-couple-38384539557_xlarge.jpeg', 30, NULL, 'external', 30, NULL, NULL, NULL, NULL, NULL, NULL),
(168, 'http://sexcoupletherapy.agence360.co/wp-content/uploads/sites/3/2015/08/break_up_relationship.jpg', 30, NULL, 'external', 30, NULL, NULL, NULL, NULL, NULL, NULL),
(169, 'http://sexcoupletherapy.agence360.co/wp-content/uploads/sites/3/2016/11/francois.jpg', 30, NULL, 'external', 30, NULL, NULL, NULL, NULL, NULL, NULL),
(170, 'http://sexcoupletherapy.com/en/pages/about', 30, NULL, 'external', 30, NULL, NULL, NULL, NULL, NULL, NULL),
(171, 'http://sexcoupletherapy.agence360.co/wp-content/uploads/sites/3/2015/08/jealous-couple-38384539557_xlarge-300x200.jpeg', 30, NULL, 'image-ex', 30, NULL, NULL, NULL, NULL, NULL, NULL),
(172, 'http://sexcoupletherapy.agence360.co/wp-content/uploads/sites/3/2015/08/break_up_relationship-300x200.jpg', 30, NULL, 'image-ex', 30, NULL, NULL, NULL, NULL, NULL, NULL),
(173, 'http://sexcoupletherapy.agence360.co/wp-content/uploads/sites/3/2016/11/francois-278x300.jpg', 30, NULL, 'image-ex', 30, NULL, NULL, NULL, NULL, NULL, NULL),
(174, 'http://montreal.sexcoupletherapy.com/2015/08/jealousy-destroyer-of-couples.html', 27, 30, 'internal', 29, 30, NULL, NULL, NULL, NULL, NULL),
(175, 'https://3.bp.blogspot.com/-hkwcEustEO4/V6VEeliMAwI/AAAAAAAAA7Y/AJwphVNSI9MePYpL7j2GMkYPfl---AruACLcB/s1600/francois.jpg', 27, NULL, 'external', 29, NULL, NULL, NULL, NULL, NULL, NULL),
(176, 'http://sexcoupletherapy.com/en/pages/about', 27, NULL, 'external', 29, NULL, NULL, NULL, NULL, NULL, NULL),
(177, 'http://montreal.sexcoupletherapy.com/2016/02/revenge-the-ugly-side-of-infidelity.html', 27, 26, 'internal', 29, 28, NULL, NULL, NULL, NULL, NULL),
(178, 'https://3.bp.blogspot.com/-hkwcEustEO4/V6VEeliMAwI/AAAAAAAAA7Y/AJwphVNSI9MePYpL7j2GMkYPfl---AruACLcB/s200/francois.jpg', 27, NULL, 'image-ex', 29, NULL, NULL, NULL, NULL, NULL, NULL),
(179, 'http://montreal.sexcoupletherapy.com/2016/02/infidelity-is-it-really-the-worst-thing-that-can-happen-to-a-couple.html', 26, 27, 'internal', 28, 29, NULL, NULL, NULL, NULL, NULL),
(180, 'http://montreal.sexcoupletherapy.com/2014/04/unhealthy-couple-dynamics.html', 26, 49, 'internal', 28, 19, NULL, NULL, NULL, NULL, NULL),
(181, 'https://3.bp.blogspot.com/-hkwcEustEO4/V6VEeliMAwI/AAAAAAAAA7Y/AJwphVNSI9MePYpL7j2GMkYPfl---AruACLcB/s1600/francois.jpg', 26, NULL, 'external', 28, NULL, NULL, NULL, NULL, NULL, NULL),
(182, 'http://sexcoupletherapy.com/en/pages/about', 26, NULL, 'external', 28, NULL, NULL, NULL, NULL, NULL, NULL),
(183, 'https://3.bp.blogspot.com/-hkwcEustEO4/V6VEeliMAwI/AAAAAAAAA7Y/AJwphVNSI9MePYpL7j2GMkYPfl---AruACLcB/s200/francois.jpg', 26, NULL, 'image-ex', 28, NULL, NULL, NULL, NULL, NULL, NULL),
(184, 'http://www.bangwithfriends.com/', 64, NULL, 'external', 31, NULL, NULL, NULL, NULL, NULL, NULL),
(185, 'http://www.sexcoupletherapy.com/', 64, NULL, 'external', 31, NULL, NULL, NULL, NULL, NULL, NULL),
(186, 'http://sexcoupletherapy.com', 490, NULL, 'external', 35, NULL, NULL, NULL, NULL, NULL, NULL),
(187, 'http://sexcoupletherapy.com/therapie/couple-therapy/', 490, NULL, 'external', 35, NULL, NULL, NULL, NULL, NULL, NULL),
(188, 'http://sexcoupletherapy.com/about/', 490, NULL, 'external', 35, NULL, NULL, NULL, NULL, NULL, NULL),
(189, 'http://montreal.sexcoupletherapy.com/wp-content/uploads/sites/3/2019/06/5d04219a5b89169d1dbd869a_talk-about-sex-min-300x199.jpg', 490, NULL, 'image-in', 35, NULL, NULL, NULL, NULL, NULL, NULL),
(190, 'http://montreal.lesexologue.ca/wp-content/uploads/sites/2/2017/07/IMG_0199-e1500512222567-300x169.jpg', 490, NULL, 'image-ex', 35, NULL, NULL, NULL, NULL, NULL, NULL),
(191, 'mailto:sexologue.f.renaud@gmail.com', 46, NULL, 'external', 40, NULL, NULL, NULL, NULL, NULL, NULL),
(192, 'http://www.sexcoupletherapy.com/', 66, NULL, 'external', 42, NULL, NULL, NULL, NULL, NULL, NULL),
(193, 'http://montreal.sexcoupletherapy.com/2014/03/different-levels-of-sexual-desire-between-partners-in-a-couple.html', 38, 54, 'internal', 50, 22, NULL, NULL, NULL, NULL, NULL),
(194, 'http://montreal.sexcoupletherapy.com/2014/03/i-dont-want-sex.html', 38, 52, 'internal', 50, 24, NULL, NULL, NULL, NULL, NULL),
(195, 'http://montreal.sexcoupletherapy.com/2013/06/sexual-intimacy.html', 38, 62, 'internal', 50, 11, NULL, NULL, NULL, NULL, NULL),
(196, 'http://sexcoupletherapy.com/webvideo_sexuality_sensuality_erotic/', 38, NULL, 'external', 50, NULL, NULL, NULL, NULL, NULL, NULL),
(197, 'https://3.bp.blogspot.com/-hkwcEustEO4/V6VEeliMAwI/AAAAAAAAA7Y/AJwphVNSI9MePYpL7j2GMkYPfl---AruACLcB/s1600/francois.jpg', 38, NULL, 'external', 50, NULL, NULL, NULL, NULL, NULL, NULL),
(198, 'http://sexcoupletherapy.com/en/pages/about', 38, NULL, 'external', 50, NULL, NULL, NULL, NULL, NULL, NULL),
(199, 'https://3.bp.blogspot.com/-hkwcEustEO4/V6VEeliMAwI/AAAAAAAAA7Y/AJwphVNSI9MePYpL7j2GMkYPfl---AruACLcB/s200/francois.jpg', 38, NULL, 'image-ex', 50, NULL, NULL, NULL, NULL, NULL, NULL),
(200, 'http://montreal.sexcoupletherapy.com/2015/03/different-types-of-sexual-desire.html', 34, 37, 'internal', 53, 51, NULL, NULL, NULL, NULL, NULL),
(201, 'http://montreal.sexcoupletherapy.com/2013/06/sexual-intimacy.html', 34, 62, 'internal', 53, 11, NULL, NULL, NULL, NULL, NULL),
(202, 'http://montreal.sexcoupletherapy.com/2015/03/different-types-of-sexual-desire-part-ii.html', 34, 36, 'internal', 53, 52, NULL, NULL, NULL, NULL, NULL),
(203, 'http://montreal.sexcoupletherapy.com/2014/04/unhealthy-couple-dynamics.html', 34, 49, 'internal', 53, 19, NULL, NULL, NULL, NULL, NULL),
(204, 'http://montreal.sexcoupletherapy.com/2014/03/unhealthy-relationship-patterns.html', 34, 51, 'internal', 53, 21, NULL, NULL, NULL, NULL, NULL),
(205, 'http://montreal.sexcoupletherapy.com/2014/04/construct-a-healthier-couples-dynamic.html', 34, 50, 'internal', 53, 20, NULL, NULL, NULL, NULL, NULL),
(206, 'http://montreal.sexcoupletherapy.com/2013/06/sexual-intimacy-sexual-desire-part-4.html', 34, 59, 'internal', 53, 9, NULL, NULL, NULL, NULL, NULL),
(207, 'http://sexcoupletherapy.com/webvideo_sexuality_sensuality_erotic/', 34, NULL, 'external', 53, NULL, NULL, NULL, NULL, NULL, NULL),
(208, 'https://3.bp.blogspot.com/-hkwcEustEO4/V6VEeliMAwI/AAAAAAAAA7Y/AJwphVNSI9MePYpL7j2GMkYPfl---AruACLcB/s1600/francois.jpg', 34, NULL, 'external', 53, NULL, NULL, NULL, NULL, NULL, NULL),
(209, 'http://sexcoupletherapy.com/en/pages/about', 34, NULL, 'external', 53, NULL, NULL, NULL, NULL, NULL, NULL),
(210, 'https://3.bp.blogspot.com/-hkwcEustEO4/V6VEeliMAwI/AAAAAAAAA7Y/AJwphVNSI9MePYpL7j2GMkYPfl---AruACLcB/s200/francois.jpg', 34, NULL, 'image-ex', 53, NULL, NULL, NULL, NULL, NULL, NULL),
(211, 'http://sexcoupletherapy.com/contact/', 36, NULL, 'external', 52, NULL, NULL, NULL, NULL, NULL, NULL),
(212, 'http://montreal.sexcoupletherapy.com/2013/01/a-lack-of-sexual-desire-is-good-for-your-couple.html', 36, 66, 'internal', 52, 42, NULL, NULL, NULL, NULL, NULL),
(213, 'http://montreal.sexcoupletherapy.com/2014/03/getting-yourself-together-promotes-sexual-desire.html', 36, 53, 'internal', 52, 23, NULL, NULL, NULL, NULL, NULL),
(214, 'http://montreal.sexcoupletherapy.com/2014/03/different-levels-of-sexual-desire-between-partners-in-a-couple.html', 36, 54, 'internal', 52, 22, NULL, NULL, NULL, NULL, NULL),
(215, 'http://montreal.sexcoupletherapy.com/2014/03/getting-yourself-together-promotes-sexual-desire.html', 36, 53, 'internal', 52, 23, NULL, NULL, NULL, NULL, NULL),
(216, 'http://montreal.sexcoupletherapy.com/2014/03/i-dont-want-sex.html', 36, 52, 'internal', 52, 24, NULL, NULL, NULL, NULL, NULL),
(217, 'http://montreal.sexcoupletherapy.com/2014/03/unhealthy-relationship-patterns.html', 36, 51, 'internal', 52, 21, NULL, NULL, NULL, NULL, NULL),
(218, 'http://montreal.sexcoupletherapy.com/2015/03/different-types-of-sexual-desire-part-iii.html', 36, 34, 'internal', 52, 53, NULL, NULL, NULL, NULL, NULL),
(219, 'https://3.bp.blogspot.com/-hkwcEustEO4/V6VEeliMAwI/AAAAAAAAA7Y/AJwphVNSI9MePYpL7j2GMkYPfl---AruACLcB/s1600/francois.jpg', 36, NULL, 'external', 52, NULL, NULL, NULL, NULL, NULL, NULL),
(220, 'http://sexcoupletherapy.com/en/pages/about', 36, NULL, 'external', 52, NULL, NULL, NULL, NULL, NULL, NULL),
(221, 'https://3.bp.blogspot.com/-hkwcEustEO4/V6VEeliMAwI/AAAAAAAAA7Y/AJwphVNSI9MePYpL7j2GMkYPfl---AruACLcB/s200/francois.jpg', 36, NULL, 'image-ex', 52, NULL, NULL, NULL, NULL, NULL, NULL),
(222, 'http://montreal.sexcoupletherapy.com/2015/03/different-types-of-sexual-desire-part-ii.html', 37, 36, 'internal', 51, 52, NULL, NULL, NULL, NULL, NULL),
(223, 'http://sexcoupletherapy.com/webvideo_sexuality_sensuality_erotic/', 37, NULL, 'external', 51, NULL, NULL, NULL, NULL, NULL, NULL),
(224, 'https://3.bp.blogspot.com/-hkwcEustEO4/V6VEeliMAwI/AAAAAAAAA7Y/AJwphVNSI9MePYpL7j2GMkYPfl---AruACLcB/s1600/francois.jpg', 37, NULL, 'external', 51, NULL, NULL, NULL, NULL, NULL, NULL),
(225, 'http://sexcoupletherapy.com/en/pages/about', 37, NULL, 'external', 51, NULL, NULL, NULL, NULL, NULL, NULL),
(226, 'https://3.bp.blogspot.com/-hkwcEustEO4/V6VEeliMAwI/AAAAAAAAA7Y/AJwphVNSI9MePYpL7j2GMkYPfl---AruACLcB/s200/francois.jpg', 37, NULL, 'image-ex', 51, NULL, NULL, NULL, NULL, NULL, NULL),
(227, 'https://www.blogger.com/null', 40, NULL, 'external', 54, NULL, NULL, NULL, NULL, NULL, NULL),
(228, 'https://www.blogger.com/null', 40, NULL, 'external', 54, NULL, NULL, NULL, NULL, NULL, NULL),
(229, 'https://www.blogger.com/null', 40, NULL, 'external', 54, NULL, NULL, NULL, NULL, NULL, NULL),
(230, 'http://www.sexcoupletherapy.com/', 40, NULL, 'external', 54, NULL, NULL, NULL, NULL, NULL, NULL),
(231, 'https://www.paypalobjects.com/en_US/i/scr/pixel.gif', 40, NULL, 'image-ex', 54, NULL, NULL, NULL, NULL, NULL, NULL),
(232, 'http://www.sexcoupletherapy.com/', 67, NULL, 'external', 55, NULL, NULL, NULL, NULL, NULL, NULL),
(233, 'http://sexcoupletherapy.com', 488, NULL, 'external', 61, NULL, NULL, NULL, NULL, NULL, NULL),
(234, 'http://sexcoupletherapy.com/therapie/couple-therapy/', 488, NULL, 'external', 61, NULL, NULL, NULL, NULL, NULL, NULL),
(235, 'http://sexcoupletherapy.com/about/', 488, NULL, 'external', 61, NULL, NULL, NULL, NULL, NULL, NULL),
(236, 'http://montreal.lesexologue.ca/wp-content/uploads/sites/2/2017/07/IMG_0199-e1500512222567-300x169.jpg', 488, NULL, 'image-ex', 61, NULL, NULL, NULL, NULL, NULL, NULL),
(237, 'https://3.bp.blogspot.com/-obPap2E3rD4/V7tUo0eDh8I/AAAAAAAAA90/YCIAlIgrnlsqApuVzGm_Qc6A50SUVP1IgCLcB/s1600/sexual%2Bperformance%2Borgasm.jpg', 21, NULL, 'external', 63, NULL, NULL, NULL, NULL, NULL, NULL),
(238, 'http://montreal.sexcoupletherapy.com/2016/07/getting-stuck-in-a-sexual-routine.html', 21, 25, 'internal', 63, 26, NULL, NULL, NULL, NULL, NULL),
(239, 'http://montreal.sexcoupletherapy.com/2016/08/there-is-no-such-thing-as-a-lack-of-communication.html', 21, 24, 'internal', 63, 17, NULL, NULL, NULL, NULL, NULL),
(240, 'http://montreal.sexcoupletherapy.com/2016/08/pretending-to-have-communication-issues.html', 21, 23, 'internal', 63, 16, NULL, NULL, NULL, NULL, NULL),
(241, 'http://montreal.sexcoupletherapy.com/2016/08/getting-beyond-communication-issues.html', 21, 22, 'internal', 63, 18, NULL, NULL, NULL, NULL, NULL),
(242, 'https://3.bp.blogspot.com/-hkwcEustEO4/V6VEeliMAwI/AAAAAAAAA7Y/AJwphVNSI9MePYpL7j2GMkYPfl---AruACLcB/s1600/francois.jpg', 21, NULL, 'external', 63, NULL, NULL, NULL, NULL, NULL, NULL),
(243, 'http://sexcoupletherapy.com/en/pages/about', 21, NULL, 'external', 63, NULL, NULL, NULL, NULL, NULL, NULL),
(244, 'https://3.bp.blogspot.com/-obPap2E3rD4/V7tUo0eDh8I/AAAAAAAAA90/YCIAlIgrnlsqApuVzGm_Qc6A50SUVP1IgCLcB/s400/sexual%2Bperformance%2Borgasm.jpg', 21, NULL, 'image-ex', 63, NULL, NULL, NULL, NULL, NULL, NULL),
(245, 'https://3.bp.blogspot.com/-hkwcEustEO4/V6VEeliMAwI/AAAAAAAAA7Y/AJwphVNSI9MePYpL7j2GMkYPfl---AruACLcB/s200/francois.jpg', 21, NULL, 'image-ex', 63, NULL, NULL, NULL, NULL, NULL, NULL),
(246, 'http://www.ted.com/talks/al_vernacchio_sex_needs_a_new_metaphor_here_s_one.html', 57, NULL, 'external', 64, NULL, NULL, NULL, NULL, NULL, NULL),
(247, 'http://montreal.sexcoupletherapy.com/2014/03/different-levels-of-sexual-desire-between-partners-in-a-couple.html', 406, 54, 'internal', 67, 22, NULL, NULL, NULL, NULL, NULL),
(248, 'http://montreal.sexcoupletherapy.com/2013/06/sexual-intimacy-part-2.html', 406, 61, 'internal', 67, 10, NULL, NULL, NULL, NULL, NULL),
(249, 'http://montreal.sexcoupletherapy.com/2014/03/i-dont-want-sex.html', 406, 52, 'internal', 67, 24, NULL, NULL, NULL, NULL, NULL),
(250, 'http://montreal.sexcoupletherapy.com/2014/03/getting-yourself-together-promotes-sexual-desire.html', 406, 53, 'internal', 67, 23, NULL, NULL, NULL, NULL, NULL),
(251, 'http://sexcoupletherapy.com', 406, NULL, 'external', 67, NULL, NULL, NULL, NULL, NULL, NULL),
(252, 'http://sexcoupletherapy.com/therapie/couple-therapy/', 406, NULL, 'external', 67, NULL, NULL, NULL, NULL, NULL, NULL),
(253, 'http://sexcoupletherapy.com/about/', 406, NULL, 'external', 67, NULL, NULL, NULL, NULL, NULL, NULL),
(254, 'http://montreal.lesexologue.ca/wp-content/uploads/sites/2/2017/07/IMG_0199-e1500512222567-300x169.jpg', 406, NULL, 'image-ex', 67, NULL, NULL, NULL, NULL, NULL, NULL),
(255, 'http://montreal.sexcoupletherapy.com/2013/06/sexual-intimacy-sexual-desire-part-3.html', 444, 60, 'internal', 70, 13, NULL, NULL, NULL, NULL, NULL),
(256, 'http://montreal.sexcoupletherapy.com/2013/06/sexual-intimacy-part-2.html', 444, 61, 'internal', 70, 10, NULL, NULL, NULL, NULL, NULL),
(257, 'http://sexcoupletherapy.com', 444, NULL, 'external', 70, NULL, NULL, NULL, NULL, NULL, NULL),
(258, 'http://sexcoupletherapy.com/therapie/couple-therapy/', 444, NULL, 'external', 70, NULL, NULL, NULL, NULL, NULL, NULL),
(259, 'http://sexcoupletherapy.com/about/', 444, NULL, 'external', 70, NULL, NULL, NULL, NULL, NULL, NULL),
(260, 'http://montreal.lesexologue.ca/wp-content/uploads/sites/2/2017/07/IMG_0199-e1500512222567-300x169.jpg', 444, NULL, 'image-ex', 70, NULL, NULL, NULL, NULL, NULL, NULL),
(261, 'http://eepurl.com/Z37Uj', 45, NULL, 'external', 75, NULL, NULL, NULL, NULL, NULL, NULL),
(262, 'http://sexcoupletherapy.blogspot.ca/2014/07/schedule-sensual-erotic-education.html', 45, NULL, 'external', 75, NULL, NULL, NULL, NULL, NULL, NULL),
(263, 'http://sexcoupletherapy.blogspot.ca/2014/07/purchase-webseries-of-sexual-erotic.html', 45, NULL, 'external', 75, NULL, NULL, NULL, NULL, NULL, NULL),
(264, 'http://www.sexcoupletherapy.com/', 45, NULL, 'external', 75, NULL, NULL, NULL, NULL, NULL, NULL),
(265, 'https://www.blogger.com/blogger.g?blogID=3518949513430806999#video4', 44, NULL, 'external', 77, NULL, NULL, NULL, NULL, NULL, NULL),
(266, 'https://www.blogger.com/blogger.g?blogID=3518949513430806999#video5', 44, NULL, 'external', 77, NULL, NULL, NULL, NULL, NULL, NULL),
(267, 'http://sexcoupletherapy.blogspot.ca/2014/09/webserie-sexual-presence-sexual.html#video5', 44, NULL, 'external', 77, NULL, NULL, NULL, NULL, NULL, NULL),
(268, 'http://sexcoupletherapy.blogspot.ca/2014/09/webserie-sexual-presence-sexual.html#video6', 44, NULL, 'external', 77, NULL, NULL, NULL, NULL, NULL, NULL),
(269, 'https://www.blogger.com/null', 44, NULL, 'external', 77, NULL, NULL, NULL, NULL, NULL, NULL),
(270, 'http://arianneclement.com', 436, NULL, 'external', 84, NULL, NULL, NULL, NULL, NULL, NULL),
(271, 'http://montreal.sexcoupletherapy.com/2016/07/getting-stuck-in-a-sexual-routine.html', 436, 25, 'internal', 84, 26, NULL, NULL, NULL, NULL, NULL),
(272, 'http://montreal.sexcoupletherapy.com/2013/06/emotional-gridlock.html', 436, 58, 'internal', 84, 12, NULL, NULL, NULL, NULL, NULL),
(273, 'http://montreal.sexcoupletherapy.com/2013/06/sexual-intimacy-part-2.html', 436, 61, 'internal', 84, 10, NULL, NULL, NULL, NULL, NULL),
(274, 'http://montreal.sexcoupletherapy.com/2014/03/i-dont-want-sex.html', 436, 52, 'internal', 84, 24, NULL, NULL, NULL, NULL, NULL),
(275, 'http://sexcoupletherapy.com', 436, NULL, 'external', 84, NULL, NULL, NULL, NULL, NULL, NULL),
(276, 'http://sexcoupletherapy.com/therapie/couple-therapy/', 436, NULL, 'external', 84, NULL, NULL, NULL, NULL, NULL, NULL),
(277, 'http://sexcoupletherapy.com/about/', 436, NULL, 'external', 84, NULL, NULL, NULL, NULL, NULL, NULL),
(278, 'http://montreal.lesexologue.ca/wp-content/uploads/sites/2/2017/07/IMG_0199-e1500512222567-300x169.jpg', 436, NULL, 'image-ex', 84, NULL, NULL, NULL, NULL, NULL, NULL),
(279, 'http://montreal.sexcoupletherapy.com/2014/03/getting-yourself-together-promotes-sexual-desire.html', 455, 53, 'internal', 83, 23, NULL, NULL, NULL, NULL, NULL),
(280, 'http://montreal.sexcoupletherapy.com/2014/03/i-dont-want-sex.html', 455, 52, 'internal', 83, 24, NULL, NULL, NULL, NULL, NULL),
(281, 'http://montreal.sexcoupletherapy.com/2014/03/different-levels-of-sexual-desire-between-partners-in-a-couple.html', 455, 54, 'internal', 83, 22, NULL, NULL, NULL, NULL, NULL),
(282, 'http://montreal.sexcoupletherapy.com/2018/04/sex-like-climbing-mountain-top.html', 455, 436, 'internal', 83, 84, NULL, NULL, NULL, NULL, NULL),
(283, 'http://montreal.sexcoupletherapy.com/2016/07/getting-stuck-in-a-sexual-routine.html', 455, 25, 'internal', 83, 26, NULL, NULL, NULL, NULL, NULL),
(284, 'http://sexcoupletherapy.com', 455, NULL, 'external', 83, NULL, NULL, NULL, NULL, NULL, NULL),
(285, 'http://sexcoupletherapy.com/therapie/couple-therapy/', 455, NULL, 'external', 83, NULL, NULL, NULL, NULL, NULL, NULL),
(286, 'http://sexcoupletherapy.com/about/', 455, NULL, 'external', 83, NULL, NULL, NULL, NULL, NULL, NULL),
(287, 'http://montreal.lesexologue.ca/wp-content/uploads/sites/2/2017/07/IMG_0199-e1500512222567-300x169.jpg', 455, NULL, 'image-ex', 83, NULL, NULL, NULL, NULL, NULL, NULL),
(288, 'https://www.blogger.com/null', 42, NULL, 'external', 88, NULL, NULL, NULL, NULL, NULL, NULL),
(289, 'https://www.blogger.com/null', 42, NULL, 'external', 88, NULL, NULL, NULL, NULL, NULL, NULL),
(290, 'https://www.blogger.com/null', 42, NULL, 'external', 88, NULL, NULL, NULL, NULL, NULL, NULL),
(291, 'http://www.sexcoupletherapy.com/', 42, NULL, 'external', 88, NULL, NULL, NULL, NULL, NULL, NULL),
(292, 'http://sexcoupletherapy.blogspot.com/2015/02/premature-ejaculation-program.html#video0', 39, NULL, 'external', 92, NULL, NULL, NULL, NULL, NULL, NULL),
(293, 'http://sexcoupletherapy.blogspot.com/2015/02/premature-ejaculation-program.html#video1', 39, NULL, 'external', 92, NULL, NULL, NULL, NULL, NULL, NULL),
(294, 'http://sexcoupletherapy.blogspot.com/2015/02/premature-ejaculation-program.html#video2', 39, NULL, 'external', 92, NULL, NULL, NULL, NULL, NULL, NULL),
(295, 'http://sexcoupletherapy.blogspot.com/2015/02/premature-ejaculation-program.html#video3', 39, NULL, 'external', 92, NULL, NULL, NULL, NULL, NULL, NULL),
(296, 'http://sexcoupletherapy.blogspot.com/2015/02/premature-ejaculation-program.html#video4', 39, NULL, 'external', 92, NULL, NULL, NULL, NULL, NULL, NULL),
(297, 'http://sexcoupletherapy.blogspot.com/2015/02/premature-ejaculation-program.html#video4', 39, NULL, 'external', 92, NULL, NULL, NULL, NULL, NULL, NULL),
(298, 'http://sexcoupletherapy.blogspot.com/2015/02/premature-ejaculation-program.html#video6', 39, NULL, 'external', 92, NULL, NULL, NULL, NULL, NULL, NULL),
(299, 'http://sexcoupletherapy.blogspot.com/2015/02/premature-ejaculation-program.html#video7', 39, NULL, 'external', 92, NULL, NULL, NULL, NULL, NULL, NULL),
(300, 'http://sexcoupletherapy.blogspot.com/2015/02/premature-ejaculation-program.html#video7', 39, NULL, 'external', 92, NULL, NULL, NULL, NULL, NULL, NULL),
(301, 'http://sexcoupletherapy.blogspot.com/2015/02/premature-ejaculation-program.html#video7', 39, NULL, 'external', 92, NULL, NULL, NULL, NULL, NULL, NULL),
(302, 'http://sexcoupletherapy.blogspot.com/2015/02/premature-ejaculation-program.html#video10', 39, NULL, 'external', 92, NULL, NULL, NULL, NULL, NULL, NULL),
(303, 'https://www.blogger.com/null', 39, NULL, 'external', 92, NULL, NULL, NULL, NULL, NULL, NULL),
(304, 'https://www.blogger.com/null', 39, NULL, 'external', 92, NULL, NULL, NULL, NULL, NULL, NULL),
(305, 'https://www.blogger.com/null', 39, NULL, 'external', 92, NULL, NULL, NULL, NULL, NULL, NULL),
(306, 'https://www.blogger.com/null', 39, NULL, 'external', 92, NULL, NULL, NULL, NULL, NULL, NULL),
(307, 'https://www.blogger.com/null', 39, NULL, 'external', 92, NULL, NULL, NULL, NULL, NULL, NULL),
(308, 'https://www.blogger.com/null', 39, NULL, 'external', 92, NULL, NULL, NULL, NULL, NULL, NULL),
(309, 'https://www.blogger.com/null', 39, NULL, 'external', 92, NULL, NULL, NULL, NULL, NULL, NULL),
(310, 'https://www.blogger.com/null', 39, NULL, 'external', 92, NULL, NULL, NULL, NULL, NULL, NULL),
(311, 'https://www.blogger.com/null', 39, NULL, 'external', 92, NULL, NULL, NULL, NULL, NULL, NULL),
(312, 'https://www.blogger.com/null', 39, NULL, 'external', 92, NULL, NULL, NULL, NULL, NULL, NULL),
(313, 'https://www.blogger.com/null', 39, NULL, 'external', 92, NULL, NULL, NULL, NULL, NULL, NULL),
(314, 'https://www.blogger.com/null', 39, NULL, 'external', 92, NULL, NULL, NULL, NULL, NULL, NULL),
(315, 'https://www.blogger.com/null', 39, NULL, 'external', 92, NULL, NULL, NULL, NULL, NULL, NULL),
(316, 'https://www.blogger.com/null', 39, NULL, 'external', 92, NULL, NULL, NULL, NULL, NULL, NULL),
(317, 'https://www.blogger.com/null', 39, NULL, 'external', 92, NULL, NULL, NULL, NULL, NULL, NULL),
(318, 'https://www.blogger.com/null', 39, NULL, 'external', 92, NULL, NULL, NULL, NULL, NULL, NULL),
(319, 'https://www.blogger.com/null', 39, NULL, 'external', 92, NULL, NULL, NULL, NULL, NULL, NULL),
(320, 'https://www.blogger.com/null', 39, NULL, 'external', 92, NULL, NULL, NULL, NULL, NULL, NULL),
(321, 'https://www.blogger.com/null', 39, NULL, 'external', 92, NULL, NULL, NULL, NULL, NULL, NULL),
(322, 'https://www.blogger.com/null', 39, NULL, 'external', 92, NULL, NULL, NULL, NULL, NULL, NULL),
(323, 'https://www.blogger.com/null', 39, NULL, 'external', 92, NULL, NULL, NULL, NULL, NULL, NULL),
(324, 'https://www.blogger.com/null', 39, NULL, 'external', 92, NULL, NULL, NULL, NULL, NULL, NULL),
(325, 'https://www.blogger.com/null', 39, NULL, 'external', 92, NULL, NULL, NULL, NULL, NULL, NULL),
(326, 'https://www.blogger.com/null', 39, NULL, 'external', 92, NULL, NULL, NULL, NULL, NULL, NULL),
(327, 'https://www.blogger.com/null', 39, NULL, 'external', 92, NULL, NULL, NULL, NULL, NULL, NULL),
(328, 'https://www.blogger.com/null', 39, NULL, 'external', 92, NULL, NULL, NULL, NULL, NULL, NULL),
(329, 'https://www.blogger.com/null', 39, NULL, 'external', 92, NULL, NULL, NULL, NULL, NULL, NULL),
(330, 'https://www.blogger.com/null', 39, NULL, 'external', 92, NULL, NULL, NULL, NULL, NULL, NULL),
(331, 'https://www.blogger.com/null', 39, NULL, 'external', 92, NULL, NULL, NULL, NULL, NULL, NULL),
(332, 'https://www.blogger.com/null', 39, NULL, 'external', 92, NULL, NULL, NULL, NULL, NULL, NULL),
(333, 'https://www.blogger.com/null', 39, NULL, 'external', 92, NULL, NULL, NULL, NULL, NULL, NULL),
(334, 'https://www.blogger.com/null', 39, NULL, 'external', 92, NULL, NULL, NULL, NULL, NULL, NULL),
(335, 'https://www.blogger.com/null', 39, NULL, 'external', 92, NULL, NULL, NULL, NULL, NULL, NULL),
(336, 'https://www.blogger.com/null', 39, NULL, 'external', 92, NULL, NULL, NULL, NULL, NULL, NULL),
(337, 'https://www.blogger.com/null', 39, NULL, 'external', 92, NULL, NULL, NULL, NULL, NULL, NULL),
(338, 'http://www.sexcoupletherapy.com/', 39, NULL, 'external', 92, NULL, NULL, NULL, NULL, NULL, NULL),
(339, 'http://sexcoupletherapy.blogspot.ca/2014/07/purchase-webseries-of-sexual-erotic.html#procedure', 47, NULL, 'external', 99, NULL, NULL, NULL, NULL, NULL, NULL),
(340, 'https://www.blogger.com/blogger.g?blogID=3518949513430806999#procedure', 47, NULL, 'external', 99, NULL, NULL, NULL, NULL, NULL, NULL),
(341, 'https://www.blogger.com/blogger.g?blogID=3518949513430806999#procedure', 47, NULL, 'external', 99, NULL, NULL, NULL, NULL, NULL, NULL),
(342, 'https://www.blogger.com/blogger.g?blogID=3518949513430806999#procedure', 47, NULL, 'external', 99, NULL, NULL, NULL, NULL, NULL, NULL),
(343, 'http://sexcoupletherapy.blogspot.ca/2014/07/purchase-webseries-of-sexual-erotic.html#seduction', 47, NULL, 'external', 99, NULL, NULL, NULL, NULL, NULL, NULL),
(344, 'http://sexcoupletherapy.blogspot.ca/2014/07/purchase-webseries-of-sexual-erotic.html#presence', 47, NULL, 'external', 99, NULL, NULL, NULL, NULL, NULL, NULL),
(345, 'http://sexcoupletherapy.blogspot.ca/2014/07/purchase-webseries-of-sexual-erotic.html#desire1', 47, NULL, 'external', 99, NULL, NULL, NULL, NULL, NULL, NULL),
(346, 'http://sexcoupletherapy.blogspot.ca/2014/07/purchase-webseries-of-sexual-erotic.html#desire2', 47, NULL, 'external', 99, NULL, NULL, NULL, NULL, NULL, NULL),
(347, 'http://sexcoupletherapy.blogspot.ca/2014/07/purchase-webseries-of-sexual-erotic.html#desire3', 47, NULL, 'external', 99, NULL, NULL, NULL, NULL, NULL, NULL),
(348, 'https://www.blogger.com/blogger.g?blogID=3518949513430806999#desire3', 47, NULL, 'external', 99, NULL, NULL, NULL, NULL, NULL, NULL),
(349, 'https://www.blogger.com/blogger.g?blogID=3518949513430806999#desire3', 47, NULL, 'external', 99, NULL, NULL, NULL, NULL, NULL, NULL),
(350, 'https://www.blogger.com/blogger.g?blogID=3518949513430806999#desire3', 47, NULL, 'external', 99, NULL, NULL, NULL, NULL, NULL, NULL),
(351, 'https://www.blogger.com/blogger.g?blogID=3518949513430806999#desire3', 47, NULL, 'external', 99, NULL, NULL, NULL, NULL, NULL, NULL),
(352, 'https://www.blogger.com/blogger.g?blogID=3518949513430806999#desire3', 47, NULL, 'external', 99, NULL, NULL, NULL, NULL, NULL, NULL),
(353, 'https://www.blogger.com/null', 47, NULL, 'external', 99, NULL, NULL, NULL, NULL, NULL, NULL),
(354, 'https://www.blogger.com/null', 47, NULL, 'external', 99, NULL, NULL, NULL, NULL, NULL, NULL),
(355, 'https://www.blogger.com/null', 47, NULL, 'external', 99, NULL, NULL, NULL, NULL, NULL, NULL),
(356, 'https://www.blogger.com/null', 47, NULL, 'external', 99, NULL, NULL, NULL, NULL, NULL, NULL),
(357, 'https://www.blogger.com/null', 47, NULL, 'external', 99, NULL, NULL, NULL, NULL, NULL, NULL);
INSERT INTO `sle_3_yoast_seo_links` (`id`, `url`, `post_id`, `target_post_id`, `type`, `indexable_id`, `target_indexable_id`, `height`, `width`, `size`, `language`, `region`) VALUES
(358, 'http://1.bp.blogspot.com/-Mgt_BNkbubE/U8_ad1lazjI/AAAAAAAAAZk/DW9K01joi3Y/s1600/Screen%2Bshot%2B2014-07-22%2Bat%2B4.00.10%2BPM.png', 47, NULL, 'external', 99, NULL, NULL, NULL, NULL, NULL, NULL),
(359, 'https://www.blogger.com/null', 47, NULL, 'external', 99, NULL, NULL, NULL, NULL, NULL, NULL),
(360, 'https://accounts.google.com/signup?service=mail', 47, NULL, 'external', 99, NULL, NULL, NULL, NULL, NULL, NULL),
(361, 'mailto:sexologue.f.renaud@gmail.com', 47, NULL, 'external', 99, NULL, NULL, NULL, NULL, NULL, NULL),
(362, 'https://www.paypalobjects.com/en_US/i/scr/pixel.gif', 47, NULL, 'image-ex', 99, NULL, NULL, NULL, NULL, NULL, NULL),
(363, 'https://www.paypalobjects.com/en_US/i/scr/pixel.gif', 47, NULL, 'image-ex', 99, NULL, NULL, NULL, NULL, NULL, NULL),
(364, 'https://www.paypalobjects.com/en_US/i/scr/pixel.gif', 47, NULL, 'image-ex', 99, NULL, NULL, NULL, NULL, NULL, NULL),
(365, 'https://www.paypalobjects.com/en_US/i/scr/pixel.gif', 47, NULL, 'image-ex', 99, NULL, NULL, NULL, NULL, NULL, NULL),
(366, 'https://www.paypalobjects.com/en_US/i/scr/pixel.gif', 47, NULL, 'image-ex', 99, NULL, NULL, NULL, NULL, NULL, NULL),
(367, 'http://1.bp.blogspot.com/-Mgt_BNkbubE/U8_ad1lazjI/AAAAAAAAAZk/DW9K01joi3Y/s1600/Screen%2Bshot%2B2014-07-22%2Bat%2B4.00.10%2BPM.png', 47, NULL, 'image-ex', 99, NULL, NULL, NULL, NULL, NULL, NULL),
(368, 'http://montreal.sexcoupletherapy.com/2014/09/webserie-02-sexual-presence-sexual-performance.html', 31, NULL, 'internal', 103, NULL, NULL, NULL, NULL, NULL, NULL),
(369, 'http://montreal.sexcoupletherapy.com/2014/12/webserie-03-maintaining-sexual-desire-in-long-term-relationships.html', 31, NULL, 'internal', 103, NULL, NULL, NULL, NULL, NULL, NULL),
(370, 'http://montreal.sexcoupletherapy.com/2013/06/sexual-intimacy.html', 31, 62, 'internal', 103, 11, NULL, NULL, NULL, NULL, NULL),
(371, 'http://montreal.sexcoupletherapy.com/2015/03/womens-fierce-sexuality.html', 31, 38, 'internal', 103, 50, NULL, NULL, NULL, NULL, NULL),
(372, 'http://montreal.sexcoupletherapy.com/2014/03/different-levels-of-sexual-desire-between-partners-in-a-couple.html', 31, 54, 'internal', 103, 22, NULL, NULL, NULL, NULL, NULL),
(373, 'http://montreal.sexcoupletherapy.com/2013/01/a-lack-of-sexual-desire-is-good-for-your-couple.html', 31, 66, 'internal', 103, 42, NULL, NULL, NULL, NULL, NULL),
(374, 'http://montreal.sexcoupletherapy.com/2016/08/sexual-performance-will-destroy-your-sexual-satisfaction.html', 20, 21, 'internal', 108, 63, NULL, NULL, NULL, NULL, NULL),
(375, 'http://montreal.sexcoupletherapy.com/2016/07/getting-stuck-in-a-sexual-routine.html', 20, 25, 'internal', 108, 26, NULL, NULL, NULL, NULL, NULL),
(376, 'https://2.bp.blogspot.com/-de7Z5f0gLdo/V87pQnHDfhI/AAAAAAAAA-g/77Q4KkZbV_86aBMROTzUXmwkfAwrbVlqACLcB/s1600/two%2Bidiots.jpg', 20, NULL, 'external', 108, NULL, NULL, NULL, NULL, NULL, NULL),
(377, 'http://sexcoupletherapy.com/en/pages/contact', 20, NULL, 'external', 108, NULL, NULL, NULL, NULL, NULL, NULL),
(378, 'https://3.bp.blogspot.com/-hkwcEustEO4/V6VEeliMAwI/AAAAAAAAA7Y/AJwphVNSI9MePYpL7j2GMkYPfl---AruACLcB/s1600/francois.jpg', 20, NULL, 'external', 108, NULL, NULL, NULL, NULL, NULL, NULL),
(379, 'http://sexcoupletherapy.com/en/pages/about', 20, NULL, 'external', 108, NULL, NULL, NULL, NULL, NULL, NULL),
(380, 'https://2.bp.blogspot.com/-de7Z5f0gLdo/V87pQnHDfhI/AAAAAAAAA-g/77Q4KkZbV_86aBMROTzUXmwkfAwrbVlqACLcB/s320/two%2Bidiots.jpg', 20, NULL, 'image-ex', 108, NULL, NULL, NULL, NULL, NULL, NULL),
(381, 'https://3.bp.blogspot.com/-hkwcEustEO4/V6VEeliMAwI/AAAAAAAAA7Y/AJwphVNSI9MePYpL7j2GMkYPfl---AruACLcB/s200/francois.jpg', 20, NULL, 'image-ex', 108, NULL, NULL, NULL, NULL, NULL, NULL),
(382, 'http://www.sexcoupletherapy.com/', 68, NULL, 'external', 111, NULL, NULL, NULL, NULL, NULL, NULL),
(383, 'http://montreal.sexcoupletherapy.com/2016/08/there-is-no-such-thing-as-a-lack-of-communication.html', 359, 24, 'internal', 114, 17, NULL, NULL, NULL, NULL, NULL),
(384, 'http://montreal.sexcoupletherapy.com/2014/04/construct-a-healthier-couples-dynamic.html', 359, 50, 'internal', 114, 20, NULL, NULL, NULL, NULL, NULL),
(385, 'http://sexcoupletherapy.com/en/pages/about', 359, NULL, 'external', 114, NULL, NULL, NULL, NULL, NULL, NULL),
(386, 'http://montreal.sexcoupletherapy.com/wp-content/uploads/sites/3/2017/06/sex-therapist-montreal--300x169.jpg', 359, NULL, 'image-in', 114, NULL, NULL, NULL, NULL, NULL, NULL),
(387, 'http://sexcoupletherapy.agence360.co/2014/07/purchase-webseries-of-sexual-erotic-education.html', 32, NULL, 'external', 119, NULL, NULL, NULL, NULL, NULL, NULL),
(388, 'http://montreal.sexcoupletherapy.com/2013/06/sexual-intimacy-part-2.html', 29, 61, 'internal', 122, 10, NULL, NULL, NULL, NULL, NULL),
(389, 'https://3.bp.blogspot.com/-hkwcEustEO4/V6VEeliMAwI/AAAAAAAAA7Y/AJwphVNSI9MePYpL7j2GMkYPfl---AruACLcB/s1600/francois.jpg', 29, NULL, 'external', 122, NULL, NULL, NULL, NULL, NULL, NULL),
(390, 'http://sexcoupletherapy.com/en/pages/about', 29, NULL, 'external', 122, NULL, NULL, NULL, NULL, NULL, NULL),
(391, 'https://3.bp.blogspot.com/-hkwcEustEO4/V6VEeliMAwI/AAAAAAAAA7Y/AJwphVNSI9MePYpL7j2GMkYPfl---AruACLcB/s200/francois.jpg', 29, NULL, 'image-ex', 122, NULL, NULL, NULL, NULL, NULL, NULL),
(392, 'https://montreal.sexcoupletherapy.com/wp-content/uploads/sites/3/2018/04/28701619_10157709057519815_7228655826012312646_o-min-166x300.jpg', 438, 438, 'image-in', 132, 132, 2048, 1131, 526087, NULL, NULL),
(393, 'https://montreal.sexcoupletherapy.com/wp-content/uploads/sites/3/2015/09/Infidelity-woman-300x200.jpg', 238, 238, 'image-in', 133, 133, 267, 400, 42903, NULL, NULL),
(394, 'https://montreal.sexcoupletherapy.com/wp-content/uploads/sites/3/2018/05/fantasme-homme-min-300x240.jpg', 447, 447, 'image-in', 134, 134, 1638, 2048, 234523, NULL, NULL),
(395, 'https://montreal.sexcoupletherapy.com/wp-content/uploads/sites/3/2019/09/alex-holyoake-370400-unsplash-min-300x200.jpg', 493, 493, 'image-in', 135, 135, 1440, 2160, 535807, NULL, NULL),
(396, 'https://montreal.sexcoupletherapy.com/wp-content/uploads/sites/3/2016/11/francois.jpg', 19, NULL, 'internal', 136, NULL, NULL, NULL, NULL, NULL, NULL),
(397, 'http://sexcoupletherapy.agence360.co/wp-content/uploads/sites/3/2016/11/Keep-2Bcalm-2Band-2Bsex.png', 19, NULL, 'external', 136, NULL, NULL, NULL, NULL, NULL, NULL),
(398, 'http://sexcoupletherapy.agence360.co/wp-content/uploads/sites/3/2016/11/francois.jpg', 19, NULL, 'external', 136, NULL, NULL, NULL, NULL, NULL, NULL),
(399, 'http://sexcoupletherapy.com/en/pages/about', 19, NULL, 'external', 136, NULL, NULL, NULL, NULL, NULL, NULL),
(400, 'https://montreal.sexcoupletherapy.com/wp-content/uploads/sites/3/2016/11/francois-278x300.jpg', 19, NULL, 'image-in', 136, NULL, NULL, NULL, NULL, NULL, NULL),
(401, 'http://sexcoupletherapy.agence360.co/wp-content/uploads/sites/3/2016/11/Keep-2Bcalm-2Band-2Bsex-257x300.png', 19, NULL, 'image-ex', 136, NULL, NULL, NULL, NULL, NULL, NULL),
(402, 'http://sexcoupletherapy.agence360.co/wp-content/uploads/sites/3/2016/11/francois-278x300.jpg', 19, NULL, 'image-ex', 136, NULL, NULL, NULL, NULL, NULL, NULL),
(403, 'https://montreal.sexcoupletherapy.com/wp-content/uploads/sites/3/2016/11/francois-278x300.jpg', 70, 70, 'image-in', 137, 137, 351, 325, 49862, NULL, NULL),
(404, 'https://montreal.sexcoupletherapy.com/wp-content/uploads/sites/3/2013/06/lesbian-couple-300x200.jpg', 312, 312, 'image-in', 138, 138, 640, 960, 74349, NULL, NULL),
(405, 'https://montreal.sexcoupletherapy.com/wp-content/uploads/sites/3/2016/07/perte-2Blibido.jpg', 82, 82, 'image-in', 139, 139, 227, 227, 23484, NULL, NULL),
(406, 'https://montreal.sexcoupletherapy.com/wp-content/uploads/sites/3/2016/11/Keep-2Bcalm-2Band-2Bsex-257x300.png', 69, 69, 'image-in', 140, 140, 700, 600, 45861, NULL, NULL),
(407, 'https://montreal.sexcoupletherapy.com/wp-content/uploads/sites/3/2015/03/women-sexuality-300x200.jpg', 249, 249, 'image-in', 141, 141, 1923, 2880, 1200121, NULL, NULL),
(408, 'https://montreal.sexcoupletherapy.com/wp-content/uploads/sites/3/2018/09/nathan-mcbride-462758-unsplash-min-200x300.jpg', 461, 461, 'image-in', 142, 142, 6016, 4016, 1341073, NULL, NULL),
(409, 'https://montreal.sexcoupletherapy.com/wp-content/uploads/sites/3/2017/10/nathaniel-tetteh-395808-min-162x300.jpg', 430, 430, 'image-in', 143, 143, 5688, 3072, 1189328, NULL, NULL),
(410, 'https://montreal.sexcoupletherapy.com/wp-content/uploads/sites/3/2014/04/collaborative-alliance-300x200.jpg', 258, 258, 'image-in', 144, 144, 1680, 2520, 1104380, NULL, NULL),
(411, 'https://montreal.sexcoupletherapy.com/wp-content/uploads/sites/3/2012/12/type-of-desire-300x200.jpg', 334, 334, 'image-in', 145, 145, 854, 1280, 351448, NULL, NULL),
(412, 'https://montreal.sexcoupletherapy.com/wp-content/uploads/sites/3/2016/08/silhouette-2480321_1280-296x300.png', 403, 403, 'image-in', 146, 146, 1280, 1264, 110624, NULL, NULL),
(413, 'https://montreal.sexcoupletherapy.com/wp-content/uploads/sites/3/2012/12/chicane-couple-300x200.jpg', 331, 331, 'image-in', 147, 147, 400, 600, 28663, NULL, NULL),
(414, 'https://montreal.sexcoupletherapy.com/wp-content/uploads/sites/3/2017/06/thoughtful-reflection-observing-wallpaper-min-300x200.jpg', 401, 401, 'image-in', 148, 148, 2848, 4272, 791192, NULL, NULL),
(415, 'https://montreal.sexcoupletherapy.com/wp-content/uploads/sites/3/2013/01/Screen-Shot-2016-03-31-at-9.26.14-PM-300x193.png', 328, 328, 'image-in', 149, 149, 372, 577, 225576, NULL, NULL),
(416, 'https://montreal.sexcoupletherapy.com/wp-content/uploads/sites/3/2014/03/sexual-performance-3-300x254.jpg', 261, 261, 'image-in', 150, 150, 350, 414, 32613, NULL, NULL),
(417, 'https://montreal.sexcoupletherapy.com/wp-content/uploads/sites/3/2015/09/irrational-jealousy-300x199.jpg', 88, 88, 'image-in', 151, 151, 365, 550, 42315, NULL, NULL),
(418, 'https://montreal.sexcoupletherapy.com/wp-content/uploads/sites/3/2015/03/couple-noir-blanc-300x200.jpg', 246, 246, 'image-in', 152, 152, 3120, 4680, 1001638, NULL, NULL),
(419, 'https://montreal.sexcoupletherapy.com/wp-content/uploads/sites/3/2016/11/StockSnap_2W0L5IENXQ-min-300x200.jpg', 402, 402, 'image-in', 153, 153, 1200, 1800, 238694, NULL, NULL),
(420, 'https://montreal.sexcoupletherapy.com/wp-content/uploads/sites/3/2013/06/old-people-having-sex-300x152.png', 317, 317, 'image-in', 154, 154, 303, 600, 372755, NULL, NULL),
(421, 'https://montreal.sexcoupletherapy.com/wp-content/uploads/sites/3/2016/02/bad-relationships-300x263.jpg', 84, 84, 'image-in', 155, 155, 420, 480, 113856, NULL, NULL),
(422, 'https://montreal.sexcoupletherapy.com/wp-content/uploads/sites/3/2015/03/couple-désir-200x300.jpg', 240, 240, 'image-in', 156, 156, 2520, 1680, 1035407, NULL, NULL),
(423, 'https://montreal.sexcoupletherapy.com/wp-content/uploads/sites/3/2017/06/sex-therapist-montreal--300x169.jpg', 374, 374, 'image-in', 157, 157, 576, 1024, 99278, NULL, NULL),
(424, 'https://montreal.sexcoupletherapy.com/wp-content/uploads/sites/3/2013/06/Screen-Shot-2017-06-07-at-10.58.00-AM-300x286.png', 293, 293, 'image-in', 158, 158, 552, 580, 201135, NULL, NULL),
(425, 'https://montreal.sexcoupletherapy.com/wp-content/uploads/sites/3/2013/01/Performance-sexuelle-2-300x200.jpg', 325, 325, 'image-in', 159, 159, 1131, 1697, 169637, NULL, NULL),
(426, 'https://montreal.sexcoupletherapy.com/wp-content/uploads/sites/3/2013/06/dsvy9nrykrg-azrul-aziz-300x200.jpg', 305, 305, 'image-in', 160, 160, 2160, 3240, 1108949, NULL, NULL),
(427, 'https://montreal.sexcoupletherapy.com/wp-content/uploads/sites/3/2013/06/stay-calm-sexual-issues-225x300.png', 299, 299, 'image-in', 161, 161, 800, 600, 11287, NULL, NULL),
(428, 'https://montreal.sexcoupletherapy.com/wp-content/uploads/sites/3/2013/03/commitment-300x206.jpg', 322, 322, 'image-in', 162, 162, 406, 590, 53998, NULL, NULL),
(429, 'https://montreal.sexcoupletherapy.com/wp-content/uploads/sites/3/2016/08/argument-238529_1920-300x200.jpg', 404, 404, 'image-in', 163, 163, 1279, 1920, 648117, NULL, NULL),
(430, 'https://montreal.sexcoupletherapy.com/wp-content/uploads/sites/3/2019/06/5d04219a5b89169d1dbd869a_talk-about-sex-min-300x199.jpg', 478, 478, 'image-in', 164, 164, 467, 703, 15744, NULL, NULL),
(431, 'https://montreal.sexcoupletherapy.com/wp-content/uploads/sites/3/2015/03/Couple-Hugging-Drawing-4-255x300.jpg', 236, 236, 'image-in', 165, 165, 550, 468, 34391, NULL, NULL),
(432, 'https://montreal.sexcoupletherapy.com/wp-content/uploads/sites/3/2016/09/two-2Bidiots-300x300.jpg', 72, 72, 'image-in', 166, 166, 600, 600, 41307, NULL, NULL),
(433, 'https://montreal.sexcoupletherapy.com/wp-content/uploads/sites/3/2014/03/funny-love.png', 273, 273, 'image-in', 167, 167, 288, 288, 66429, NULL, NULL),
(434, 'https://montreal.sexcoupletherapy.com/wp-content/uploads/sites/3/2016/08/connection-2Brelatiionship-300x155.jpg', 76, 76, 'image-in', 168, 168, 261, 504, 24798, NULL, NULL),
(435, 'https://montreal.sexcoupletherapy.com/wp-content/uploads/sites/3/2016/08/sexual-2Bperformance-2Borgasm-300x169.jpg', 74, 74, 'image-in', 169, 169, 288, 510, 9199, NULL, NULL),
(436, 'https://montreal.sexcoupletherapy.com/wp-content/uploads/sites/3/2014/03/Screen-Shot-2017-02-01-at-1.56.51-PM-300x181.png', 276, 276, 'image-in', 170, 170, 620, 1028, 487738, NULL, NULL),
(437, 'https://www.blogger.com/null', 43, NULL, 'external', 176, NULL, NULL, NULL, NULL, NULL, NULL),
(438, 'https://www.blogger.com/null', 43, NULL, 'external', 176, NULL, NULL, NULL, NULL, NULL, NULL),
(439, 'https://www.blogger.com/null', 43, NULL, 'external', 176, NULL, NULL, NULL, NULL, NULL, NULL),
(440, 'http://www.sexcoupletherapy.com/', 43, NULL, 'external', 176, NULL, NULL, NULL, NULL, NULL, NULL),
(441, 'http://lesexologue.agence360.co/wp-admin/', 2, NULL, 'external', 177, NULL, NULL, NULL, NULL, NULL, NULL),
(442, 'https://montreal.sexcoupletherapy.com/wp-content/uploads/sites/3/2015/09/jealous-man.jpg', 90, 90, 'image-in', 179, 179, 169, 290, 7375, NULL, NULL);

-- --------------------------------------------------------

--
-- Structure de la table `sle_blogmeta`
--

CREATE TABLE `sle_blogmeta` (
  `meta_id` bigint(20) UNSIGNED NOT NULL,
  `blog_id` bigint(20) NOT NULL DEFAULT '0',
  `meta_key` varchar(255) DEFAULT NULL,
  `meta_value` longtext
) ENGINE=MyISAM DEFAULT CHARSET=utf8;

--
-- Contenu de la table `sle_blogmeta`
--

INSERT INTO `sle_blogmeta` (`meta_id`, `blog_id`, `meta_key`, `meta_value`) VALUES
(1, 1, 'db_version', '47018'),
(2, 1, 'db_last_updated', '0.67701300 1594747438'),
(3, 2, 'db_version', '47018'),
(4, 2, 'db_last_updated', '0.18117600 1594747554'),
(5, 3, 'db_version', '47018'),
(6, 3, 'db_last_updated', '0.02634600 1594867254');

-- --------------------------------------------------------

--
-- Structure de la table `sle_blogs`
--

CREATE TABLE `sle_blogs` (
  `blog_id` bigint(20) NOT NULL,
  `site_id` bigint(20) NOT NULL DEFAULT '0',
  `domain` varchar(200) NOT NULL DEFAULT '',
  `path` varchar(100) NOT NULL DEFAULT '',
  `registered` datetime NOT NULL DEFAULT '0000-00-00 00:00:00',
  `last_updated` datetime NOT NULL DEFAULT '0000-00-00 00:00:00',
  `public` tinyint(2) NOT NULL DEFAULT '1',
  `archived` tinyint(2) NOT NULL DEFAULT '0',
  `mature` tinyint(2) NOT NULL DEFAULT '0',
  `spam` tinyint(2) NOT NULL DEFAULT '0',
  `deleted` tinyint(2) NOT NULL DEFAULT '0',
  `lang_id` int(11) NOT NULL DEFAULT '0'
) ENGINE=MyISAM DEFAULT CHARSET=utf8;

--
-- Contenu de la table `sle_blogs`
--

INSERT INTO `sle_blogs` (`blog_id`, `site_id`, `domain`, `path`, `registered`, `last_updated`, `public`, `archived`, `mature`, `spam`, `deleted`, `lang_id`) VALUES
(1, 1, 'lesexologue.ca', '/', '2017-01-23 22:00:03', '2020-11-04 19:13:52', 1, 0, 0, 0, 0, 0),
(2, 1, 'montreal.lesexologue.ca', '/', '2017-01-23 22:16:46', '2020-10-19 15:10:08', 1, 0, 0, 0, 0, 0),
(3, 1, 'montreal.sexcoupletherapy.com', '/', '2017-04-18 00:31:00', '2020-10-18 04:24:21', 1, 0, 0, 0, 0, 0);

-- --------------------------------------------------------

--
-- Structure de la table `sle_blog_versions`
--

CREATE TABLE `sle_blog_versions` (
  `blog_id` bigint(20) NOT NULL DEFAULT '0',
  `db_version` varchar(20) NOT NULL DEFAULT '',
  `last_updated` datetime NOT NULL DEFAULT '0000-00-00 00:00:00'
) ENGINE=MyISAM DEFAULT CHARSET=utf8;

--
-- Contenu de la table `sle_blog_versions`
--

INSERT INTO `sle_blog_versions` (`blog_id`, `db_version`, `last_updated`) VALUES
(1, '44719', '2019-02-21 21:20:56'),
(2, '44719', '2019-02-21 21:31:31'),
(3, '44719', '2019-02-21 22:37:54');

-- --------------------------------------------------------

--
-- Structure de la table `sle_commentmeta`
--

CREATE TABLE `sle_commentmeta` (
  `meta_id` bigint(20) UNSIGNED NOT NULL,
  `comment_id` bigint(20) UNSIGNED NOT NULL DEFAULT '0',
  `meta_key` varchar(255) DEFAULT NULL,
  `meta_value` longtext
) ENGINE=MyISAM DEFAULT CHARSET=utf8;

--
-- Contenu de la table `sle_commentmeta`
--

INSERT INTO `sle_commentmeta` (`meta_id`, `comment_id`, `meta_key`, `meta_value`) VALUES
(355, 109, 'akismet_history', 'a:3:{s:4:\"time\";d:1549902275.963887;s:5:\"event\";s:11:\"check-error\";s:4:\"meta\";a:1:{s:8:\"response\";s:7:\"invalid\";}}'),
(353, 108, 'akismet_delayed_moderation_email', '1'),
(527, 152, 'akismet_history', 'a:3:{s:4:\"time\";d:1550828974.9086201;s:5:\"event\";s:11:\"check-error\";s:4:\"meta\";a:1:{s:8:\"response\";s:7:\"invalid\";}}'),
(1193, 308, 'akismet_delayed_moderation_email', '1'),
(1605, 385, 'akismet_history', 'a:3:{s:4:\"time\";d:1592570183.5983009;s:5:\"event\";s:11:\"check-error\";s:4:\"meta\";a:1:{s:8:\"response\";s:7:\"invalid\";}}'),
(1195, 309, 'akismet_history', 'a:3:{s:4:\"time\";d:1567616177.0819111;s:5:\"event\";s:11:\"check-error\";s:4:\"meta\";a:1:{s:8:\"response\";s:7:\"invalid\";}}'),
(351, 108, 'akismet_history', 'a:3:{s:4:\"time\";d:1549406910.4204841;s:5:\"event\";s:11:\"check-error\";s:4:\"meta\";a:1:{s:8:\"response\";s:7:\"invalid\";}}'),
(347, 107, 'akismet_history', 'a:3:{s:4:\"time\";d:1549354580.5207069;s:5:\"event\";s:11:\"check-error\";s:4:\"meta\";a:1:{s:8:\"response\";s:7:\"invalid\";}}'),
(345, 106, 'akismet_delayed_moderation_email', '1'),
(1604, 385, 'akismet_error', '1592570183'),
(1199, 310, 'akismet_history', 'a:3:{s:4:\"time\";d:1567634488.954458;s:5:\"event\";s:11:\"check-error\";s:4:\"meta\";a:1:{s:8:\"response\";s:7:\"invalid\";}}'),
(343, 106, 'akismet_history', 'a:3:{s:4:\"time\";d:1549303224.109499;s:5:\"event\";s:11:\"check-error\";s:4:\"meta\";a:1:{s:8:\"response\";s:7:\"invalid\";}}'),
(501, 145, 'akismet_delayed_moderation_email', '1'),
(503, 146, 'akismet_history', 'a:3:{s:4:\"time\";d:1550663090.1108251;s:5:\"event\";s:11:\"check-error\";s:4:\"meta\";a:1:{s:8:\"response\";s:7:\"invalid\";}}'),
(441, 130, 'akismet_delayed_moderation_email', '1'),
(499, 145, 'akismet_history', 'a:3:{s:4:\"time\";d:1550629231.734236;s:5:\"event\";s:11:\"check-error\";s:4:\"meta\";a:1:{s:8:\"response\";s:7:\"invalid\";}}'),
(202, 87, 'akismet_history', 'a:3:{s:4:\"time\";d:1513390496.9956219;s:5:\"event\";s:15:\"status-approved\";s:4:\"user\";s:19:\"Francois Renaud M.A\";}'),
(129, 76, 'akismet_history', 'a:3:{s:4:\"time\";d:1502888194.332741;s:5:\"event\";s:15:\"status-approved\";s:4:\"user\";s:19:\"Francois Renaud M.A\";}'),
(335, 104, 'akismet_history', 'a:3:{s:4:\"time\";d:1549187597.509058;s:5:\"event\";s:11:\"check-error\";s:4:\"meta\";a:1:{s:8:\"response\";s:7:\"invalid\";}}'),
(333, 103, 'akismet_delayed_moderation_email', '1'),
(459, 135, 'akismet_history', 'a:3:{s:4:\"time\";d:1550483008.8843601;s:5:\"event\";s:11:\"check-error\";s:4:\"meta\";a:1:{s:8:\"response\";s:7:\"invalid\";}}'),
(1719, 414, 'akismet_error', '1595135785'),
(1720, 414, 'akismet_history', 'a:3:{s:4:\"time\";d:1595135785.725389;s:5:\"event\";s:11:\"check-error\";s:4:\"meta\";a:1:{s:8:\"response\";s:7:\"invalid\";}}'),
(173, 87, 'akismet_delayed_moderation_email', '1'),
(479, 140, 'akismet_history', 'a:3:{s:4:\"time\";d:1550571856.518353;s:5:\"event\";s:11:\"check-error\";s:4:\"meta\";a:1:{s:8:\"response\";s:7:\"invalid\";}}'),
(1065, 276, 'akismet_delayed_moderation_email', '1'),
(1601, 384, 'akismet_history', 'a:3:{s:4:\"time\";d:1592411176.8117349;s:5:\"event\";s:11:\"check-error\";s:4:\"meta\";a:1:{s:8:\"response\";s:7:\"invalid\";}}'),
(1067, 277, 'akismet_history', 'a:3:{s:4:\"time\";d:1566582777.772584;s:5:\"event\";s:11:\"check-error\";s:4:\"meta\";a:1:{s:8:\"response\";s:7:\"invalid\";}}'),
(1576, 378, 'akismet_history', 'a:3:{s:4:\"time\";d:1590686272.6825809;s:5:\"event\";s:11:\"check-error\";s:4:\"meta\";a:1:{s:8:\"response\";s:7:\"invalid\";}}'),
(1587, 381, 'akismet_error', '1591931599'),
(1588, 381, 'akismet_history', 'a:3:{s:4:\"time\";d:1591931599.0198569;s:5:\"event\";s:11:\"check-error\";s:4:\"meta\";a:1:{s:8:\"response\";s:7:\"invalid\";}}'),
(1574, 377, 'akismet_delayed_moderation_email', '1'),
(1575, 378, 'akismet_error', '1590686272'),
(723, 201, 'akismet_history', 'a:3:{s:4:\"time\";d:1551816408.862287;s:5:\"event\";s:11:\"check-error\";s:4:\"meta\";a:1:{s:8:\"response\";s:7:\"invalid\";}}'),
(330, 103, 'akismet_error', '1549132315'),
(331, 103, 'akismet_history', 'a:3:{s:4:\"time\";d:1549132315.452693;s:5:\"event\";s:11:\"check-error\";s:4:\"meta\";a:1:{s:8:\"response\";s:7:\"invalid\";}}'),
(753, 208, 'akismet_delayed_moderation_email', '1'),
(1081, 280, 'akismet_delayed_moderation_email', '1'),
(1082, 281, 'akismet_error', '1566779456'),
(1083, 281, 'akismet_history', 'a:3:{s:4:\"time\";d:1566779456.036844;s:5:\"event\";s:11:\"check-error\";s:4:\"meta\";a:1:{s:8:\"response\";s:7:\"invalid\";}}'),
(438, 130, 'akismet_error', '1550387987'),
(170, 87, 'akismet_error', '1511372063'),
(171, 87, 'akismet_history', 'a:3:{s:4:\"time\";d:1511372063.944304;s:5:\"event\";s:11:\"check-error\";s:4:\"meta\";a:1:{s:8:\"response\";s:7:\"invalid\";}}'),
(350, 108, 'akismet_error', '1549406910'),
(797, 219, 'akismet_delayed_moderation_email', '1'),
(478, 140, 'akismet_error', '1550571856'),
(338, 105, 'akismet_error', '1549242638'),
(439, 130, 'akismet_history', 'a:3:{s:4:\"time\";d:1550387987.5844121;s:5:\"event\";s:11:\"check-error\";s:4:\"meta\";a:1:{s:8:\"response\";s:7:\"invalid\";}}'),
(70, 71, 'akismet_error', '1494814051'),
(71, 71, 'akismet_history', 'a:3:{s:4:\"time\";d:1494814051.888555;s:5:\"event\";s:11:\"check-error\";s:4:\"meta\";a:1:{s:8:\"response\";s:7:\"invalid\";}}'),
(602, 171, 'akismet_error', '1551238403'),
(603, 171, 'akismet_history', 'a:3:{s:4:\"time\";d:1551238403.658283;s:5:\"event\";s:11:\"check-error\";s:4:\"meta\";a:1:{s:8:\"response\";s:7:\"invalid\";}}'),
(361, 110, 'akismet_delayed_moderation_email', '1'),
(362, 111, 'akismet_error', '1549951488'),
(363, 111, 'akismet_history', 'a:3:{s:4:\"time\";d:1549951488.8577659;s:5:\"event\";s:11:\"check-error\";s:4:\"meta\";a:1:{s:8:\"response\";s:7:\"invalid\";}}'),
(1480, 354, 'akismet_history', 'a:3:{s:4:\"time\";d:1585442897.477808;s:5:\"event\";s:11:\"check-error\";s:4:\"meta\";a:1:{s:8:\"response\";s:7:\"invalid\";}}'),
(1141, 295, 'akismet_delayed_moderation_email', '1'),
(73, 71, 'akismet_delayed_moderation_email', '1'),
(74, 71, 'akismet_history', 'a:3:{s:4:\"time\";d:1494976591.4428051;s:5:\"event\";s:15:\"status-approved\";s:4:\"user\";s:19:\"Francois Renaud M.A\";}'),
(75, 72, 'akismet_error', '1494976591'),
(76, 72, 'akismet_history', 'a:4:{s:4:\"time\";d:1494976591.8032229;s:5:\"event\";s:11:\"check-error\";s:4:\"user\";s:19:\"Francois Renaud M.A\";s:4:\"meta\";a:1:{s:8:\"response\";s:7:\"invalid\";}}'),
(1157, 299, 'akismet_delayed_moderation_email', '1'),
(605, 171, 'akismet_delayed_moderation_email', '1'),
(358, 110, 'akismet_error', '1549915659'),
(359, 110, 'akismet_history', 'a:3:{s:4:\"time\";d:1549915659.87099;s:5:\"event\";s:11:\"check-error\";s:4:\"meta\";a:1:{s:8:\"response\";s:7:\"invalid\";}}'),
(82, 74, 'akismet_error', '1495137759'),
(83, 74, 'akismet_history', 'a:3:{s:4:\"time\";d:1495137759.809495;s:5:\"event\";s:11:\"check-error\";s:4:\"meta\";a:1:{s:8:\"response\";s:7:\"invalid\";}}'),
(131, 74, 'akismet_history', 'a:3:{s:4:\"time\";d:1502888196.3189931;s:5:\"event\";s:15:\"status-approved\";s:4:\"user\";s:19:\"Francois Renaud M.A\";}'),
(1209, 312, 'akismet_delayed_moderation_email', '1'),
(85, 74, 'akismet_delayed_moderation_email', '1'),
(90, 74, 'akismet_result', 'error'),
(91, 74, 'akismet_history', 'a:4:{s:4:\"time\";d:1495279598.6010571;s:5:\"event\";s:13:\"recheck-error\";s:4:\"user\";s:19:\"Francois Renaud M.A\";s:4:\"meta\";a:1:{s:8:\"response\";s:7:\"invalid\";}}'),
(510, 148, 'akismet_error', '1550721952'),
(511, 148, 'akismet_history', 'a:3:{s:4:\"time\";d:1550721952.8972781;s:5:\"event\";s:11:\"check-error\";s:4:\"meta\";a:1:{s:8:\"response\";s:7:\"invalid\";}}'),
(1603, 384, 'akismet_delayed_moderation_email', '1'),
(130, 75, 'akismet_history', 'a:3:{s:4:\"time\";d:1502888195.4420581;s:5:\"event\";s:15:\"status-approved\";s:4:\"user\";s:19:\"Francois Renaud M.A\";}'),
(97, 74, 'akismet_history', 'a:3:{s:4:\"time\";d:1495843075.964817;s:5:\"event\";s:15:\"status-approved\";s:4:\"user\";s:19:\"Francois Renaud M.A\";}'),
(98, 74, 'akismet_history', 'a:3:{s:4:\"time\";d:1495843097.9853151;s:5:\"event\";s:17:\"status-unapproved\";s:4:\"user\";s:19:\"Francois Renaud M.A\";}'),
(99, 75, 'akismet_error', '1496105418'),
(100, 75, 'akismet_history', 'a:3:{s:4:\"time\";d:1496105418.93168;s:5:\"event\";s:11:\"check-error\";s:4:\"meta\";a:1:{s:8:\"response\";s:7:\"invalid\";}}'),
(1210, 313, 'akismet_error', '1567711651'),
(498, 145, 'akismet_error', '1550629231'),
(341, 105, 'akismet_delayed_moderation_email', '1'),
(342, 106, 'akismet_error', '1549303224'),
(339, 105, 'akismet_history', 'a:3:{s:4:\"time\";d:1549242638.699856;s:5:\"event\";s:11:\"check-error\";s:4:\"meta\";a:1:{s:8:\"response\";s:7:\"invalid\";}}'),
(102, 75, 'akismet_delayed_moderation_email', '1'),
(103, 76, 'akismet_error', '1496106357'),
(104, 76, 'akismet_history', 'a:3:{s:4:\"time\";d:1496106357.177856;s:5:\"event\";s:11:\"check-error\";s:4:\"meta\";a:1:{s:8:\"response\";s:7:\"invalid\";}}'),
(442, 131, 'akismet_error', '1550394588'),
(443, 131, 'akismet_history', 'a:3:{s:4:\"time\";d:1550394588.338836;s:5:\"event\";s:11:\"check-error\";s:4:\"meta\";a:1:{s:8:\"response\";s:7:\"invalid\";}}'),
(106, 76, 'akismet_delayed_moderation_email', '1'),
(629, 177, 'akismet_delayed_moderation_email', '1'),
(365, 111, 'akismet_delayed_moderation_email', '1'),
(366, 112, 'akismet_error', '1549976915'),
(367, 112, 'akismet_history', 'a:3:{s:4:\"time\";d:1549976915.982913;s:5:\"event\";s:11:\"check-error\";s:4:\"meta\";a:1:{s:8:\"response\";s:7:\"invalid\";}}'),
(625, 176, 'akismet_delayed_moderation_email', '1'),
(626, 177, 'akismet_error', '1551324498'),
(627, 177, 'akismet_history', 'a:3:{s:4:\"time\";d:1551324498.3791001;s:5:\"event\";s:11:\"check-error\";s:4:\"meta\";a:1:{s:8:\"response\";s:7:\"invalid\";}}'),
(1137, 294, 'akismet_delayed_moderation_email', '1'),
(369, 112, 'akismet_delayed_moderation_email', '1'),
(370, 113, 'akismet_error', '1549996895'),
(371, 113, 'akismet_history', 'a:3:{s:4:\"time\";d:1549996895.814594;s:5:\"event\";s:11:\"check-error\";s:4:\"meta\";a:1:{s:8:\"response\";s:7:\"invalid\";}}'),
(622, 176, 'akismet_error', '1551324387'),
(623, 176, 'akismet_history', 'a:3:{s:4:\"time\";d:1551324387.7460589;s:5:\"event\";s:11:\"check-error\";s:4:\"meta\";a:1:{s:8:\"response\";s:7:\"invalid\";}}'),
(1133, 293, 'akismet_delayed_moderation_email', '1'),
(1134, 294, 'akismet_error', '1567124066'),
(1135, 294, 'akismet_history', 'a:3:{s:4:\"time\";d:1567124066.2096641;s:5:\"event\";s:11:\"check-error\";s:4:\"meta\";a:1:{s:8:\"response\";s:7:\"invalid\";}}'),
(373, 113, 'akismet_delayed_moderation_email', '1'),
(374, 114, 'akismet_error', '1550011816'),
(375, 114, 'akismet_history', 'a:3:{s:4:\"time\";d:1550011816.373425;s:5:\"event\";s:11:\"check-error\";s:4:\"meta\";a:1:{s:8:\"response\";s:7:\"invalid\";}}'),
(653, 183, 'akismet_delayed_moderation_email', '1'),
(654, 184, 'akismet_error', '1551478046'),
(655, 184, 'akismet_history', 'a:3:{s:4:\"time\";d:1551478046.94718;s:5:\"event\";s:11:\"check-error\";s:4:\"meta\";a:1:{s:8:\"response\";s:7:\"invalid\";}}'),
(1125, 291, 'akismet_delayed_moderation_email', '1'),
(1126, 292, 'akismet_error', '1567068392'),
(377, 114, 'akismet_delayed_moderation_email', '1'),
(378, 115, 'akismet_error', '1550012508'),
(379, 115, 'akismet_history', 'a:3:{s:4:\"time\";d:1550012508.14024;s:5:\"event\";s:11:\"check-error\";s:4:\"meta\";a:1:{s:8:\"response\";s:7:\"invalid\";}}'),
(1121, 290, 'akismet_delayed_moderation_email', '1'),
(1122, 291, 'akismet_error', '1567040020'),
(1123, 291, 'akismet_history', 'a:3:{s:4:\"time\";d:1567040020.282928;s:5:\"event\";s:11:\"check-error\";s:4:\"meta\";a:1:{s:8:\"response\";s:7:\"invalid\";}}'),
(381, 115, 'akismet_delayed_moderation_email', '1'),
(382, 116, 'akismet_error', '1550018416'),
(383, 116, 'akismet_history', 'a:3:{s:4:\"time\";d:1550018416.4516461;s:5:\"event\";s:11:\"check-error\";s:4:\"meta\";a:1:{s:8:\"response\";s:7:\"invalid\";}}'),
(1117, 289, 'akismet_delayed_moderation_email', '1'),
(1118, 290, 'akismet_error', '1567023248'),
(1119, 290, 'akismet_history', 'a:3:{s:4:\"time\";d:1567023248.4103789;s:5:\"event\";s:11:\"check-error\";s:4:\"meta\";a:1:{s:8:\"response\";s:7:\"invalid\";}}'),
(650, 183, 'akismet_error', '1551412566'),
(651, 183, 'akismet_history', 'a:3:{s:4:\"time\";d:1551412566.323133;s:5:\"event\";s:11:\"check-error\";s:4:\"meta\";a:1:{s:8:\"response\";s:7:\"invalid\";}}'),
(385, 116, 'akismet_delayed_moderation_email', '1'),
(386, 117, 'akismet_error', '1550061333'),
(387, 117, 'akismet_history', 'a:3:{s:4:\"time\";d:1550061333.3259261;s:5:\"event\";s:11:\"check-error\";s:4:\"meta\";a:1:{s:8:\"response\";s:7:\"invalid\";}}'),
(1115, 289, 'akismet_history', 'a:3:{s:4:\"time\";d:1566992076.306273;s:5:\"event\";s:11:\"check-error\";s:4:\"meta\";a:1:{s:8:\"response\";s:7:\"invalid\";}}'),
(645, 181, 'akismet_delayed_moderation_email', '1'),
(389, 117, 'akismet_delayed_moderation_email', '1'),
(390, 118, 'akismet_error', '1550088361'),
(391, 118, 'akismet_history', 'a:3:{s:4:\"time\";d:1550088361.772521;s:5:\"event\";s:11:\"check-error\";s:4:\"meta\";a:1:{s:8:\"response\";s:7:\"invalid\";}}'),
(642, 181, 'akismet_error', '1551408912'),
(643, 181, 'akismet_history', 'a:3:{s:4:\"time\";d:1551408912.3371639;s:5:\"event\";s:11:\"check-error\";s:4:\"meta\";a:1:{s:8:\"response\";s:7:\"invalid\";}}'),
(393, 118, 'akismet_delayed_moderation_email', '1'),
(394, 119, 'akismet_error', '1550099250'),
(395, 119, 'akismet_history', 'a:3:{s:4:\"time\";d:1550099250.5637791;s:5:\"event\";s:11:\"check-error\";s:4:\"meta\";a:1:{s:8:\"response\";s:7:\"invalid\";}}'),
(666, 187, 'akismet_error', '1551523580'),
(667, 187, 'akismet_history', 'a:3:{s:4:\"time\";d:1551523580.4646411;s:5:\"event\";s:11:\"check-error\";s:4:\"meta\";a:1:{s:8:\"response\";s:7:\"invalid\";}}'),
(397, 119, 'akismet_delayed_moderation_email', '1'),
(398, 120, 'akismet_error', '1550114734'),
(399, 120, 'akismet_history', 'a:3:{s:4:\"time\";d:1550114734.0974021;s:5:\"event\";s:11:\"check-error\";s:4:\"meta\";a:1:{s:8:\"response\";s:7:\"invalid\";}}'),
(1440, 344, 'akismet_history', 'a:3:{s:4:\"time\";d:1580812858.0449381;s:5:\"event\";s:11:\"check-error\";s:4:\"meta\";a:1:{s:8:\"response\";s:7:\"invalid\";}}'),
(1458, 348, 'akismet_delayed_moderation_email', '1'),
(661, 185, 'akismet_delayed_moderation_email', '1'),
(1109, 287, 'akismet_delayed_moderation_email', '1'),
(1110, 288, 'akismet_error', '1566960686'),
(1111, 288, 'akismet_history', 'a:3:{s:4:\"time\";d:1566960686.5982621;s:5:\"event\";s:11:\"check-error\";s:4:\"meta\";a:1:{s:8:\"response\";s:7:\"invalid\";}}'),
(401, 120, 'akismet_delayed_moderation_email', '1'),
(402, 121, 'akismet_error', '1550165962'),
(403, 121, 'akismet_history', 'a:3:{s:4:\"time\";d:1550165962.884727;s:5:\"event\";s:11:\"check-error\";s:4:\"meta\";a:1:{s:8:\"response\";s:7:\"invalid\";}}'),
(658, 185, 'akismet_error', '1551518071'),
(659, 185, 'akismet_history', 'a:3:{s:4:\"time\";d:1551518071.9161291;s:5:\"event\";s:11:\"check-error\";s:4:\"meta\";a:1:{s:8:\"response\";s:7:\"invalid\";}}'),
(1105, 286, 'akismet_delayed_moderation_email', '1'),
(1106, 287, 'akismet_error', '1566941319'),
(1107, 287, 'akismet_history', 'a:3:{s:4:\"time\";d:1566941319.774066;s:5:\"event\";s:11:\"check-error\";s:4:\"meta\";a:1:{s:8:\"response\";s:7:\"invalid\";}}'),
(405, 121, 'akismet_delayed_moderation_email', '1'),
(406, 122, 'akismet_error', '1550180574'),
(407, 122, 'akismet_history', 'a:3:{s:4:\"time\";d:1550180574.3932331;s:5:\"event\";s:11:\"check-error\";s:4:\"meta\";a:1:{s:8:\"response\";s:7:\"invalid\";}}'),
(1471, 352, 'akismet_error', '1584593905'),
(1472, 352, 'akismet_history', 'a:3:{s:4:\"time\";d:1584593905.129837;s:5:\"event\";s:11:\"check-error\";s:4:\"meta\";a:1:{s:8:\"response\";s:7:\"invalid\";}}'),
(1607, 385, 'akismet_delayed_moderation_email', '1'),
(1101, 285, 'akismet_delayed_moderation_email', '1'),
(1102, 286, 'akismet_error', '1566912113'),
(1103, 286, 'akismet_history', 'a:3:{s:4:\"time\";d:1566912113.8121369;s:5:\"event\";s:11:\"check-error\";s:4:\"meta\";a:1:{s:8:\"response\";s:7:\"invalid\";}}'),
(681, 190, 'akismet_delayed_moderation_email', '1'),
(409, 122, 'akismet_delayed_moderation_email', '1'),
(410, 123, 'akismet_error', '1550189408'),
(411, 123, 'akismet_history', 'a:3:{s:4:\"time\";d:1550189408.374486;s:5:\"event\";s:11:\"check-error\";s:4:\"meta\";a:1:{s:8:\"response\";s:7:\"invalid\";}}'),
(1462, 349, 'akismet_delayed_moderation_email', '1'),
(677, 189, 'akismet_delayed_moderation_email', '1'),
(678, 190, 'akismet_error', '1551620583'),
(679, 190, 'akismet_history', 'a:3:{s:4:\"time\";d:1551620583.2334559;s:5:\"event\";s:11:\"check-error\";s:4:\"meta\";a:1:{s:8:\"response\";s:7:\"invalid\";}}'),
(413, 123, 'akismet_delayed_moderation_email', '1'),
(414, 124, 'akismet_error', '1550201857'),
(415, 124, 'akismet_history', 'a:3:{s:4:\"time\";d:1550201857.87345;s:5:\"event\";s:11:\"check-error\";s:4:\"meta\";a:1:{s:8:\"response\";s:7:\"invalid\";}}'),
(674, 189, 'akismet_error', '1551578864'),
(675, 189, 'akismet_history', 'a:3:{s:4:\"time\";d:1551578864.5638981;s:5:\"event\";s:11:\"check-error\";s:4:\"meta\";a:1:{s:8:\"response\";s:7:\"invalid\";}}'),
(1097, 284, 'akismet_delayed_moderation_email', '1'),
(1098, 285, 'akismet_error', '1566881229'),
(1099, 285, 'akismet_history', 'a:3:{s:4:\"time\";d:1566881229.1996679;s:5:\"event\";s:11:\"check-error\";s:4:\"meta\";a:1:{s:8:\"response\";s:7:\"invalid\";}}'),
(1439, 344, 'akismet_error', '1580812858'),
(1438, 343, 'akismet_delayed_moderation_email', '1'),
(1444, 345, 'akismet_history', 'a:3:{s:4:\"time\";d:1580860958.671711;s:5:\"event\";s:11:\"check-error\";s:4:\"meta\";a:1:{s:8:\"response\";s:7:\"invalid\";}}'),
(417, 124, 'akismet_delayed_moderation_email', '1'),
(418, 125, 'akismet_error', '1550268123'),
(419, 125, 'akismet_history', 'a:3:{s:4:\"time\";d:1550268123.9188499;s:5:\"event\";s:11:\"check-error\";s:4:\"meta\";a:1:{s:8:\"response\";s:7:\"invalid\";}}'),
(1534, 367, 'akismet_delayed_moderation_email', '1'),
(1450, 346, 'akismet_delayed_moderation_email', '1'),
(1451, 347, 'akismet_error', '1582015370'),
(1452, 347, 'akismet_history', 'a:3:{s:4:\"time\";d:1582015370.8054941;s:5:\"event\";s:11:\"check-error\";s:4:\"meta\";a:1:{s:8:\"response\";s:7:\"invalid\";}}'),
(1085, 281, 'akismet_delayed_moderation_email', '1'),
(702, 196, 'akismet_error', '1551719257'),
(703, 196, 'akismet_history', 'a:3:{s:4:\"time\";d:1551719257.2771349;s:5:\"event\";s:11:\"check-error\";s:4:\"meta\";a:1:{s:8:\"response\";s:7:\"invalid\";}}'),
(1089, 282, 'akismet_delayed_moderation_email', '1'),
(1090, 283, 'akismet_error', '1566838654'),
(1091, 283, 'akismet_history', 'a:3:{s:4:\"time\";d:1566838654.359936;s:5:\"event\";s:11:\"check-error\";s:4:\"meta\";a:1:{s:8:\"response\";s:7:\"invalid\";}}'),
(421, 125, 'akismet_delayed_moderation_email', '1'),
(422, 126, 'akismet_error', '1550298487'),
(423, 126, 'akismet_history', 'a:3:{s:4:\"time\";d:1550298487.8168211;s:5:\"event\";s:11:\"check-error\";s:4:\"meta\";a:1:{s:8:\"response\";s:7:\"invalid\";}}'),
(1624, 390, 'akismet_error', '1593413459'),
(1625, 390, 'akismet_history', 'a:3:{s:4:\"time\";d:1593413459.1119809;s:5:\"event\";s:11:\"check-error\";s:4:\"meta\";a:1:{s:8:\"response\";s:7:\"invalid\";}}'),
(697, 194, 'akismet_delayed_moderation_email', '1'),
(1086, 282, 'akismet_error', '1566805940'),
(1087, 282, 'akismet_history', 'a:3:{s:4:\"time\";d:1566805940.394618;s:5:\"event\";s:11:\"check-error\";s:4:\"meta\";a:1:{s:8:\"response\";s:7:\"invalid\";}}'),
(1535, 368, 'akismet_error', '1587136935'),
(1482, 354, 'akismet_delayed_moderation_email', '1'),
(425, 126, 'akismet_delayed_moderation_email', '1'),
(426, 127, 'akismet_error', '1550304363'),
(427, 127, 'akismet_history', 'a:3:{s:4:\"time\";d:1550304363.49123;s:5:\"event\";s:11:\"check-error\";s:4:\"meta\";a:1:{s:8:\"response\";s:7:\"invalid\";}}'),
(1436, 343, 'akismet_history', 'a:3:{s:4:\"time\";d:1578443903.7193019;s:5:\"event\";s:11:\"check-error\";s:4:\"meta\";a:1:{s:8:\"response\";s:7:\"invalid\";}}'),
(693, 193, 'akismet_delayed_moderation_email', '1'),
(694, 194, 'akismet_error', '1551709989'),
(695, 194, 'akismet_history', 'a:3:{s:4:\"time\";d:1551709989.660826;s:5:\"event\";s:11:\"check-error\";s:4:\"meta\";a:1:{s:8:\"response\";s:7:\"invalid\";}}'),
(1608, 386, 'akismet_error', '1592743792'),
(1609, 386, 'akismet_history', 'a:3:{s:4:\"time\";d:1592743792.730607;s:5:\"event\";s:11:\"check-error\";s:4:\"meta\";a:1:{s:8:\"response\";s:7:\"invalid\";}}'),
(1582, 379, 'akismet_delayed_moderation_email', '1'),
(429, 127, 'akismet_delayed_moderation_email', '1'),
(430, 128, 'akismet_error', '1550304433'),
(431, 128, 'akismet_history', 'a:3:{s:4:\"time\";d:1550304433.7275109;s:5:\"event\";s:11:\"check-error\";s:4:\"meta\";a:1:{s:8:\"response\";s:7:\"invalid\";}}'),
(690, 193, 'akismet_error', '1551676719'),
(691, 193, 'akismet_history', 'a:3:{s:4:\"time\";d:1551676719.5091231;s:5:\"event\";s:11:\"check-error\";s:4:\"meta\";a:1:{s:8:\"response\";s:7:\"invalid\";}}'),
(1003, 261, 'akismet_history', 'a:3:{s:4:\"time\";d:1566148567.32781;s:5:\"event\";s:11:\"check-error\";s:4:\"meta\";a:1:{s:8:\"response\";s:7:\"invalid\";}}'),
(1002, 261, 'akismet_error', '1566148567'),
(1455, 348, 'akismet_error', '1582240389'),
(1456, 348, 'akismet_history', 'a:3:{s:4:\"time\";d:1582240389.914232;s:5:\"event\";s:11:\"check-error\";s:4:\"meta\";a:1:{s:8:\"response\";s:7:\"invalid\";}}'),
(1442, 344, 'akismet_delayed_moderation_email', '1'),
(1001, 260, 'akismet_delayed_moderation_email', '1'),
(433, 128, 'akismet_delayed_moderation_email', '1'),
(434, 129, 'akismet_error', '1550358197'),
(435, 129, 'akismet_history', 'a:3:{s:4:\"time\";d:1550358197.2421811;s:5:\"event\";s:11:\"check-error\";s:4:\"meta\";a:1:{s:8:\"response\";s:7:\"invalid\";}}'),
(1562, 374, 'akismet_delayed_moderation_email', '1'),
(1077, 279, 'akismet_delayed_moderation_email', '1'),
(1078, 280, 'akismet_error', '1566758925'),
(1079, 280, 'akismet_history', 'a:3:{s:4:\"time\";d:1566758925.7492559;s:5:\"event\";s:11:\"check-error\";s:4:\"meta\";a:1:{s:8:\"response\";s:7:\"invalid\";}}'),
(437, 129, 'akismet_delayed_moderation_email', '1'),
(1692, 407, 'akismet_error', '1594567768'),
(1693, 407, 'akismet_history', 'a:3:{s:4:\"time\";d:1594567768.770751;s:5:\"event\";s:11:\"check-error\";s:4:\"meta\";a:1:{s:8:\"response\";s:7:\"invalid\";}}'),
(1619, 388, 'akismet_delayed_moderation_email', '1'),
(1510, 361, 'akismet_delayed_moderation_email', '1'),
(1511, 362, 'akismet_error', '1586724111'),
(1512, 362, 'akismet_history', 'a:3:{s:4:\"time\";d:1586724111.334852;s:5:\"event\";s:11:\"check-error\";s:4:\"meta\";a:1:{s:8:\"response\";s:7:\"invalid\";}}'),
(722, 201, 'akismet_error', '1551816408'),
(445, 131, 'akismet_delayed_moderation_email', '1'),
(446, 132, 'akismet_error', '1550394654'),
(447, 132, 'akismet_history', 'a:3:{s:4:\"time\";d:1550394654.772038;s:5:\"event\";s:11:\"check-error\";s:4:\"meta\";a:1:{s:8:\"response\";s:7:\"invalid\";}}'),
(1519, 364, 'akismet_error', '1586777887'),
(1073, 278, 'akismet_delayed_moderation_email', '1'),
(1074, 279, 'akismet_error', '1566622705'),
(1075, 279, 'akismet_history', 'a:3:{s:4:\"time\";d:1566622705.805023;s:5:\"event\";s:11:\"check-error\";s:4:\"meta\";a:1:{s:8:\"response\";s:7:\"invalid\";}}'),
(1508, 361, 'akismet_history', 'a:3:{s:4:\"time\";d:1586722267.1312749;s:5:\"event\";s:11:\"check-error\";s:4:\"meta\";a:1:{s:8:\"response\";s:7:\"invalid\";}}'),
(449, 132, 'akismet_delayed_moderation_email', '1'),
(450, 133, 'akismet_error', '1550444595'),
(451, 133, 'akismet_history', 'a:3:{s:4:\"time\";d:1550444595.910099;s:5:\"event\";s:11:\"check-error\";s:4:\"meta\";a:1:{s:8:\"response\";s:7:\"invalid\";}}'),
(1061, 275, 'akismet_delayed_moderation_email', '1'),
(1062, 276, 'akismet_error', '1566550814'),
(1063, 276, 'akismet_history', 'a:3:{s:4:\"time\";d:1566550814.5697401;s:5:\"event\";s:11:\"check-error\";s:4:\"meta\";a:1:{s:8:\"response\";s:7:\"invalid\";}}'),
(1750, 421, 'akismet_delayed_moderation_email', '1'),
(453, 133, 'akismet_delayed_moderation_email', '1'),
(454, 134, 'akismet_error', '1550449153'),
(455, 134, 'akismet_history', 'a:3:{s:4:\"time\";d:1550449153.5096309;s:5:\"event\";s:11:\"check-error\";s:4:\"meta\";a:1:{s:8:\"response\";s:7:\"invalid\";}}'),
(1057, 274, 'akismet_delayed_moderation_email', '1'),
(1058, 275, 'akismet_error', '1566524508'),
(1059, 275, 'akismet_history', 'a:3:{s:4:\"time\";d:1566524508.88923;s:5:\"event\";s:11:\"check-error\";s:4:\"meta\";a:1:{s:8:\"response\";s:7:\"invalid\";}}'),
(1735, 418, 'akismet_error', '1596793913'),
(1730, 416, 'akismet_delayed_moderation_email', '1'),
(750, 208, 'akismet_error', '1551904694'),
(751, 208, 'akismet_history', 'a:3:{s:4:\"time\";d:1551904694.6002071;s:5:\"event\";s:11:\"check-error\";s:4:\"meta\";a:1:{s:8:\"response\";s:7:\"invalid\";}}'),
(457, 134, 'akismet_delayed_moderation_email', '1'),
(462, 136, 'akismet_error', '1550488413'),
(463, 136, 'akismet_history', 'a:3:{s:4:\"time\";d:1550488413.886606;s:5:\"event\";s:11:\"check-error\";s:4:\"meta\";a:1:{s:8:\"response\";s:7:\"invalid\";}}'),
(1054, 274, 'akismet_error', '1566507113'),
(1055, 274, 'akismet_history', 'a:3:{s:4:\"time\";d:1566507113.0895629;s:5:\"event\";s:11:\"check-error\";s:4:\"meta\";a:1:{s:8:\"response\";s:7:\"invalid\";}}'),
(745, 206, 'akismet_delayed_moderation_email', '1'),
(1736, 418, 'akismet_history', 'a:3:{s:4:\"time\";d:1596793913.3807149;s:5:\"event\";s:11:\"check-error\";s:4:\"meta\";a:1:{s:8:\"response\";s:7:\"invalid\";}}'),
(465, 136, 'akismet_delayed_moderation_email', '1'),
(466, 137, 'akismet_error', '1550488491'),
(467, 137, 'akismet_history', 'a:3:{s:4:\"time\";d:1550488491.5583451;s:5:\"event\";s:11:\"check-error\";s:4:\"meta\";a:1:{s:8:\"response\";s:7:\"invalid\";}}'),
(741, 205, 'akismet_delayed_moderation_email', '1'),
(742, 206, 'akismet_error', '1551860090'),
(743, 206, 'akismet_history', 'a:3:{s:4:\"time\";d:1551860090.555634;s:5:\"event\";s:11:\"check-error\";s:4:\"meta\";a:1:{s:8:\"response\";s:7:\"invalid\";}}'),
(1727, 416, 'akismet_error', '1595398205'),
(1728, 416, 'akismet_history', 'a:3:{s:4:\"time\";d:1595398205.6435339;s:5:\"event\";s:11:\"check-error\";s:4:\"meta\";a:1:{s:8:\"response\";s:7:\"invalid\";}}'),
(469, 137, 'akismet_delayed_moderation_email', '1'),
(470, 138, 'akismet_error', '1550514461'),
(471, 138, 'akismet_history', 'a:3:{s:4:\"time\";d:1550514461.7803121;s:5:\"event\";s:11:\"check-error\";s:4:\"meta\";a:1:{s:8:\"response\";s:7:\"invalid\";}}'),
(738, 205, 'akismet_error', '1551851135'),
(739, 205, 'akismet_history', 'a:3:{s:4:\"time\";d:1551851135.5761931;s:5:\"event\";s:11:\"check-error\";s:4:\"meta\";a:1:{s:8:\"response\";s:7:\"invalid\";}}'),
(1053, 273, 'akismet_delayed_moderation_email', '1'),
(473, 138, 'akismet_delayed_moderation_email', '1'),
(474, 139, 'akismet_error', '1550540583'),
(475, 139, 'akismet_history', 'a:3:{s:4:\"time\";d:1550540583.2528629;s:5:\"event\";s:11:\"check-error\";s:4:\"meta\";a:1:{s:8:\"response\";s:7:\"invalid\";}}'),
(778, 215, 'akismet_error', '1552002707'),
(779, 215, 'akismet_history', 'a:3:{s:4:\"time\";d:1552002707.313098;s:5:\"event\";s:11:\"check-error\";s:4:\"meta\";a:1:{s:8:\"response\";s:7:\"invalid\";}}'),
(477, 139, 'akismet_delayed_moderation_email', '1'),
(1221, 315, 'akismet_delayed_moderation_email', '1'),
(1037, 269, 'akismet_delayed_moderation_email', '1'),
(1038, 270, 'akismet_error', '1566406545'),
(1039, 270, 'akismet_history', 'a:3:{s:4:\"time\";d:1566406545.5628281;s:5:\"event\";s:11:\"check-error\";s:4:\"meta\";a:1:{s:8:\"response\";s:7:\"invalid\";}}'),
(481, 140, 'akismet_delayed_moderation_email', '1'),
(482, 141, 'akismet_error', '1550574182'),
(483, 141, 'akismet_history', 'a:3:{s:4:\"time\";d:1550574182.969687;s:5:\"event\";s:11:\"check-error\";s:4:\"meta\";a:1:{s:8:\"response\";s:7:\"invalid\";}}'),
(1218, 315, 'akismet_error', '1567750804'),
(1219, 315, 'akismet_history', 'a:3:{s:4:\"time\";d:1567750804.146826;s:5:\"event\";s:11:\"check-error\";s:4:\"meta\";a:1:{s:8:\"response\";s:7:\"invalid\";}}'),
(1033, 268, 'akismet_delayed_moderation_email', '1'),
(1034, 269, 'akismet_error', '1566373339'),
(773, 213, 'akismet_delayed_moderation_email', '1'),
(485, 141, 'akismet_delayed_moderation_email', '1'),
(770, 213, 'akismet_error', '1551999218'),
(771, 213, 'akismet_history', 'a:3:{s:4:\"time\";d:1551999218.829617;s:5:\"event\";s:11:\"check-error\";s:4:\"meta\";a:1:{s:8:\"response\";s:7:\"invalid\";}}'),
(1035, 269, 'akismet_history', 'a:3:{s:4:\"time\";d:1566373339.0656769;s:5:\"event\";s:11:\"check-error\";s:4:\"meta\";a:1:{s:8:\"response\";s:7:\"invalid\";}}'),
(490, 143, 'akismet_error', '1550579663'),
(491, 143, 'akismet_history', 'a:3:{s:4:\"time\";d:1550579663.137177;s:5:\"event\";s:11:\"check-error\";s:4:\"meta\";a:1:{s:8:\"response\";s:7:\"invalid\";}}'),
(1045, 271, 'akismet_delayed_moderation_email', '1'),
(1046, 272, 'akismet_error', '1566446388'),
(1047, 272, 'akismet_history', 'a:3:{s:4:\"time\";d:1566446388.8486409;s:5:\"event\";s:11:\"check-error\";s:4:\"meta\";a:1:{s:8:\"response\";s:7:\"invalid\";}}'),
(493, 143, 'akismet_delayed_moderation_email', '1'),
(494, 144, 'akismet_error', '1550620748'),
(495, 144, 'akismet_history', 'a:3:{s:4:\"time\";d:1550620748.3270881;s:5:\"event\";s:11:\"check-error\";s:4:\"meta\";a:1:{s:8:\"response\";s:7:\"invalid\";}}'),
(1724, 415, 'akismet_history', 'a:3:{s:4:\"time\";d:1595260323.341053;s:5:\"event\";s:11:\"check-error\";s:4:\"meta\";a:1:{s:8:\"response\";s:7:\"invalid\";}}'),
(805, 221, 'akismet_delayed_moderation_email', '1'),
(1017, 264, 'akismet_delayed_moderation_email', '1'),
(1018, 265, 'akismet_error', '1566267072'),
(1019, 265, 'akismet_history', 'a:3:{s:4:\"time\";d:1566267072.03669;s:5:\"event\";s:11:\"check-error\";s:4:\"meta\";a:1:{s:8:\"response\";s:7:\"invalid\";}}'),
(497, 144, 'akismet_delayed_moderation_email', '1'),
(1211, 313, 'akismet_history', 'a:3:{s:4:\"time\";d:1567711651.9217441;s:5:\"event\";s:11:\"check-error\";s:4:\"meta\";a:1:{s:8:\"response\";s:7:\"invalid\";}}'),
(506, 147, 'akismet_error', '1550675397'),
(507, 147, 'akismet_history', 'a:3:{s:4:\"time\";d:1550675397.2525611;s:5:\"event\";s:11:\"check-error\";s:4:\"meta\";a:1:{s:8:\"response\";s:7:\"invalid\";}}'),
(1207, 312, 'akismet_history', 'a:3:{s:4:\"time\";d:1567679339.746918;s:5:\"event\";s:11:\"check-error\";s:4:\"meta\";a:1:{s:8:\"response\";s:7:\"invalid\";}}'),
(1029, 267, 'akismet_delayed_moderation_email', '1'),
(1030, 268, 'akismet_error', '1566347231'),
(1031, 268, 'akismet_history', 'a:3:{s:4:\"time\";d:1566347231.3384681;s:5:\"event\";s:11:\"check-error\";s:4:\"meta\";a:1:{s:8:\"response\";s:7:\"invalid\";}}'),
(509, 147, 'akismet_delayed_moderation_email', '1'),
(513, 148, 'akismet_delayed_moderation_email', '1'),
(514, 149, 'akismet_error', '1550770778'),
(515, 149, 'akismet_history', 'a:3:{s:4:\"time\";d:1550770778.946255;s:5:\"event\";s:11:\"check-error\";s:4:\"meta\";a:1:{s:8:\"response\";s:7:\"invalid\";}}'),
(794, 219, 'akismet_error', '1552103646'),
(795, 219, 'akismet_history', 'a:3:{s:4:\"time\";d:1552103646.2620261;s:5:\"event\";s:11:\"check-error\";s:4:\"meta\";a:1:{s:8:\"response\";s:7:\"invalid\";}}'),
(517, 149, 'akismet_delayed_moderation_email', '1'),
(1021, 265, 'akismet_delayed_moderation_email', '1'),
(1022, 266, 'akismet_error', '1566294840'),
(789, 217, 'akismet_delayed_moderation_email', '1'),
(1202, 311, 'akismet_error', '1567652512'),
(1203, 311, 'akismet_history', 'a:3:{s:4:\"time\";d:1567652512.891012;s:5:\"event\";s:11:\"check-error\";s:4:\"meta\";a:1:{s:8:\"response\";s:7:\"invalid\";}}'),
(1025, 266, 'akismet_delayed_moderation_email', '1'),
(1026, 267, 'akismet_error', '1566329088'),
(1027, 267, 'akismet_history', 'a:3:{s:4:\"time\";d:1566329088.4641321;s:5:\"event\";s:11:\"check-error\";s:4:\"meta\";a:1:{s:8:\"response\";s:7:\"invalid\";}}'),
(522, 151, 'akismet_error', '1550774549'),
(523, 151, 'akismet_history', 'a:3:{s:4:\"time\";d:1550774549.2875011;s:5:\"event\";s:11:\"check-error\";s:4:\"meta\";a:1:{s:8:\"response\";s:7:\"invalid\";}}'),
(786, 217, 'akismet_error', '1552099276'),
(787, 217, 'akismet_history', 'a:3:{s:4:\"time\";d:1552099276.043587;s:5:\"event\";s:11:\"check-error\";s:4:\"meta\";a:1:{s:8:\"response\";s:7:\"invalid\";}}'),
(1023, 266, 'akismet_history', 'a:3:{s:4:\"time\";d:1566294840.864769;s:5:\"event\";s:11:\"check-error\";s:4:\"meta\";a:1:{s:8:\"response\";s:7:\"invalid\";}}'),
(1205, 311, 'akismet_delayed_moderation_email', '1'),
(1206, 312, 'akismet_error', '1567679339'),
(525, 151, 'akismet_delayed_moderation_email', '1'),
(802, 221, 'akismet_error', '1552203211'),
(803, 221, 'akismet_history', 'a:3:{s:4:\"time\";d:1552203211.335628;s:5:\"event\";s:11:\"check-error\";s:4:\"meta\";a:1:{s:8:\"response\";s:7:\"invalid\";}}'),
(1013, 263, 'akismet_delayed_moderation_email', '1'),
(1014, 264, 'akismet_error', '1566247326'),
(1015, 264, 'akismet_history', 'a:3:{s:4:\"time\";d:1566247326.1168821;s:5:\"event\";s:11:\"check-error\";s:4:\"meta\";a:1:{s:8:\"response\";s:7:\"invalid\";}}'),
(530, 153, 'akismet_error', '1550870394'),
(531, 153, 'akismet_history', 'a:3:{s:4:\"time\";d:1550870394.549732;s:5:\"event\";s:11:\"check-error\";s:4:\"meta\";a:1:{s:8:\"response\";s:7:\"invalid\";}}'),
(1739, 419, 'akismet_error', '1597003387'),
(1474, 352, 'akismet_delayed_moderation_email', '1'),
(1475, 353, 'akismet_error', '1584706572'),
(1476, 353, 'akismet_history', 'a:3:{s:4:\"time\";d:1584706572.0302031;s:5:\"event\";s:11:\"check-error\";s:4:\"meta\";a:1:{s:8:\"response\";s:7:\"invalid\";}}'),
(1740, 419, 'akismet_history', 'a:3:{s:4:\"time\";d:1597003387.824945;s:5:\"event\";s:11:\"check-error\";s:4:\"meta\";a:1:{s:8:\"response\";s:7:\"invalid\";}}'),
(1181, 305, 'akismet_delayed_moderation_email', '1'),
(1182, 306, 'akismet_error', '1567540520'),
(1183, 306, 'akismet_history', 'a:3:{s:4:\"time\";d:1567540520.613342;s:5:\"event\";s:11:\"check-error\";s:4:\"meta\";a:1:{s:8:\"response\";s:7:\"invalid\";}}'),
(533, 153, 'akismet_delayed_moderation_email', '1'),
(1151, 298, 'akismet_history', 'a:3:{s:4:\"time\";d:1567335194.885056;s:5:\"event\";s:11:\"check-error\";s:4:\"meta\";a:1:{s:8:\"response\";s:7:\"invalid\";}}'),
(821, 225, 'akismet_delayed_moderation_email', '1'),
(1007, 262, 'akismet_history', 'a:3:{s:4:\"time\";d:1566166297.9228301;s:5:\"event\";s:11:\"check-error\";s:4:\"meta\";a:1:{s:8:\"response\";s:7:\"invalid\";}}'),
(1005, 261, 'akismet_delayed_moderation_email', '1'),
(1006, 262, 'akismet_error', '1566166297'),
(538, 155, 'akismet_error', '1550873590'),
(539, 155, 'akismet_history', 'a:3:{s:4:\"time\";d:1550873590.8167429;s:5:\"event\";s:11:\"check-error\";s:4:\"meta\";a:1:{s:8:\"response\";s:7:\"invalid\";}}'),
(989, 257, 'akismet_delayed_moderation_email', '1'),
(990, 258, 'akismet_error', '1566065776'),
(991, 258, 'akismet_history', 'a:3:{s:4:\"time\";d:1566065776.5237;s:5:\"event\";s:11:\"check-error\";s:4:\"meta\";a:1:{s:8:\"response\";s:7:\"invalid\";}}'),
(925, 241, 'akismet_delayed_moderation_email', '1'),
(818, 225, 'akismet_error', '1552302625'),
(819, 225, 'akismet_history', 'a:3:{s:4:\"time\";d:1552302625.562748;s:5:\"event\";s:11:\"check-error\";s:4:\"meta\";a:1:{s:8:\"response\";s:7:\"invalid\";}}'),
(973, 253, 'akismet_delayed_moderation_email', '1'),
(974, 254, 'akismet_error', '1564554583'),
(975, 254, 'akismet_history', 'a:3:{s:4:\"time\";d:1564554583.463851;s:5:\"event\";s:11:\"check-error\";s:4:\"meta\";a:1:{s:8:\"response\";s:7:\"invalid\";}}'),
(541, 155, 'akismet_delayed_moderation_email', '1'),
(542, 156, 'akismet_error', '1550948277'),
(543, 156, 'akismet_history', 'a:3:{s:4:\"time\";d:1550948277.4156899;s:5:\"event\";s:11:\"check-error\";s:4:\"meta\";a:1:{s:8:\"response\";s:7:\"invalid\";}}'),
(969, 252, 'akismet_delayed_moderation_email', '1'),
(970, 253, 'akismet_error', '1564369841'),
(971, 253, 'akismet_history', 'a:3:{s:4:\"time\";d:1564369841.8431201;s:5:\"event\";s:11:\"check-error\";s:4:\"meta\";a:1:{s:8:\"response\";s:7:\"invalid\";}}'),
(1150, 298, 'akismet_error', '1567335194'),
(981, 255, 'akismet_delayed_moderation_email', '1'),
(982, 256, 'akismet_error', '1565998705'),
(983, 256, 'akismet_history', 'a:3:{s:4:\"time\";d:1565998705.628952;s:5:\"event\";s:11:\"check-error\";s:4:\"meta\";a:1:{s:8:\"response\";s:7:\"invalid\";}}'),
(545, 156, 'akismet_delayed_moderation_email', '1'),
(546, 157, 'akismet_error', '1550973232'),
(547, 157, 'akismet_history', 'a:3:{s:4:\"time\";d:1550973232.2032101;s:5:\"event\";s:11:\"check-error\";s:4:\"meta\";a:1:{s:8:\"response\";s:7:\"invalid\";}}'),
(985, 256, 'akismet_delayed_moderation_email', '1'),
(965, 251, 'akismet_delayed_moderation_email', '1'),
(909, 237, 'akismet_delayed_moderation_email', '1'),
(910, 238, 'akismet_error', '1553837343'),
(911, 238, 'akismet_history', 'a:3:{s:4:\"time\";d:1553837343.584228;s:5:\"event\";s:11:\"check-error\";s:4:\"meta\";a:1:{s:8:\"response\";s:7:\"invalid\";}}'),
(1171, 303, 'akismet_history', 'a:3:{s:4:\"time\";d:1567465471.6481581;s:5:\"event\";s:11:\"check-error\";s:4:\"meta\";a:1:{s:8:\"response\";s:7:\"invalid\";}}'),
(549, 157, 'akismet_delayed_moderation_email', '1'),
(942, 246, 'akismet_error', '1557758656'),
(943, 246, 'akismet_history', 'a:3:{s:4:\"time\";d:1557758656.4257569;s:5:\"event\";s:11:\"check-error\";s:4:\"meta\";a:1:{s:8:\"response\";s:7:\"invalid\";}}'),
(937, 244, 'akismet_delayed_moderation_email', '1'),
(946, 247, 'akismet_error', '1558795916'),
(947, 247, 'akismet_history', 'a:3:{s:4:\"time\";d:1558795916.282305;s:5:\"event\";s:11:\"check-error\";s:4:\"meta\";a:1:{s:8:\"response\";s:7:\"invalid\";}}'),
(941, 245, 'akismet_delayed_moderation_email', '1'),
(554, 159, 'akismet_error', '1550977392'),
(555, 159, 'akismet_history', 'a:3:{s:4:\"time\";d:1550977392.3624871;s:5:\"event\";s:11:\"check-error\";s:4:\"meta\";a:1:{s:8:\"response\";s:7:\"invalid\";}}'),
(1578, 378, 'akismet_delayed_moderation_email', '1'),
(1579, 379, 'akismet_error', '1591384181'),
(1580, 379, 'akismet_history', 'a:3:{s:4:\"time\";d:1591384181.7979989;s:5:\"event\";s:11:\"check-error\";s:4:\"meta\";a:1:{s:8:\"response\";s:7:\"invalid\";}}'),
(1550, 371, 'akismet_delayed_moderation_email', '1'),
(917, 239, 'akismet_delayed_moderation_email', '1'),
(918, 240, 'akismet_error', '1553858205'),
(919, 240, 'akismet_history', 'a:3:{s:4:\"time\";d:1553858205.700681;s:5:\"event\";s:11:\"check-error\";s:4:\"meta\";a:1:{s:8:\"response\";s:7:\"invalid\";}}'),
(986, 257, 'akismet_error', '1566028388'),
(987, 257, 'akismet_history', 'a:3:{s:4:\"time\";d:1566028388.0400929;s:5:\"event\";s:11:\"check-error\";s:4:\"meta\";a:1:{s:8:\"response\";s:7:\"invalid\";}}'),
(557, 159, 'akismet_delayed_moderation_email', '1'),
(558, 160, 'akismet_error', '1551038748'),
(559, 160, 'akismet_history', 'a:3:{s:4:\"time\";d:1551038748.2362649;s:5:\"event\";s:11:\"check-error\";s:4:\"meta\";a:1:{s:8:\"response\";s:7:\"invalid\";}}'),
(921, 240, 'akismet_delayed_moderation_email', '1'),
(922, 241, 'akismet_error', '1553858760'),
(923, 241, 'akismet_history', 'a:3:{s:4:\"time\";d:1553858760.002342;s:5:\"event\";s:11:\"check-error\";s:4:\"meta\";a:1:{s:8:\"response\";s:7:\"invalid\";}}'),
(961, 250, 'akismet_delayed_moderation_email', '1'),
(962, 251, 'akismet_error', '1564252992'),
(963, 251, 'akismet_history', 'a:3:{s:4:\"time\";d:1564252992.178766;s:5:\"event\";s:11:\"check-error\";s:4:\"meta\";a:1:{s:8:\"response\";s:7:\"invalid\";}}'),
(561, 160, 'akismet_delayed_moderation_email', '1'),
(562, 161, 'akismet_error', '1551061760'),
(563, 161, 'akismet_history', 'a:3:{s:4:\"time\";d:1551061760.608489;s:5:\"event\";s:11:\"check-error\";s:4:\"meta\";a:1:{s:8:\"response\";s:7:\"invalid\";}}'),
(1551, 372, 'akismet_error', '1587608446'),
(1552, 372, 'akismet_history', 'a:3:{s:4:\"time\";d:1587608446.2509251;s:5:\"event\";s:11:\"check-error\";s:4:\"meta\";a:1:{s:8:\"response\";s:7:\"invalid\";}}'),
(1594, 382, 'akismet_delayed_moderation_email', '1'),
(1595, 383, 'akismet_error', '1592338093'),
(1596, 383, 'akismet_history', 'a:3:{s:4:\"time\";d:1592338093.450316;s:5:\"event\";s:11:\"check-error\";s:4:\"meta\";a:1:{s:8:\"response\";s:7:\"invalid\";}}'),
(1539, 369, 'akismet_error', '1587162823'),
(1540, 369, 'akismet_history', 'a:3:{s:4:\"time\";d:1587162823.7188039;s:5:\"event\";s:11:\"check-error\";s:4:\"meta\";a:1:{s:8:\"response\";s:7:\"invalid\";}}'),
(1538, 368, 'akismet_delayed_moderation_email', '1'),
(565, 161, 'akismet_delayed_moderation_email', '1'),
(1591, 382, 'akismet_error', '1592247488'),
(1592, 382, 'akismet_history', 'a:3:{s:4:\"time\";d:1592247488.4399171;s:5:\"event\";s:11:\"check-error\";s:4:\"meta\";a:1:{s:8:\"response\";s:7:\"invalid\";}}'),
(1542, 369, 'akismet_delayed_moderation_email', '1'),
(1695, 407, 'akismet_delayed_moderation_email', '1'),
(570, 163, 'akismet_error', '1551065240'),
(571, 163, 'akismet_history', 'a:3:{s:4:\"time\";d:1551065240.1871319;s:5:\"event\";s:11:\"check-error\";s:4:\"meta\";a:1:{s:8:\"response\";s:7:\"invalid\";}}'),
(1547, 371, 'akismet_error', '1587464335'),
(1548, 371, 'akismet_history', 'a:3:{s:4:\"time\";d:1587464335.8394411;s:5:\"event\";s:11:\"check-error\";s:4:\"meta\";a:1:{s:8:\"response\";s:7:\"invalid\";}}'),
(573, 163, 'akismet_delayed_moderation_email', '1'),
(574, 164, 'akismet_error', '1551127766'),
(575, 164, 'akismet_history', 'a:3:{s:4:\"time\";d:1551127766.4270639;s:5:\"event\";s:11:\"check-error\";s:4:\"meta\";a:1:{s:8:\"response\";s:7:\"invalid\";}}'),
(1663, 399, 'akismet_delayed_moderation_email', '1'),
(1217, 314, 'akismet_delayed_moderation_email', '1'),
(577, 164, 'akismet_delayed_moderation_email', '1'),
(578, 165, 'akismet_error', '1551134384'),
(579, 165, 'akismet_history', 'a:3:{s:4:\"time\";d:1551134384.2396441;s:5:\"event\";s:11:\"check-error\";s:4:\"meta\";a:1:{s:8:\"response\";s:7:\"invalid\";}}'),
(1213, 313, 'akismet_delayed_moderation_email', '1'),
(1214, 314, 'akismet_error', '1567727915'),
(1215, 314, 'akismet_history', 'a:3:{s:4:\"time\";d:1567727915.716712;s:5:\"event\";s:11:\"check-error\";s:4:\"meta\";a:1:{s:8:\"response\";s:7:\"invalid\";}}'),
(1667, 400, 'akismet_delayed_moderation_email', '1'),
(581, 165, 'akismet_delayed_moderation_email', '1'),
(582, 166, 'akismet_error', '1551153708'),
(583, 166, 'akismet_history', 'a:3:{s:4:\"time\";d:1551153708.600266;s:5:\"event\";s:11:\"check-error\";s:4:\"meta\";a:1:{s:8:\"response\";s:7:\"invalid\";}}'),
(1189, 307, 'akismet_delayed_moderation_email', '1'),
(1743, 420, 'akismet_error', '1597515414'),
(1744, 420, 'akismet_history', 'a:3:{s:4:\"time\";d:1597515414.114697;s:5:\"event\";s:11:\"check-error\";s:4:\"meta\";a:1:{s:8:\"response\";s:7:\"invalid\";}}'),
(585, 166, 'akismet_delayed_moderation_email', '1'),
(1186, 307, 'akismet_error', '1567557808'),
(1187, 307, 'akismet_history', 'a:3:{s:4:\"time\";d:1567557808.6364601;s:5:\"event\";s:11:\"check-error\";s:4:\"meta\";a:1:{s:8:\"response\";s:7:\"invalid\";}}'),
(590, 168, 'akismet_error', '1551158642'),
(591, 168, 'akismet_history', 'a:3:{s:4:\"time\";d:1551158642.985065;s:5:\"event\";s:11:\"check-error\";s:4:\"meta\";a:1:{s:8:\"response\";s:7:\"invalid\";}}'),
(1616, 388, 'akismet_error', '1593104749'),
(1617, 388, 'akismet_history', 'a:3:{s:4:\"time\";d:1593104749.615247;s:5:\"event\";s:11:\"check-error\";s:4:\"meta\";a:1:{s:8:\"response\";s:7:\"invalid\";}}'),
(1586, 380, 'akismet_delayed_moderation_email', '1'),
(1499, 359, 'akismet_error', '1585859396'),
(1500, 359, 'akismet_history', 'a:3:{s:4:\"time\";d:1585859396.5161991;s:5:\"event\";s:11:\"check-error\";s:4:\"meta\";a:1:{s:8:\"response\";s:7:\"invalid\";}}'),
(1185, 306, 'akismet_delayed_moderation_email', '1'),
(593, 168, 'akismet_delayed_moderation_email', '1'),
(1173, 303, 'akismet_delayed_moderation_email', '1'),
(598, 170, 'akismet_error', '1551214424'),
(599, 170, 'akismet_history', 'a:3:{s:4:\"time\";d:1551214424.716651;s:5:\"event\";s:11:\"check-error\";s:4:\"meta\";a:1:{s:8:\"response\";s:7:\"invalid\";}}'),
(1558, 373, 'akismet_delayed_moderation_email', '1'),
(1742, 419, 'akismet_delayed_moderation_email', '1'),
(1746, 420, 'akismet_delayed_moderation_email', '1'),
(1747, 421, 'akismet_error', '1597708491'),
(1748, 421, 'akismet_history', 'a:3:{s:4:\"time\";d:1597708491.5886829;s:5:\"event\";s:11:\"check-error\";s:4:\"meta\";a:1:{s:8:\"response\";s:7:\"invalid\";}}'),
(601, 170, 'akismet_delayed_moderation_email', '1'),
(610, 173, 'akismet_error', '1551242763'),
(611, 173, 'akismet_history', 'a:3:{s:4:\"time\";d:1551242763.6681359;s:5:\"event\";s:11:\"check-error\";s:4:\"meta\";a:1:{s:8:\"response\";s:7:\"invalid\";}}'),
(1149, 297, 'akismet_delayed_moderation_email', '1'),
(1153, 298, 'akismet_delayed_moderation_email', '1'),
(1154, 299, 'akismet_error', '1567368156'),
(1155, 299, 'akismet_history', 'a:3:{s:4:\"time\";d:1567368156.879441;s:5:\"event\";s:11:\"check-error\";s:4:\"meta\";a:1:{s:8:\"response\";s:7:\"invalid\";}}'),
(613, 173, 'akismet_delayed_moderation_email', '1'),
(614, 174, 'akismet_error', '1551285632'),
(615, 174, 'akismet_history', 'a:3:{s:4:\"time\";d:1551285632.9630151;s:5:\"event\";s:11:\"check-error\";s:4:\"meta\";a:1:{s:8:\"response\";s:7:\"invalid\";}}'),
(1145, 296, 'akismet_delayed_moderation_email', '1'),
(1146, 297, 'akismet_error', '1567299550'),
(1147, 297, 'akismet_history', 'a:3:{s:4:\"time\";d:1567299550.3919871;s:5:\"event\";s:11:\"check-error\";s:4:\"meta\";a:1:{s:8:\"response\";s:7:\"invalid\";}}'),
(617, 174, 'akismet_delayed_moderation_email', '1'),
(618, 175, 'akismet_error', '1551300952'),
(619, 175, 'akismet_history', 'a:3:{s:4:\"time\";d:1551300952.9247091;s:5:\"event\";s:11:\"check-error\";s:4:\"meta\";a:1:{s:8:\"response\";s:7:\"invalid\";}}'),
(1142, 296, 'akismet_error', '1567281875'),
(1143, 296, 'akismet_history', 'a:3:{s:4:\"time\";d:1567281875.125005;s:5:\"event\";s:11:\"check-error\";s:4:\"meta\";a:1:{s:8:\"response\";s:7:\"invalid\";}}'),
(1470, 351, 'akismet_delayed_moderation_email', '1'),
(1722, 414, 'akismet_delayed_moderation_email', '1'),
(1723, 415, 'akismet_error', '1595260323'),
(1426, 340, 'akismet_delayed_moderation_email', '1'),
(1427, 341, 'akismet_error', '1571175296'),
(1428, 341, 'akismet_history', 'a:3:{s:4:\"time\";d:1571175296.4216039;s:5:\"event\";s:11:\"check-error\";s:4:\"meta\";a:1:{s:8:\"response\";s:7:\"invalid\";}}'),
(1479, 354, 'akismet_error', '1585442897'),
(621, 175, 'akismet_delayed_moderation_email', '1'),
(1138, 295, 'akismet_error', '1567150236'),
(1139, 295, 'akismet_history', 'a:3:{s:4:\"time\";d:1567150236.401602;s:5:\"event\";s:11:\"check-error\";s:4:\"meta\";a:1:{s:8:\"response\";s:7:\"invalid\";}}'),
(634, 179, 'akismet_error', '1551328092'),
(635, 179, 'akismet_history', 'a:3:{s:4:\"time\";d:1551328092.597302;s:5:\"event\";s:11:\"check-error\";s:4:\"meta\";a:1:{s:8:\"response\";s:7:\"invalid\";}}'),
(1129, 292, 'akismet_delayed_moderation_email', '1'),
(1130, 293, 'akismet_error', '1567104508'),
(1131, 293, 'akismet_history', 'a:3:{s:4:\"time\";d:1567104508.8596561;s:5:\"event\";s:11:\"check-error\";s:4:\"meta\";a:1:{s:8:\"response\";s:7:\"invalid\";}}'),
(637, 179, 'akismet_delayed_moderation_email', '1'),
(638, 180, 'akismet_error', '1551385547'),
(639, 180, 'akismet_history', 'a:3:{s:4:\"time\";d:1551385547.0454111;s:5:\"event\";s:11:\"check-error\";s:4:\"meta\";a:1:{s:8:\"response\";s:7:\"invalid\";}}'),
(1127, 292, 'akismet_history', 'a:3:{s:4:\"time\";d:1567068392.794157;s:5:\"event\";s:11:\"check-error\";s:4:\"meta\";a:1:{s:8:\"response\";s:7:\"invalid\";}}'),
(641, 180, 'akismet_delayed_moderation_email', '1'),
(657, 184, 'akismet_delayed_moderation_email', '1'),
(1113, 288, 'akismet_delayed_moderation_email', '1'),
(1114, 289, 'akismet_error', '1566992076'),
(669, 187, 'akismet_delayed_moderation_email', '1'),
(670, 188, 'akismet_error', '1551528654'),
(671, 188, 'akismet_history', 'a:3:{s:4:\"time\";d:1551528654.491483;s:5:\"event\";s:11:\"check-error\";s:4:\"meta\";a:1:{s:8:\"response\";s:7:\"invalid\";}}'),
(1467, 351, 'akismet_error', '1583849867'),
(1468, 351, 'akismet_history', 'a:3:{s:4:\"time\";d:1583849867.0579109;s:5:\"event\";s:11:\"check-error\";s:4:\"meta\";a:1:{s:8:\"response\";s:7:\"invalid\";}}'),
(1598, 383, 'akismet_delayed_moderation_email', '1'),
(1434, 342, 'akismet_delayed_moderation_email', '1'),
(1435, 343, 'akismet_error', '1578443903'),
(673, 188, 'akismet_delayed_moderation_email', '1'),
(1093, 283, 'akismet_delayed_moderation_email', '1'),
(1094, 284, 'akismet_error', '1566858146'),
(1095, 284, 'akismet_history', 'a:3:{s:4:\"time\";d:1566858146.574326;s:5:\"event\";s:11:\"check-error\";s:4:\"meta\";a:1:{s:8:\"response\";s:7:\"invalid\";}}'),
(686, 192, 'akismet_error', '1551629341'),
(687, 192, 'akismet_history', 'a:3:{s:4:\"time\";d:1551629341.4858961;s:5:\"event\";s:11:\"check-error\";s:4:\"meta\";a:1:{s:8:\"response\";s:7:\"invalid\";}}'),
(1664, 400, 'akismet_error', '1594163698'),
(1665, 400, 'akismet_history', 'a:3:{s:4:\"time\";d:1594163698.5867331;s:5:\"event\";s:11:\"check-error\";s:4:\"meta\";a:1:{s:8:\"response\";s:7:\"invalid\";}}'),
(1490, 356, 'akismet_delayed_moderation_email', '1'),
(1611, 386, 'akismet_delayed_moderation_email', '1'),
(1531, 367, 'akismet_error', '1587114154'),
(1532, 367, 'akismet_history', 'a:3:{s:4:\"time\";d:1587114154.5396459;s:5:\"event\";s:11:\"check-error\";s:4:\"meta\";a:1:{s:8:\"response\";s:7:\"invalid\";}}'),
(689, 192, 'akismet_delayed_moderation_email', '1'),
(1454, 347, 'akismet_delayed_moderation_email', '1'),
(1503, 360, 'akismet_error', '1586623055'),
(1504, 360, 'akismet_history', 'a:3:{s:4:\"time\";d:1586623055.32953;s:5:\"event\";s:11:\"check-error\";s:4:\"meta\";a:1:{s:8:\"response\";s:7:\"invalid\";}}'),
(705, 196, 'akismet_delayed_moderation_email', '1'),
(966, 252, 'akismet_error', '1564254558'),
(967, 252, 'akismet_history', 'a:3:{s:4:\"time\";d:1564254558.3784311;s:5:\"event\";s:11:\"check-error\";s:4:\"meta\";a:1:{s:8:\"response\";s:7:\"invalid\";}}'),
(1506, 360, 'akismet_delayed_moderation_email', '1'),
(1170, 303, 'akismet_error', '1567465471'),
(913, 238, 'akismet_delayed_moderation_email', '1'),
(914, 239, 'akismet_error', '1553839042'),
(915, 239, 'akismet_history', 'a:3:{s:4:\"time\";d:1553839042.8613269;s:5:\"event\";s:11:\"check-error\";s:4:\"meta\";a:1:{s:8:\"response\";s:7:\"invalid\";}}'),
(958, 250, 'akismet_error', '1564181423'),
(959, 250, 'akismet_history', 'a:3:{s:4:\"time\";d:1564181423.7360711;s:5:\"event\";s:11:\"check-error\";s:4:\"meta\";a:1:{s:8:\"response\";s:7:\"invalid\";}}'),
(710, 198, 'akismet_error', '1551724695'),
(711, 198, 'akismet_history', 'a:3:{s:4:\"time\";d:1551724695.6945021;s:5:\"event\";s:11:\"check-error\";s:4:\"meta\";a:1:{s:8:\"response\";s:7:\"invalid\";}}'),
(934, 244, 'akismet_error', '1556184591'),
(935, 244, 'akismet_history', 'a:3:{s:4:\"time\";d:1556184591.483047;s:5:\"event\";s:11:\"check-error\";s:4:\"meta\";a:1:{s:8:\"response\";s:7:\"invalid\";}}'),
(953, 248, 'akismet_delayed_moderation_email', '1'),
(901, 235, 'akismet_delayed_moderation_email', '1'),
(945, 246, 'akismet_delayed_moderation_email', '1');
INSERT INTO `sle_commentmeta` (`meta_id`, `comment_id`, `meta_key`, `meta_value`) VALUES
(713, 198, 'akismet_delayed_moderation_email', '1'),
(725, 201, 'akismet_delayed_moderation_email', '1'),
(1514, 362, 'akismet_delayed_moderation_email', '1'),
(730, 203, 'akismet_error', '1551819310'),
(731, 203, 'akismet_history', 'a:3:{s:4:\"time\";d:1551819310.223536;s:5:\"event\";s:11:\"check-error\";s:4:\"meta\";a:1:{s:8:\"response\";s:7:\"invalid\";}}'),
(1554, 372, 'akismet_delayed_moderation_email', '1'),
(1555, 373, 'akismet_error', '1587844075'),
(1556, 373, 'akismet_history', 'a:3:{s:4:\"time\";d:1587844075.3415201;s:5:\"event\";s:11:\"check-error\";s:4:\"meta\";a:1:{s:8:\"response\";s:7:\"invalid\";}}'),
(1627, 390, 'akismet_delayed_moderation_email', '1'),
(1628, 391, 'akismet_error', '1593467711'),
(1600, 384, 'akismet_error', '1592411176'),
(1070, 278, 'akismet_error', '1566601546'),
(1071, 278, 'akismet_history', 'a:3:{s:4:\"time\";d:1566601546.3802969;s:5:\"event\";s:11:\"check-error\";s:4:\"meta\";a:1:{s:8:\"response\";s:7:\"invalid\";}}'),
(733, 203, 'akismet_delayed_moderation_email', '1'),
(734, 204, 'akismet_error', '1551828543'),
(735, 204, 'akismet_history', 'a:3:{s:4:\"time\";d:1551828543.758605;s:5:\"event\";s:11:\"check-error\";s:4:\"meta\";a:1:{s:8:\"response\";s:7:\"invalid\";}}'),
(1051, 273, 'akismet_history', 'a:3:{s:4:\"time\";d:1566472076.1114681;s:5:\"event\";s:11:\"check-error\";s:4:\"meta\";a:1:{s:8:\"response\";s:7:\"invalid\";}}'),
(1660, 399, 'akismet_error', '1594071195'),
(1661, 399, 'akismet_history', 'a:3:{s:4:\"time\";d:1594071195.190649;s:5:\"event\";s:11:\"check-error\";s:4:\"meta\";a:1:{s:8:\"response\";s:7:\"invalid\";}}'),
(737, 204, 'akismet_delayed_moderation_email', '1'),
(758, 210, 'akismet_error', '1551907646'),
(759, 210, 'akismet_history', 'a:3:{s:4:\"time\";d:1551907646.354826;s:5:\"event\";s:11:\"check-error\";s:4:\"meta\";a:1:{s:8:\"response\";s:7:\"invalid\";}}'),
(1049, 272, 'akismet_delayed_moderation_email', '1'),
(1050, 273, 'akismet_error', '1566472076'),
(761, 210, 'akismet_delayed_moderation_email', '1'),
(762, 211, 'akismet_error', '1551920961'),
(763, 211, 'akismet_history', 'a:3:{s:4:\"time\";d:1551920961.217164;s:5:\"event\";s:11:\"check-error\";s:4:\"meta\";a:1:{s:8:\"response\";s:7:\"invalid\";}}'),
(1041, 270, 'akismet_delayed_moderation_email', '1'),
(1042, 271, 'akismet_error', '1566425670'),
(1043, 271, 'akismet_history', 'a:3:{s:4:\"time\";d:1566425670.885329;s:5:\"event\";s:11:\"check-error\";s:4:\"meta\";a:1:{s:8:\"response\";s:7:\"invalid\";}}'),
(765, 211, 'akismet_delayed_moderation_email', '1'),
(781, 215, 'akismet_delayed_moderation_email', '1'),
(811, 223, 'akismet_history', 'a:3:{s:4:\"time\";d:1552209733.9543531;s:5:\"event\";s:11:\"check-error\";s:4:\"meta\";a:1:{s:8:\"response\";s:7:\"invalid\";}}'),
(1190, 308, 'akismet_error', '1567582999'),
(1191, 308, 'akismet_history', 'a:3:{s:4:\"time\";d:1567582999.5933521;s:5:\"event\";s:11:\"check-error\";s:4:\"meta\";a:1:{s:8:\"response\";s:7:\"invalid\";}}'),
(1009, 262, 'akismet_delayed_moderation_email', '1'),
(1010, 263, 'akismet_error', '1566185144'),
(1011, 263, 'akismet_history', 'a:3:{s:4:\"time\";d:1566185144.752424;s:5:\"event\";s:11:\"check-error\";s:4:\"meta\";a:1:{s:8:\"response\";s:7:\"invalid\";}}'),
(1423, 340, 'akismet_error', '1571006694'),
(1424, 340, 'akismet_history', 'a:3:{s:4:\"time\";d:1571006694.7889421;s:5:\"event\";s:11:\"check-error\";s:4:\"meta\";a:1:{s:8:\"response\";s:7:\"invalid\";}}'),
(1174, 304, 'akismet_error', '1567485266'),
(1175, 304, 'akismet_history', 'a:3:{s:4:\"time\";d:1567485266.076843;s:5:\"event\";s:11:\"check-error\";s:4:\"meta\";a:1:{s:8:\"response\";s:7:\"invalid\";}}'),
(997, 259, 'akismet_delayed_moderation_email', '1'),
(998, 260, 'akismet_error', '1566116858'),
(999, 260, 'akismet_history', 'a:3:{s:4:\"time\";d:1566116858.0846961;s:5:\"event\";s:11:\"check-error\";s:4:\"meta\";a:1:{s:8:\"response\";s:7:\"invalid\";}}'),
(1177, 304, 'akismet_delayed_moderation_email', '1'),
(1178, 305, 'akismet_error', '1567508930'),
(1179, 305, 'akismet_history', 'a:3:{s:4:\"time\";d:1567508930.5840681;s:5:\"event\";s:11:\"check-error\";s:4:\"meta\";a:1:{s:8:\"response\";s:7:\"invalid\";}}'),
(1478, 353, 'akismet_delayed_moderation_email', '1'),
(1536, 368, 'akismet_history', 'a:3:{s:4:\"time\";d:1587136935.023114;s:5:\"event\";s:11:\"check-error\";s:4:\"meta\";a:1:{s:8:\"response\";s:7:\"invalid\";}}'),
(1738, 418, 'akismet_delayed_moderation_email', '1'),
(1726, 415, 'akismet_delayed_moderation_email', '1'),
(978, 255, 'akismet_error', '1565980588'),
(979, 255, 'akismet_history', 'a:3:{s:4:\"time\";d:1565980588.8459821;s:5:\"event\";s:11:\"check-error\";s:4:\"meta\";a:1:{s:8:\"response\";s:7:\"invalid\";}}'),
(977, 254, 'akismet_delayed_moderation_email', '1'),
(994, 259, 'akismet_error', '1566084123'),
(995, 259, 'akismet_history', 'a:3:{s:4:\"time\";d:1566084123.796304;s:5:\"event\";s:11:\"check-error\";s:4:\"meta\";a:1:{s:8:\"response\";s:7:\"invalid\";}}'),
(1431, 342, 'akismet_error', '1578199115'),
(1430, 341, 'akismet_delayed_moderation_email', '1'),
(1432, 342, 'akismet_history', 'a:3:{s:4:\"time\";d:1578199115.992497;s:5:\"event\";s:11:\"check-error\";s:4:\"meta\";a:1:{s:8:\"response\";s:7:\"invalid\";}}'),
(1443, 345, 'akismet_error', '1580860958'),
(902, 236, 'akismet_error', '1553836484'),
(903, 236, 'akismet_history', 'a:3:{s:4:\"time\";d:1553836484.7416279;s:5:\"event\";s:11:\"check-error\";s:4:\"meta\";a:1:{s:8:\"response\";s:7:\"invalid\";}}'),
(938, 245, 'akismet_error', '1557074184'),
(939, 245, 'akismet_history', 'a:3:{s:4:\"time\";d:1557074184.0756011;s:5:\"event\";s:11:\"check-error\";s:4:\"meta\";a:1:{s:8:\"response\";s:7:\"invalid\";}}'),
(929, 242, 'akismet_delayed_moderation_email', '1'),
(930, 243, 'akismet_error', '1555853391'),
(931, 243, 'akismet_history', 'a:3:{s:4:\"time\";d:1555853391.5327971;s:5:\"event\";s:11:\"check-error\";s:4:\"meta\";a:1:{s:8:\"response\";s:7:\"invalid\";}}'),
(950, 248, 'akismet_error', '1564003357'),
(951, 248, 'akismet_history', 'a:3:{s:4:\"time\";d:1564003357.762979;s:5:\"event\";s:11:\"check-error\";s:4:\"meta\";a:1:{s:8:\"response\";s:7:\"invalid\";}}'),
(949, 247, 'akismet_delayed_moderation_email', '1'),
(905, 236, 'akismet_delayed_moderation_email', '1'),
(906, 237, 'akismet_error', '1553837203'),
(907, 237, 'akismet_history', 'a:3:{s:4:\"time\";d:1553837203.119334;s:5:\"event\";s:11:\"check-error\";s:4:\"meta\";a:1:{s:8:\"response\";s:7:\"invalid\";}}'),
(933, 243, 'akismet_delayed_moderation_email', '1'),
(898, 235, 'akismet_error', '1553819282'),
(899, 235, 'akismet_history', 'a:3:{s:4:\"time\";d:1553819282.9576349;s:5:\"event\";s:11:\"check-error\";s:4:\"meta\";a:1:{s:8:\"response\";s:7:\"invalid\";}}'),
(895, 234, 'akismet_history', 'a:3:{s:4:\"time\";d:1553816389.135473;s:5:\"event\";s:11:\"check-error\";s:4:\"meta\";a:1:{s:8:\"response\";s:7:\"invalid\";}}'),
(926, 242, 'akismet_error', '1555414307'),
(927, 242, 'akismet_history', 'a:3:{s:4:\"time\";d:1555414307.331213;s:5:\"event\";s:11:\"check-error\";s:4:\"meta\";a:1:{s:8:\"response\";s:7:\"invalid\";}}'),
(993, 258, 'akismet_delayed_moderation_email', '1'),
(897, 234, 'akismet_delayed_moderation_email', '1'),
(894, 234, 'akismet_error', '1553816389'),
(1559, 374, 'akismet_error', '1588167061'),
(1560, 374, 'akismet_history', 'a:3:{s:4:\"time\";d:1588167061.7868631;s:5:\"event\";s:11:\"check-error\";s:4:\"meta\";a:1:{s:8:\"response\";s:7:\"invalid\";}}'),
(1583, 380, 'akismet_error', '1591627507'),
(1584, 380, 'akismet_history', 'a:3:{s:4:\"time\";d:1591627507.724164;s:5:\"event\";s:11:\"check-error\";s:4:\"meta\";a:1:{s:8:\"response\";s:7:\"invalid\";}}'),
(1570, 376, 'akismet_delayed_moderation_email', '1'),
(1571, 377, 'akismet_error', '1590608701'),
(1572, 377, 'akismet_history', 'a:3:{s:4:\"time\";d:1590608701.64571;s:5:\"event\";s:11:\"check-error\";s:4:\"meta\";a:1:{s:8:\"response\";s:7:\"invalid\";}}'),
(1522, 364, 'akismet_delayed_moderation_email', '1'),
(1520, 364, 'akismet_history', 'a:3:{s:4:\"time\";d:1586777887.8493519;s:5:\"event\";s:11:\"check-error\";s:4:\"meta\";a:1:{s:8:\"response\";s:7:\"invalid\";}}'),
(1507, 361, 'akismet_error', '1586722267'),
(1629, 391, 'akismet_history', 'a:3:{s:4:\"time\";d:1593467711.615622;s:5:\"event\";s:11:\"check-error\";s:4:\"meta\";a:1:{s:8:\"response\";s:7:\"invalid\";}}'),
(1631, 391, 'akismet_delayed_moderation_email', '1'),
(1567, 376, 'akismet_error', '1590056654'),
(1502, 359, 'akismet_delayed_moderation_email', '1'),
(1568, 376, 'akismet_history', 'a:3:{s:4:\"time\";d:1590056654.0326109;s:5:\"event\";s:11:\"check-error\";s:4:\"meta\";a:1:{s:8:\"response\";s:7:\"invalid\";}}'),
(1498, 358, 'akismet_delayed_moderation_email', '1'),
(1495, 358, 'akismet_error', '1585504425'),
(1496, 358, 'akismet_history', 'a:3:{s:4:\"time\";d:1585504425.5389979;s:5:\"event\";s:11:\"check-error\";s:4:\"meta\";a:1:{s:8:\"response\";s:7:\"invalid\";}}'),
(1459, 349, 'akismet_error', '1582606198'),
(1460, 349, 'akismet_history', 'a:3:{s:4:\"time\";d:1582606198.2992721;s:5:\"event\";s:11:\"check-error\";s:4:\"meta\";a:1:{s:8:\"response\";s:7:\"invalid\";}}'),
(1446, 345, 'akismet_delayed_moderation_email', '1'),
(1447, 346, 'akismet_error', '1581747876'),
(1448, 346, 'akismet_history', 'a:3:{s:4:\"time\";d:1581747876.5352311;s:5:\"event\";s:11:\"check-error\";s:4:\"meta\";a:1:{s:8:\"response\";s:7:\"invalid\";}}'),
(1590, 381, 'akismet_delayed_moderation_email', '1'),
(1487, 356, 'akismet_error', '1585477035'),
(1488, 356, 'akismet_history', 'a:3:{s:4:\"time\";d:1585477035.9742031;s:5:\"event\";s:11:\"check-error\";s:4:\"meta\";a:1:{s:8:\"response\";s:7:\"invalid\";}}'),
(1708, 411, 'akismet_error', '1594657586'),
(1709, 411, 'akismet_history', 'a:3:{s:4:\"time\";d:1594657586.7308741;s:5:\"event\";s:11:\"check-error\";s:4:\"meta\";a:1:{s:8:\"response\";s:7:\"invalid\";}}'),
(1711, 411, 'akismet_delayed_moderation_email', '1');

-- --------------------------------------------------------

--
-- Structure de la table `sle_comments`
--

