INSERT INTO `sle_icl_translate` (`tid`, `job_id`, `content_id`, `timestamp`, `field_type`, `field_wrap_tag`, `field_format`, `field_translate`, `field_data`, `field_data_translated`, `field_finished`) VALUES
(131, 10, 0, '2017-05-26 16:03:52', 'body', '', 'base64', 0, 'W3ZjX3Jvd11bdmNfY29sdW1uXVt2Y19jb2x1bW5fdGV4dF0NCjxwIGNsYXNzPSJwMSI+PHNwYW4gY2xhc3M9InMxIj48Yj7DiXZhbHVhdGlvbiBldCBzdWl2aSBwb3VyIHBlcnNvbm5lIHRyYW5zZ2VucmUvdHJhbnNzZXh1ZWxsZSBvdSBlbiB0cmFuc2l0aW9uPC9iPjwvc3Bhbj48L3A+DQo8cCBjbGFzcz0icDMiPjxzcGFuIGNsYXNzPSJzMSI+SmUgbWUgc3VpcyBzcMOpY2lhbGlzw6kgYXVwcsOocyBkZSBsYSBjb21tdW5hdXTDqSB0cmFuc3NleHVlbGxlIHBvdXIgbGV1ciBvZmZyaXIgdW4gc3VpdmkgcGVuZGFudCBsZXVyIHRyYW5zaXRpb24gb3UgcG91ciBjbGFyaWZpZXIgbGV1ciBxdWVzdGlvbm5lbWVudCBzdXIgbGV1ciBpZGVudGl0w6kgZGUgZ2VucmUuPC9zcGFuPjwvcD4NCjwhLS1tb3JlLS0+DQo8cCBjbGFzcz0icDEiPjxzcGFuIGNsYXNzPSJzMSI+QXlhbnQgZMOpdmVsb3Bww6kgdG91dCBhdSBsb25nIGRlIG1hIGZvcm1hdGlvbiB1bml2ZXJzaXRhaXJlIGV0IG1hIHByYXRpcXVlIHByaXbDqWUgdW4gcGVuY2hhbnQgcG91ciBjZXR0ZSBwb3B1bGF0aW9uLCBqZSBzdWlzIGVuIG1lc3VyZSBk4oCZb2ZmcmlyIGxlcyBsZXR0cmVzIGRlIHJlY29tbWFuZGF0aW9uIGV0IGxlcyBzdWl2aXMgbsOpY2Vzc2FpcmVzIHBvdXIgb2J0ZW5pciBsZXMgaG9ybW9uZXMgZXQgbGVzIGNoaXJ1cmdpZXMuIDwvc3Bhbj48L3A+DQo8cCBjbGFzcz0icDEiPjxzcGFuIGNsYXNzPSJzMSI+UG91ciBwbHVzIGRlIGTDqXRhaWxzIGNvbmNlcm5hbnQgbGVzIGTDqW1hcmNoZXMgw6Agc3VpdnJlIHBvdXIgZmFpcmUgdm90cmUgdHJhbnNpdGlvbiwgY29uc3VsdGVyIGxlIGRvY3VtZW50IHN1aXZhbnTCoDogPGEgaHJlZj0iaHR0cHM6Ly9kcml2ZS5nb29nbGUuY29tL2ZpbGUvZC8wQnc1RDZ0TVdaT2ZmYVd0UFMyNHpjVzVmZURRL3ZpZXc/dXNwPXNoYXJpbmciPkNyaXTDqHJlIGTigJlhZG1pc3NpYmlsaXTDqSBhdSBjaGFuZ2VtZW50IGRlIHNleGU8L2E+PC9zcGFuPjwvcD4NCg0KDQo8aHIgLz4NCjxwIGNsYXNzPSJwMSI+PHNwYW4gY2xhc3M9InMxIj48Yj5Db8O7dCBldCBkdXLDqWUgZOKAmXVuZSBzw6lhbmNlIDwvYj48L3NwYW4+PC9wPg0KPHAgY2xhc3M9InAxIj48c3BhbiBjbGFzcz0iczEiPkxlcyBzw6lhbmNlcyBzb250IGQndW5lIGR1csOpZSBkZSA8Yj41MCBtaW51dGVzIMOgIHVuIGNvw7t0IGRlIDkwJCBjaGFxdWU8L2I+Ljwvc3Bhbj48L3A+DQo8cCBjbGFzcz0icDQiPjxzcGFuIGNsYXNzPSJzMSI+R8OpbsOpcmFsZW1lbnQgMSDDoCAyIHPDqWFuY2VzIHNvbnQgc3VmZmlzYW50ZXMgcG91ciBvYnRlbmlyIGxhIGxldHRyZSBwb3VyIGxlcyBob3Jtb25lcy48L3NwYW4+PC9wPg0KPHAgY2xhc3M9InA0Ij48c3BhbiBjbGFzcz0iczEiPsKgPC9zcGFuPjwvcD4NCjxwIGNsYXNzPSJwNCI+PHNwYW4gY2xhc3M9InMxIj5JbCBlc3QgbsOpY2Vzc2FpcmUgZOKAmWF2b2lyIDEgw6AgMiBzw6lhbmNlcyBwb3VyIGxhIDxiPmRldXhpw6htZTwvYj4gbGV0dHJlIGNvbmNlcm5hbnQgbGVzIGNoaXJ1cmdpZXMuPC9zcGFuPjwvcD4NCjxwIGNsYXNzPSJwMSI+PHNwYW4gY2xhc3M9InMxIj5EZXMgcmXDp3VzIHNvbnQgZGlzcG9uaWJsZXMgc3VyIGRlbWFuZGUgcG91ciBmaW5zIGQnYXNzdXJhbmNlcyBldCBk4oCZaW1ww7R0cyBjb21tZSA8Yj5zZXhvbG9ndWU8L2I+ICZhbXA7IDxiPnBzeWNob3Row6lyYXBldXRlPC9iPi48L3NwYW4+PC9wPg0KDQoNCjxociAvPg0KDQo8aDM+PHN0cm9uZz5SZXNzb3VyY2VzIHBvdXIgcGVyc29ubmUgdHJhbnNnZW5yZTwvc3Ryb25nPjwvaDM+DQo8YSBocmVmPSJodHRwczovL2RyaXZlLmdvb2dsZS5jb20vZmlsZS9kLzBCdzVENnRNV1pPZmZRa0ZqYldKRk1WWnBVRUUvdmlldz91c3A9c2hhcmluZyI+U2FmZXIgdHVja2luZ8KgPC9hPg0KDQo8YSBocmVmPSJodHRwczovL2RyaXZlLmdvb2dsZS5jb20vZmlsZS9kLzBCdzVENnRNV1pPZmZPWFZhTVdsSWJXcGlXVVUvdmlldz91c3A9c2hhcmluZyI+U2FmZXIgYmluZGluZzwvYT4NCg0KPGEgaHJlZj0iaHR0cHM6Ly9kcml2ZS5nb29nbGUuY29tL2ZpbGUvZC8wQnc1RDZ0TVdaT2ZmTkZkbWJreDNRMnhHTlZVL3ZpZXc/dXNwPXNoYXJpbmciPlZvaWNlIHRyYWluaW5nPC9hPlsvdmNfY29sdW1uX3RleHRdWy92Y19jb2x1bW5dWy92Y19yb3ddW3ZjX3Jvd11bdmNfY29sdW1uXVt2Y19jdGEgaDI9IjQzOC05MzQtMTI4NyIgaDQ9IlTDqWzDqXBob25leiBwb3VyIGTDqWJ1dGVyIHZvdHJlIMOpdmFsdWF0aW9uIiB0eHRfYWxpZ249ImNlbnRlciIgc3R5bGU9ImZsYXQiIGNvbG9yPSJzYW5keS1icm93biJdDQo8cCBzdHlsZT0idGV4dC1hbGlnbjogY2VudGVyOyI+RGlzcG9uaWJpbGl0w6k6PC9wPg0KPHAgc3R5bGU9InRleHQtYWxpZ246IGNlbnRlcjsiPkx1bmRpIGF1IHZlbmRyZWRpPC9wPg0KPHAgc3R5bGU9InRleHQtYWxpZ246IGNlbnRlcjsiPjloIMOgIDE3aDwvcD4NClsvdmNfY3RhXVsvdmNfY29sdW1uXVsvdmNfcm93XVt2Y19yb3ddW3ZjX2NvbHVtbl1bdmNfY29sdW1uX3RleHRdDQo8aDMgc3R5bGU9InRleHQtYWxpZ246IGNlbnRlcjsiPsOJY3JpdmV6LW1vaSB1biBjb3VycmllbCBwb3VyIG9idGVuaXIgdW5lIGNvbnN1bHRhdGlvbjwvaDM+DQpbL3ZjX2NvbHVtbl90ZXh0XVsvdmNfY29sdW1uXVsvdmNfcm93XVt2Y19yb3ddW3ZjX2NvbHVtbl1bY29udGFjdC1mb3JtLTcgaWQ9IjE3NTIiXVsvdmNfY29sdW1uXVsvdmNfcm93XQ==', '[encoded data, 4300 characters]', 1),
(132, 10, 0, '2017-05-26 16:03:52', 'excerpt', '', 'base64', 1, '', '', 1),
(133, 10, 0, '2017-05-26 16:03:52', 't_22', '', 'base64', 1, 'VGjDqXJhcGllIGluZGl2aWR1ZWxsZQ==', 'SW5kaXZpZHVhbCB0aGVyYXB5', 1),
(134, 10, 0, '2017-05-26 16:03:52', 't_23', '', 'base64', 1, 'SW50ZXJtw6lkaWFyZQ==', 'SW50ZXJtZWRpYXRl', 1),
(137, 10, 0, '2017-05-26 16:03:52', 'package-string-13-9835', '', 'base64', 1, 'NDM4LTkzNC0xMjg3', '', 1),
(138, 10, 0, '2017-05-26 16:03:52', 'package-string-13-9836', '', 'base64', 1, 'VMOpbMOpcGhvbmV6IHBvdXIgZMOpYnV0ZXIgdm90cmUgw6l2YWx1YXRpb24=', '', 1),
(329, 16, 0, '2020-09-15 13:42:55', 'package-string-28-12900', '', 'base64', 1, 'VMOpbMOpcGhvbmV6IHBvdXIgb2J0ZW5pciB1bmUgY29uc3VsdGF0aW9u', 'Q2FsbCB1cyB0byBvYnRhaW4gYSBjb25zdWx0YXRpb24=', 1),
(330, 16, 0, '2020-09-15 13:42:55', 'package-string-28-12901', '', 'base64', 1, 'NDM4LTkzNC0xMjg3', 'NDM4LTkzNC0xMjg3', 1),
(316, 15, 0, '2019-07-01 17:31:02', 'excerpt', '', 'base64', 1, '', '', 1),
(307, 15, 0, '2019-07-01 17:31:02', 'field-_yoast_wpseo_metadesc-0', '', 'base64', 1, 'Rm9ybWF0aW9ucyBjb250aW51ZXMgc3VpdmllcyBzZXhvbG9ndWUgcHN5Y2hvdGjDqXJhcGV1dGUuIExlcyBmb3JtYXRpb25zIGNvbnRpbnVlcyBzb250IG9ibGlnYXRvaXJlcyBwYXIgbGVzIG9yZHJlcyBwcm9mZXNzaW9ubmVsbGVz', 'UHJvZmVzc2lvbmFsIFdvcmtzaG9wcyAmIENvbnRpbnVpbmcgRWR1Y2F0aW9u', 1);

-- --------------------------------------------------------

--
-- Structure de la table `sle_icl_translate_job`
--

CREATE TABLE `sle_icl_translate_job` (
  `job_id` bigint(20) UNSIGNED NOT NULL,
  `rid` bigint(20) UNSIGNED NOT NULL,
  `translator_id` int(10) UNSIGNED NOT NULL,
  `translated` tinyint(3) UNSIGNED NOT NULL DEFAULT '0',
  `manager_id` int(10) UNSIGNED NOT NULL,
  `revision` int(10) UNSIGNED DEFAULT NULL,
  `title` varchar(160) DEFAULT NULL,
  `deadline_date` datetime DEFAULT NULL,
  `completed_date` datetime DEFAULT NULL,
  `editor` varchar(16) DEFAULT NULL,
  `editor_job_id` bigint(20) UNSIGNED DEFAULT NULL
) ENGINE=MyISAM DEFAULT CHARSET=utf8;

--
-- Contenu de la table `sle_icl_translate_job`
--

INSERT INTO `sle_icl_translate_job` (`job_id`, `rid`, `translator_id`, `translated`, `manager_id`, `revision`, `title`, `deadline_date`, `completed_date`, `editor`, `editor_job_id`) VALUES
(1, 3, 1, 1, 1, NULL, NULL, NULL, NULL, NULL, NULL),
(2, 7, 1, 1, 1, NULL, NULL, NULL, NULL, NULL, NULL),
(3, 12, 1, 1, 1, NULL, NULL, NULL, NULL, NULL, NULL),
(4, 13, 1, 1, 1, NULL, NULL, NULL, NULL, NULL, NULL),
(5, 1, 1, 1, 1, NULL, NULL, NULL, NULL, NULL, NULL),
(6, 8, 2, 1, 2, NULL, NULL, NULL, NULL, NULL, NULL),
(7, 2, 2, 1, 2, NULL, NULL, NULL, NULL, NULL, NULL),
(8, 4, 2, 1, 2, NULL, NULL, NULL, NULL, NULL, NULL),
(9, 5, 2, 1, 2, NULL, NULL, NULL, NULL, NULL, NULL),
(10, 6, 2, 1, 2, NULL, NULL, NULL, NULL, NULL, NULL),
(12, 10, 2, 1, 2, NULL, NULL, NULL, NULL, NULL, NULL),
(14, 15, 2, 1, 2, NULL, NULL, NULL, NULL, NULL, NULL),
(15, 16, 2, 1, 2, NULL, NULL, NULL, NULL, NULL, NULL),
(16, 17, 2, 1, 2, NULL, NULL, NULL, NULL, NULL, NULL);

-- --------------------------------------------------------

--
-- Structure de la table `sle_icl_translations`
--

CREATE TABLE `sle_icl_translations` (
  `translation_id` bigint(20) NOT NULL,
  `element_type` varchar(60) NOT NULL DEFAULT 'post_post',
  `element_id` bigint(20) DEFAULT NULL,
  `trid` bigint(20) NOT NULL,
  `language_code` varchar(7) NOT NULL,
  `source_language_code` varchar(7) DEFAULT NULL
) ENGINE=MyISAM DEFAULT CHARSET=utf8;

--
-- Contenu de la table `sle_icl_translations`
--

INSERT INTO `sle_icl_translations` (`translation_id`, `element_type`, `element_id`, `trid`, `language_code`, `source_language_code`) VALUES
(1, 'post_custom_css', 1306, 1306, 'fr', NULL),
(2, 'post_nav_menu_item', 1194, 1194, 'fr', NULL),
(3, 'post_nav_menu_item', 1195, 1195, 'fr', NULL),
(4, 'post_nav_menu_item', 1196, 1196, 'fr', NULL),
(5, 'post_nav_menu_item', 1197, 1197, 'fr', NULL),
(6, 'post_nav_menu_item', 1198, 1198, 'fr', NULL),
(7, 'post_nav_menu_item', 1199, 1199, 'fr', NULL),
(8, 'post_nav_menu_item', 1200, 1200, 'fr', NULL),
(9, 'post_nav_menu_item', 1201, 1201, 'fr', NULL),
(10, 'post_nav_menu_item', 1203, 1203, 'fr', NULL),
(11, 'post_nav_menu_item', 1218, 1218, 'fr', NULL),
(12, 'post_nav_menu_item', 1219, 1219, 'fr', NULL),
(546, 'post_page', 2301, 2478, 'fr', NULL),
(548, 'post_nav_menu_item', 2460, 2480, 'fr', NULL),
(549, 'post_page', 2516, 2479, 'en', 'fr'),
(16, 'post_nav_menu_item', 1223, 1223, 'fr', NULL),
(543, 'post_post', 2270, 2475, 'en', NULL),
(547, 'post_page', 2335, 2479, 'fr', NULL),
(19, 'post_nav_menu_item', 1226, 1226, 'fr', NULL),
(544, 'post_post', 2274, 2476, 'en', NULL),
(545, 'post_post', 2276, 2477, 'en', NULL),
(550, 'post_post', 2572, 2481, 'fr', NULL),
(536, 'post_nav_menu_item', 2231, 1629, 'en', 'fr'),
(534, 'post_nav_menu_item', 2212, 2468, 'fr', NULL),
(535, 'post_nav_menu_item', 1738, 2469, 'fr', NULL),
(673, 'post_page', 4943, 2599, 'en', NULL),
(672, 'post_nav_menu_item', 4933, 2598, 'fr', NULL),
(539, 'post_post', 2245, 2472, 'fr', NULL),
(34, 'post_nav_menu_item', 1257, 1257, 'fr', NULL),
(36, 'post_nav_menu_item', 1259, 1259, 'fr', NULL),
(529, 'post_nav_menu_item', 1856, 2463, 'en', NULL),
(647, 'post_nav_menu_item', 3019, 2577, 'fr', NULL),
(40, 'post_nav_menu_item', 1432, 1432, 'fr', NULL),
(41, 'post_nav_menu_item', 1433, 1433, 'fr', NULL),
(42, 'post_nav_menu_item', 1434, 1434, 'fr', NULL),
(43, 'post_nav_menu_item', 1575, 1575, 'fr', NULL),
(44, 'post_nav_menu_item', 1577, 1577, 'fr', NULL),
(45, 'post_nav_menu_item', 1578, 1578, 'fr', NULL),
(46, 'post_nav_menu_item', 1625, 1625, 'fr', NULL),
(47, 'post_nav_menu_item', 1626, 1626, 'fr', NULL),
(48, 'post_nav_menu_item', 1627, 1627, 'fr', NULL),
(49, 'post_nav_menu_item', 1629, 1629, 'fr', NULL),
(50, 'post_noo_class', 285, 285, 'fr', NULL),
(51, 'post_noo_class', 290, 290, 'fr', NULL),
(52, 'post_noo_class', 495, 495, 'fr', NULL),
(53, 'post_noo_class', 282, 282, 'fr', NULL),
(54, 'post_noo_event', 67, 67, 'fr', NULL),
(55, 'post_noo_event', 297, 297, 'fr', NULL),
(56, 'post_noo_event', 305, 305, 'fr', NULL),
(57, 'post_noo_event', 306, 306, 'fr', NULL),
(58, 'post_noo_event', 307, 307, 'fr', NULL),
(59, 'post_noo_event', 318, 318, 'fr', NULL),
(60, 'post_noo_event', 323, 323, 'fr', NULL),
(61, 'post_noo_event', 337, 337, 'fr', NULL),
(62, 'post_noo_event', 338, 338, 'fr', NULL),
(63, 'post_noo_event', 339, 339, 'fr', NULL),
(64, 'post_noo_event', 478, 478, 'fr', NULL),
(65, 'post_noo_event', 482, 482, 'fr', NULL),
(66, 'post_noo_event', 489, 489, 'fr', NULL),
(67, 'post_noo_trainer', 141, 141, 'fr', NULL),
(68, 'post_noo_trainer', 147, 147, 'fr', NULL),
(69, 'post_noo_trainer', 149, 149, 'fr', NULL),
(70, 'post_noo_trainer', 155, 155, 'fr', NULL),
(71, 'post_noo_trainer', 157, 157, 'fr', NULL),
(72, 'post_noo_trainer', 169, 169, 'fr', NULL),
(73, 'post_noo_trainer', 190, 190, 'fr', NULL),
(74, 'post_noo_trainer', 193, 193, 'fr', NULL),
(75, 'post_noo_trainer', 195, 195, 'fr', NULL),
(76, 'post_noo_trainer', 216, 216, 'fr', NULL),
(77, 'post_noo_trainer', 219, 219, 'fr', NULL),
(78, 'post_noo_trainer', 235, 235, 'fr', NULL),
(79, 'post_page', 8, 8, 'fr', NULL),
(80, 'post_page', 9, 9, 'fr', NULL),
(81, 'post_page', 10, 10, 'fr', NULL),
(82, 'post_page', 11, 11, 'fr', NULL),
(83, 'post_page', 103, 103, 'fr', NULL),
(84, 'post_page', 165, 165, 'fr', NULL),
(85, 'post_page', 167, 167, 'fr', NULL),
(86, 'post_page', 180, 180, 'fr', NULL),
(87, 'post_page', 614, 614, 'fr', NULL),
(88, 'post_page', 616, 616, 'fr', NULL),
(89, 'post_page', 618, 618, 'fr', NULL),
(90, 'post_page', 620, 620, 'fr', NULL),
(91, 'post_page', 622, 622, 'fr', NULL),
(92, 'post_page', 645, 645, 'fr', NULL),
(93, 'post_page', 812, 812, 'fr', NULL),
(94, 'post_page', 906, 906, 'fr', NULL),
(95, 'post_page', 999, 999, 'fr', NULL),
(96, 'post_page', 1065, 1065, 'fr', NULL),
(97, 'post_page', 1204, 1204, 'fr', NULL),
(98, 'post_page', 1205, 1205, 'fr', NULL),
(99, 'post_page', 1214, 1214, 'fr', NULL),
(100, 'post_page', 1217, 1217, 'fr', NULL),
(101, 'post_page', 2, 2, 'fr', NULL),
(102, 'post_page', 1291, 1291, 'fr', NULL),
(103, 'post_page', 1498, 1498, 'fr', NULL),
(104, 'post_page', 1593, 1593, 'fr', NULL),
(105, 'post_page', 1611, 1611, 'fr', NULL),
(106, 'post_polylang_mo', 1429, 1429, 'fr', NULL),
(107, 'post_polylang_mo', 1431, 1431, 'fr', NULL),
(108, 'post_post', 1581, 1581, 'fr', NULL),
(109, 'post_post', 1408, 1408, 'fr', NULL),
(110, 'post_post', 1407, 1407, 'fr', NULL),
(111, 'post_post', 1406, 1406, 'fr', NULL),
(112, 'post_post', 1405, 1405, 'fr', NULL),
(113, 'post_post', 1404, 1404, 'fr', NULL),
(114, 'post_post', 1403, 1403, 'fr', NULL),
(115, 'post_post', 1402, 1402, 'fr', NULL),
(116, 'post_post', 1401, 1401, 'fr', NULL),
(117, 'post_post', 1400, 1400, 'fr', NULL),
(118, 'post_post', 1399, 1399, 'fr', NULL),
(119, 'post_post', 1398, 1398, 'fr', NULL),
(120, 'post_post', 1397, 1397, 'fr', NULL),
(121, 'post_post', 1396, 1396, 'fr', NULL),
(122, 'post_post', 1395, 1395, 'fr', NULL),
(123, 'post_post', 1394, 1394, 'fr', NULL),
(124, 'post_post', 1393, 1393, 'fr', NULL),
(125, 'post_post', 1392, 1392, 'fr', NULL),
(126, 'post_post', 1391, 1391, 'fr', NULL),
(127, 'post_post', 1390, 1390, 'fr', NULL),
(128, 'post_post', 1389, 1389, 'fr', NULL),
(129, 'post_post', 1388, 1388, 'fr', NULL),
(130, 'post_post', 1387, 1387, 'fr', NULL),
(131, 'post_post', 1386, 1386, 'fr', NULL),
(132, 'post_post', 1385, 1385, 'fr', NULL),
(133, 'post_post', 1384, 1384, 'fr', NULL),
(134, 'post_post', 1383, 1383, 'fr', NULL),
(135, 'post_post', 1382, 1382, 'fr', NULL),
(136, 'post_post', 1381, 1381, 'fr', NULL),
(137, 'post_post', 1380, 1380, 'fr', NULL),
(138, 'post_post', 1379, 1379, 'fr', NULL),
(139, 'post_post', 1378, 1378, 'fr', NULL),
(140, 'post_post', 1377, 1377, 'fr', NULL),
(141, 'post_post', 1376, 1376, 'fr', NULL),
(142, 'post_post', 1375, 1375, 'fr', NULL),
(143, 'post_post', 1374, 1374, 'fr', NULL),
(144, 'post_post', 1373, 1373, 'fr', NULL),
(145, 'post_post', 1372, 1372, 'fr', NULL),
(146, 'post_post', 1371, 1371, 'fr', NULL),
(147, 'post_post', 1370, 1370, 'fr', NULL),
(148, 'post_post', 1369, 1369, 'fr', NULL),
(149, 'post_post', 1368, 1368, 'fr', NULL),
(150, 'post_post', 1367, 1367, 'fr', NULL),
(151, 'post_post', 1366, 1366, 'fr', NULL),
(152, 'post_post', 1365, 1365, 'fr', NULL),
(153, 'post_post', 1363, 1363, 'fr', NULL),
(154, 'post_post', 1364, 1364, 'fr', NULL),
(155, 'post_post', 1362, 1362, 'fr', NULL),
(156, 'post_post', 837, 837, 'fr', NULL),
(157, 'post_post', 842, 842, 'fr', NULL),
(158, 'post_post', 844, 844, 'fr', NULL),
(159, 'post_post', 59, 59, 'fr', NULL),
(160, 'post_post', 16, 16, 'fr', NULL),
(161, 'post_post', 1361, 1361, 'fr', NULL),
(162, 'post_post', 1360, 1360, 'fr', NULL),
(163, 'post_post', 834, 834, 'fr', NULL),
(164, 'post_post', 840, 840, 'fr', NULL),
(165, 'post_post', 6, 6, 'fr', NULL),
(166, 'post_post', 53, 53, 'fr', NULL),
(167, 'post_post', 55, 55, 'fr', NULL),
(168, 'post_post', 36, 36, 'fr', NULL),
(169, 'post_post', 18, 18, 'fr', NULL),
(170, 'post_post', 1359, 1359, 'fr', NULL),
(171, 'post_post', 1358, 1358, 'fr', NULL),
(172, 'post_post', 1357, 1357, 'fr', NULL),
(173, 'post_post', 1356, 1356, 'fr', NULL),
(174, 'post_post', 1355, 1355, 'fr', NULL),
(175, 'post_post', 1354, 1354, 'fr', NULL),
(176, 'post_post', 1353, 1353, 'fr', NULL),
(177, 'post_post', 1352, 1352, 'fr', NULL),
(178, 'post_post', 1351, 1351, 'fr', NULL),
(179, 'post_post', 1350, 1350, 'fr', NULL),
(180, 'post_post', 1349, 1349, 'fr', NULL),
(181, 'post_post', 1348, 1348, 'fr', NULL),
(182, 'post_post', 1347, 1347, 'fr', NULL),
(183, 'post_post', 1346, 1346, 'fr', NULL),
(184, 'post_post', 1345, 1345, 'fr', NULL),
(185, 'post_post', 1344, 1344, 'fr', NULL),
(186, 'post_post', 1343, 1343, 'fr', NULL),
(187, 'post_post', 1342, 1342, 'fr', NULL),
(188, 'post_post', 1341, 1341, 'fr', NULL),
(189, 'post_post', 1340, 1340, 'fr', NULL),
(190, 'post_post', 1339, 1339, 'fr', NULL),
(191, 'post_post', 1338, 1338, 'fr', NULL),
(192, 'post_post', 1337, 1337, 'fr', NULL),
(193, 'post_post', 1336, 1336, 'fr', NULL),
(194, 'post_post', 1335, 1335, 'fr', NULL),
(195, 'post_post', 1334, 1334, 'fr', NULL),
(196, 'post_post', 1333, 1333, 'fr', NULL),
(197, 'post_post', 1332, 1332, 'fr', NULL),
(198, 'post_post', 1331, 1331, 'fr', NULL),
(199, 'post_post', 1330, 1330, 'fr', NULL),
(200, 'post_post', 1329, 1329, 'fr', NULL),
(201, 'post_post', 1328, 1328, 'fr', NULL),
(202, 'post_post', 1327, 1327, 'fr', NULL),
(203, 'post_post', 1326, 1326, 'fr', NULL),
(204, 'post_post', 1, 1, 'fr', NULL),
(205, 'post_post', 1325, 1325, 'fr', NULL),
(206, 'post_testimonial', 418, 418, 'fr', NULL),
(207, 'post_testimonial', 399, 399, 'fr', NULL),
(208, 'post_testimonial', 404, 404, 'fr', NULL),
(209, 'post_wpcf7_contact_form', 7, 7, 'fr', NULL),
(210, 'post_wpcf7_contact_form', 130, 130, 'fr', NULL),
(211, 'post_wpcf7_contact_form', 746, 746, 'fr', NULL),
(530, 'post_page', 2050, 2464, 'fr', NULL),
(213, 'tax_category', 1, 1631, 'fr', NULL),
(214, 'tax_category', 2, 1632, 'fr', NULL),
(215, 'tax_category', 3, 1633, 'fr', NULL),
(216, 'tax_category', 4, 1631, 'en', 'fr'),
(217, 'tax_category', 5, 1635, 'fr', NULL),
(218, 'tax_category', 6, 1636, 'fr', NULL),
(219, 'tax_category', 36, 1666, 'fr', NULL),
(220, 'tax_category', 37, 1667, 'fr', NULL),
(221, 'tax_category', 38, 1668, 'fr', NULL),
(222, 'tax_category', 39, 1669, 'fr', NULL),
(223, 'tax_category', 40, 1670, 'fr', NULL),
(224, 'tax_category', 41, 1671, 'fr', NULL),
(225, 'tax_category', 42, 1672, 'fr', NULL),
(226, 'tax_category', 43, 1673, 'fr', NULL),
(227, 'tax_category', 44, 1674, 'fr', NULL),
(228, 'tax_category', 45, 1675, 'fr', NULL),
(229, 'tax_category', 46, 1676, 'fr', NULL),
(230, 'tax_category', 47, 1677, 'fr', NULL),
(231, 'tax_category', 48, 1678, 'fr', NULL),
(232, 'tax_category', 49, 1679, 'fr', NULL),
(233, 'tax_category', 50, 1680, 'fr', NULL),
(234, 'tax_category', 51, 1681, 'fr', NULL),
(235, 'tax_category', 52, 1682, 'fr', NULL),
(236, 'tax_category', 53, 1683, 'fr', NULL),
(237, 'tax_category', 54, 1684, 'fr', NULL),
(238, 'tax_category', 55, 1685, 'fr', NULL),
(239, 'tax_category', 56, 1686, 'fr', NULL),
(240, 'tax_category', 57, 1687, 'fr', NULL),
(241, 'tax_category', 58, 1688, 'fr', NULL),
(242, 'tax_category', 59, 1689, 'fr', NULL),
(243, 'tax_category', 60, 1690, 'fr', NULL),
(244, 'tax_category', 61, 1691, 'fr', NULL),
(245, 'tax_category', 62, 1692, 'fr', NULL),
(246, 'tax_category', 63, 1693, 'fr', NULL),
(247, 'tax_category', 64, 1694, 'fr', NULL),
(248, 'tax_category', 65, 1695, 'fr', NULL),
(249, 'tax_category', 66, 1696, 'fr', NULL),
(250, 'tax_category', 67, 1697, 'fr', NULL),
(251, 'tax_category', 68, 1698, 'fr', NULL),
(252, 'tax_category', 69, 1699, 'fr', NULL),
(253, 'tax_category', 70, 1700, 'fr', NULL),
(254, 'tax_category', 71, 1701, 'fr', NULL),
(255, 'tax_category', 72, 1702, 'fr', NULL),
(256, 'tax_category', 73, 1703, 'fr', NULL),
(257, 'tax_category', 74, 1704, 'fr', NULL),
(258, 'tax_category', 75, 1705, 'fr', NULL),
(259, 'tax_category', 76, 1706, 'fr', NULL),
(260, 'tax_category', 77, 1707, 'fr', NULL),
(261, 'tax_category', 78, 1708, 'fr', NULL),
(262, 'tax_category', 79, 1709, 'fr', NULL),
(263, 'tax_category', 80, 1710, 'fr', NULL),
(264, 'tax_category', 81, 1711, 'fr', NULL),
(265, 'tax_category', 82, 1712, 'fr', NULL),
(266, 'tax_category', 83, 1713, 'fr', NULL),
(267, 'tax_category', 84, 1714, 'fr', NULL),
(268, 'tax_category', 85, 1715, 'fr', NULL),
(269, 'tax_category', 86, 1716, 'fr', NULL),
(270, 'tax_category', 87, 1717, 'fr', NULL),
(271, 'tax_category', 88, 1718, 'fr', NULL),
(272, 'tax_category', 89, 1719, 'fr', NULL),
(273, 'tax_category', 90, 1720, 'fr', NULL),
(274, 'tax_category', 91, 1721, 'fr', NULL),
(275, 'tax_category', 92, 1722, 'fr', NULL),
(276, 'tax_category', 93, 1723, 'fr', NULL),
(277, 'tax_category', 94, 1724, 'fr', NULL),
(278, 'tax_category', 95, 1725, 'fr', NULL),
(279, 'tax_category', 96, 1726, 'fr', NULL),
(280, 'tax_category', 97, 1727, 'fr', NULL),
(281, 'tax_category', 98, 1728, 'fr', NULL),
(282, 'tax_category', 99, 1729, 'fr', NULL),
(283, 'tax_category', 100, 1730, 'fr', NULL),
(284, 'tax_category', 101, 1731, 'fr', NULL),
(285, 'tax_category', 102, 1732, 'fr', NULL),
(286, 'tax_category', 103, 1733, 'fr', NULL),
(287, 'tax_category', 104, 1734, 'fr', NULL),
(288, 'tax_category', 105, 1735, 'fr', NULL),
(289, 'tax_category', 106, 1736, 'fr', NULL),
(290, 'tax_category', 107, 1737, 'fr', NULL),
(291, 'tax_category', 108, 1738, 'fr', NULL),
(292, 'tax_category', 109, 1739, 'fr', NULL),
(293, 'tax_category', 110, 1740, 'fr', NULL),
(294, 'tax_category', 111, 1741, 'fr', NULL),
(295, 'tax_category', 112, 1742, 'fr', NULL),
(296, 'tax_category', 113, 1743, 'fr', NULL),
(297, 'tax_category', 114, 1744, 'fr', NULL),
(298, 'tax_category', 115, 1745, 'fr', NULL),
(299, 'tax_category', 116, 1746, 'fr', NULL),
(300, 'tax_category', 117, 1747, 'fr', NULL),
(301, 'tax_category', 118, 1748, 'fr', NULL),
(302, 'tax_category', 119, 1749, 'fr', NULL),
(303, 'tax_category', 120, 1750, 'fr', NULL),
(304, 'tax_category', 121, 1751, 'fr', NULL),
(305, 'tax_category', 122, 1752, 'fr', NULL),
(306, 'tax_category', 123, 1753, 'fr', NULL),
(307, 'tax_category', 124, 1754, 'fr', NULL),
(308, 'tax_category', 125, 1755, 'fr', NULL),
(309, 'tax_category', 126, 1756, 'fr', NULL),
(310, 'tax_category', 127, 1757, 'fr', NULL),
(311, 'tax_category', 128, 1758, 'fr', NULL),
(312, 'tax_category', 129, 1759, 'fr', NULL),
(313, 'tax_category', 130, 1760, 'fr', NULL),
(314, 'tax_category', 131, 1761, 'fr', NULL),
(315, 'tax_category', 132, 1762, 'fr', NULL),
(316, 'tax_category', 133, 1763, 'fr', NULL),
(317, 'tax_category', 134, 1764, 'fr', NULL),
(318, 'tax_category', 135, 1765, 'fr', NULL),
(319, 'tax_category', 136, 1766, 'fr', NULL),
(320, 'tax_category', 137, 1767, 'fr', NULL),
(321, 'tax_category', 138, 1768, 'fr', NULL),
(322, 'tax_category', 139, 1769, 'fr', NULL),
(323, 'tax_category', 140, 1770, 'fr', NULL),
(324, 'tax_category', 141, 1771, 'fr', NULL),
(325, 'tax_category', 142, 1772, 'fr', NULL),
(326, 'tax_category', 143, 1773, 'fr', NULL),
(327, 'tax_category', 144, 1774, 'fr', NULL),
(328, 'tax_category', 145, 1775, 'fr', NULL),
(329, 'tax_category', 146, 1776, 'fr', NULL),
(330, 'tax_category', 147, 1777, 'fr', NULL),
(331, 'tax_category', 148, 1778, 'fr', NULL),
(332, 'tax_category', 149, 1779, 'fr', NULL),
(333, 'tax_category', 150, 1780, 'fr', NULL),
(334, 'tax_category', 151, 1781, 'fr', NULL),
(335, 'tax_category', 152, 1782, 'fr', NULL),
(336, 'tax_category', 153, 1783, 'fr', NULL),
(337, 'tax_category', 154, 1784, 'fr', NULL),
(338, 'tax_category', 155, 1785, 'fr', NULL),
(339, 'tax_category', 156, 1786, 'fr', NULL),
(340, 'tax_category', 157, 1787, 'fr', NULL),
(341, 'tax_category', 158, 1788, 'fr', NULL),
(342, 'tax_category', 159, 1789, 'fr', NULL),
(343, 'tax_category', 160, 1790, 'fr', NULL),
(344, 'tax_category', 161, 1791, 'fr', NULL),
(345, 'tax_category', 162, 1792, 'fr', NULL),
(346, 'tax_category', 323, 1953, 'fr', NULL),
(347, 'tax_post_tag', 7, 1961, 'fr', NULL),
(348, 'tax_post_tag', 8, 1962, 'fr', NULL),
(349, 'tax_post_tag', 9, 1963, 'fr', NULL),
(350, 'tax_post_tag', 10, 1964, 'fr', NULL),
(351, 'tax_post_tag', 11, 1965, 'fr', NULL),
(352, 'tax_post_tag', 12, 1966, 'fr', NULL),
(353, 'tax_post_tag', 13, 1967, 'fr', NULL),
(354, 'tax_post_tag', 14, 1968, 'fr', NULL),
(355, 'tax_post_tag', 15, 1969, 'fr', NULL),
(356, 'tax_post_tag', 16, 1970, 'fr', NULL),
(357, 'tax_post_tag', 17, 1971, 'fr', NULL),
(358, 'tax_nav_menu', 30, 2002, 'fr', NULL),
(359, 'tax_nav_menu', 31, 2003, 'fr', NULL),
(360, 'tax_nav_menu', 35, 2007, 'fr', NULL),
(361, 'tax_nav_menu', 325, 2297, 'fr', NULL),
(362, 'tax_post_format', 32, 2330, 'fr', NULL),
(363, 'tax_post_format', 33, 2331, 'fr', NULL),
(364, 'tax_post_format', 34, 2332, 'fr', NULL),
(365, 'comment', 1, 2334, 'fr', NULL),
(366, 'comment', 2, 2335, 'fr', NULL),
(367, 'comment', 3, 2336, 'fr', NULL),
(368, 'comment', 4, 2337, 'fr', NULL),
(369, 'comment', 5, 2338, 'fr', NULL),
(370, 'comment', 6, 2339, 'fr', NULL),
(371, 'comment', 7, 2340, 'fr', NULL),
(372, 'comment', 8, 2341, 'fr', NULL),
(373, 'comment', 9, 2342, 'fr', NULL),
(374, 'comment', 10, 2343, 'fr', NULL),
(375, 'comment', 11, 2344, 'fr', NULL),
(376, 'comment', 12, 2345, 'fr', NULL),
(377, 'comment', 13, 2346, 'fr', NULL),
(378, 'comment', 14, 2347, 'fr', NULL),
(379, 'comment', 15, 2348, 'fr', NULL),
(380, 'comment', 16, 2349, 'fr', NULL),
(381, 'comment', 17, 2350, 'fr', NULL),
(382, 'comment', 18, 2351, 'fr', NULL),
(383, 'comment', 19, 2352, 'fr', NULL),
(384, 'comment', 20, 2353, 'fr', NULL),
(385, 'comment', 21, 2354, 'fr', NULL),
(386, 'comment', 22, 2355, 'fr', NULL),
(387, 'comment', 23, 2356, 'fr', NULL),
(388, 'comment', 24, 2357, 'fr', NULL),
(389, 'comment', 25, 2358, 'fr', NULL),
(390, 'comment', 26, 2359, 'fr', NULL),
(391, 'comment', 27, 2360, 'fr', NULL),
(392, 'comment', 28, 2361, 'fr', NULL),
(393, 'comment', 29, 2362, 'fr', NULL),
(394, 'comment', 30, 2363, 'fr', NULL),
(395, 'comment', 31, 2364, 'fr', NULL),
(396, 'comment', 32, 2365, 'fr', NULL),
(397, 'comment', 33, 2366, 'fr', NULL),
(398, 'comment', 34, 2367, 'fr', NULL),
(399, 'comment', 35, 2368, 'fr', NULL),
(400, 'comment', 36, 2369, 'fr', NULL),
(401, 'comment', 37, 2370, 'fr', NULL),
(402, 'comment', 38, 2371, 'fr', NULL),
(403, 'comment', 39, 2372, 'fr', NULL),
(404, 'comment', 40, 2373, 'fr', NULL),
(405, 'comment', 41, 2374, 'fr', NULL),
(406, 'comment', 42, 2375, 'fr', NULL),
(407, 'comment', 43, 2376, 'fr', NULL),
(408, 'comment', 44, 2377, 'fr', NULL),
(409, 'comment', 45, 2378, 'fr', NULL),
(410, 'comment', 46, 2379, 'fr', NULL),
(411, 'comment', 47, 2380, 'fr', NULL),
(412, 'comment', 48, 2381, 'fr', NULL),
(413, 'comment', 49, 2382, 'fr', NULL),
(414, 'comment', 50, 2383, 'fr', NULL),
(415, 'comment', 51, 2384, 'fr', NULL),
(416, 'comment', 52, 2385, 'fr', NULL),
(417, 'comment', 53, 2386, 'fr', NULL),
(418, 'comment', 54, 2387, 'fr', NULL),
(419, 'comment', 55, 2388, 'fr', NULL),
(420, 'comment', 56, 2389, 'fr', NULL),
(421, 'comment', 57, 2390, 'fr', NULL),
(422, 'comment', 58, 2391, 'fr', NULL),
(423, 'comment', 59, 2392, 'fr', NULL),
(424, 'comment', 60, 2393, 'fr', NULL),
(425, 'comment', 61, 2394, 'fr', NULL),
(426, 'comment', 62, 2395, 'fr', NULL),
(427, 'comment', 63, 2396, 'fr', NULL),
(428, 'comment', 64, 2397, 'fr', NULL),
(429, 'comment', 65, 2398, 'fr', NULL),
(430, 'comment', 66, 2399, 'fr', NULL),
(431, 'comment', 67, 2400, 'fr', NULL),
(432, 'comment', 68, 2401, 'fr', NULL),
(433, 'comment', 69, 2402, 'fr', NULL),
(434, 'comment', 70, 2403, 'fr', NULL),
(435, 'tax_class_category', 20, 2404, 'fr', NULL),
(436, 'tax_class_category', 22, 2405, 'fr', NULL),
(437, 'tax_class_category', 24, 2406, 'fr', NULL),
(438, 'tax_class_category', 27, 2407, 'fr', NULL),
(439, 'tax_class_level', 18, 2408, 'fr', NULL),
(440, 'tax_class_level', 19, 2409, 'fr', NULL),
(441, 'tax_class_level', 23, 2410, 'fr', NULL),
(442, 'tax_event_category', 21, 2411, 'fr', NULL),
(443, 'tax_event_category', 25, 2412, 'fr', NULL),
(444, 'tax_event_category', 26, 2413, 'fr', NULL),
(445, 'tax_event_category', 29, 2414, 'fr', NULL),
(565, 'post_attachment', 1451, 2496, 'fr', NULL),
(564, 'post_attachment', 1448, 2495, 'fr', NULL),
(563, 'post_attachment', 1447, 2494, 'fr', NULL),
(562, 'post_attachment', 1442, 2493, 'fr', NULL),
(561, 'post_attachment', 1321, 2492, 'fr', NULL),
(560, 'post_attachment', 1320, 2491, 'fr', NULL),
(559, 'post_attachment', 1319, 2490, 'fr', NULL),
(558, 'post_attachment', 1318, 2489, 'fr', NULL),
(557, 'post_page', 2772, 2488, 'fr', NULL),
(556, 'post_page', 2762, 2487, 'fr', NULL),
(554, 'post_nav_menu_item', 2613, 2485, 'en', NULL),
(553, 'post_post', 2602, 2484, 'fr', NULL),
(555, 'post_page', 2652, 2486, 'fr', NULL),
(551, 'post_page', 2582, 2482, 'fr', NULL),
(532, 'post_nav_menu_item', 2200, 2466, 'fr', NULL),
(528, 'post_nav_menu_item', 1855, 2462, 'fr', NULL),
(527, 'post_nav_menu_item', 1791, 2461, 'en', NULL),
(526, 'post_page', 1644, 2460, 'en', NULL),
(465, 'post_page', 1645, 1498, 'en', 'fr'),
(467, 'post_noo_class', 1656, 282, 'en', 'fr'),
(468, 'tax_class_category', 327, 2404, 'en', 'fr'),
(469, 'tax_class_level', 328, 2409, 'en', 'fr'),
(470, 'tax_class_level', 329, 2410, 'en', 'fr'),
(471, 'post_page', 1660, 180, 'en', 'fr'),
(473, 'tax_class_level', 331, 2408, 'en', 'fr'),
(474, 'post_noo_class', 1663, 495, 'en', 'fr'),
(475, 'post_noo_class', 1666, 290, 'en', 'fr'),
(476, 'tax_class_category', 332, 2406, 'en', 'fr'),
(477, 'post_noo_class', 1669, 285, 'en', 'fr'),
(478, 'tax_class_category', 333, 2405, 'en', 'fr'),
(479, 'tax_class_category', 334, 2407, 'en', 'fr'),
(480, 'post_page', 1673, 165, 'en', 'fr'),
(481, 'post_page', 1678, 167, 'en', 'fr'),
(482, 'post_page', 1682, 1291, 'en', 'fr'),
(483, 'post_nav_menu_item', 1687, 2434, 'fr', NULL),
(484, 'post_page', 1692, 2435, 'fr', NULL),
(485, 'post_page', 1698, 2435, 'en', 'fr'),
(632, 'post_page', 2822, 2563, 'fr', NULL),
(568, 'post_attachment', 1466, 2499, 'fr', NULL),
(633, 'post_page', 2824, 2564, 'fr', NULL),
(519, 'post_page', 1733, 1593, 'en', 'fr'),
(495, 'post_nav_menu_item', 1714, 1218, 'en', 'fr'),
(496, 'post_nav_menu_item', 1715, 1219, 'en', 'fr'),
(521, 'post_nav_menu_item', 1737, 1627, 'en', 'fr'),
(500, 'tax_nav_menu', 335, 2007, 'en', 'fr'),
(540, 'post_post', 2250, 2473, 'fr', NULL),
(541, 'post_post', 2253, 2474, 'fr', NULL),
(542, 'post_post', 2267, 2474, 'en', 'fr'),
(520, 'post_nav_menu_item', 1735, 1626, 'en', 'fr'),
(508, 'post_nav_menu_item', 1719, 1575, 'en', 'fr'),
(509, 'post_nav_menu_item', 1720, 1578, 'en', 'fr'),
(510, 'post_nav_menu_item', 1721, 1577, 'en', 'fr'),
(511, 'post_nav_menu_item', 1722, 2434, 'en', 'fr'),
(531, 'post_page', 2058, 2465, 'fr', NULL),
(516, 'post_page', 1728, 1065, 'en', 'fr'),
(514, 'post_nav_menu_item', 1725, 1430, 'en', NULL),
(634, 'post_page', 2826, 2565, 'fr', NULL),
(523, 'post_page', 1740, 1611, 'en', 'fr'),
(524, 'post_nav_menu_item', 1743, 1625, 'en', 'fr'),
(525, 'post_nav_menu_item', 1755, 2459, 'fr', NULL),
(570, 'post_attachment', 1494, 2501, 'fr', NULL),
(571, 'post_attachment', 1499, 2502, 'fr', NULL),
(572, 'post_attachment', 1500, 2503, 'fr', NULL),
(573, 'post_attachment', 1531, 2504, 'fr', NULL),
(574, 'post_attachment', 1533, 2505, 'fr', NULL),
(575, 'post_attachment', 1579, 2506, 'fr', NULL),
(576, 'post_attachment', 1598, 2507, 'fr', NULL),
(577, 'post_attachment', 1602, 2508, 'fr', NULL),
(578, 'post_attachment', 1603, 2509, 'fr', NULL),
(579, 'post_attachment', 1617, 2510, 'fr', NULL),
(580, 'post_attachment', 1647, 2511, 'fr', NULL),
(581, 'post_attachment', 1648, 2512, 'fr', NULL),
(582, 'post_attachment', 1649, 2513, 'fr', NULL),
(583, 'post_attachment', 1650, 2514, 'fr', NULL),
(584, 'post_attachment', 1651, 2515, 'fr', NULL),
(585, 'post_attachment', 1883, 2516, 'fr', NULL),
(586, 'post_attachment', 1886, 2517, 'fr', NULL),
(587, 'post_attachment', 1944, 2518, 'fr', NULL),
(588, 'post_attachment', 2165, 2519, 'fr', NULL),
(589, 'post_attachment', 2220, 2520, 'fr', NULL),
(590, 'post_attachment', 2222, 2521, 'fr', NULL),
(591, 'post_attachment', 2225, 2522, 'fr', NULL),
(592, 'post_attachment', 2227, 2523, 'fr', NULL),
(593, 'post_attachment', 2283, 2524, 'fr', NULL),
(594, 'post_attachment', 2295, 2525, 'fr', NULL),
(595, 'post_attachment', 2421, 2526, 'fr', NULL),
(596, 'post_attachment', 2422, 2527, 'fr', NULL),
(597, 'post_attachment', 2423, 2528, 'fr', NULL),
(598, 'post_attachment', 2436, 2529, 'fr', NULL),
(635, 'post_page', 2828, 2566, 'fr', NULL),
(600, 'post_attachment', 2446, 2531, 'fr', NULL),
(601, 'post_attachment', 2448, 2532, 'fr', NULL),
(602, 'post_attachment', 2475, 2533, 'fr', NULL),
(603, 'post_attachment', 2476, 2534, 'fr', NULL),
(604, 'post_attachment', 2477, 2535, 'fr', NULL),
(605, 'post_attachment', 2478, 2536, 'fr', NULL),
(606, 'post_attachment', 2479, 2537, 'fr', NULL),
(607, 'post_attachment', 2483, 2538, 'fr', NULL),
(608, 'post_attachment', 2484, 2539, 'fr', NULL),
(609, 'post_attachment', 2485, 2540, 'fr', NULL),
(610, 'post_attachment', 2486, 2541, 'fr', NULL),
(611, 'post_attachment', 2487, 2542, 'fr', NULL),
(612, 'post_attachment', 2488, 2543, 'fr', NULL),
(613, 'post_attachment', 2489, 2544, 'fr', NULL),
(614, 'post_attachment', 2490, 2545, 'fr', NULL),
(615, 'post_attachment', 2491, 2546, 'fr', NULL),
(616, 'post_attachment', 2492, 2547, 'fr', NULL),
(617, 'post_attachment', 2530, 2548, 'fr', NULL),
(618, 'post_attachment', 2531, 2549, 'fr', NULL),
(619, 'post_attachment', 2551, 2550, 'fr', NULL),
(620, 'post_attachment', 2554, 2551, 'fr', NULL),
(621, 'post_attachment', 2570, 2552, 'fr', NULL),
(622, 'post_attachment', 2584, 2553, 'fr', NULL),
(623, 'post_attachment', 2628, 2554, 'fr', NULL),
(624, 'post_attachment', 2661, 2555, 'fr', NULL),
(625, 'post_attachment', 2685, 2556, 'fr', NULL),
(626, 'post_attachment', 2690, 2557, 'fr', NULL),
(627, 'post_attachment', 2710, 2558, 'fr', NULL),
(628, 'post_attachment', 2713, 2559, 'fr', NULL),
(629, 'post_page', 2805, 2560, 'fr', NULL),
(630, 'post_page', 2812, 2561, 'fr', NULL),
(631, 'post_page', 2817, 2562, 'fr', NULL),
(636, 'post_page', 2833, 2567, 'fr', NULL),
(637, 'post_page', 2836, 2568, 'fr', NULL),
(638, 'post_page', 2841, 2569, 'fr', NULL),
(639, 'post_page', 2875, 2570, 'fr', NULL),
(640, 'post_page', 2920, 2571, 'fr', NULL),
(641, 'post_page', 2934, 2572, 'fr', NULL),
(642, 'post_page', 2937, 2573, 'en', NULL),
(643, 'post_page', 2940, 2560, 'en', 'fr'),
(648, 'post_nav_menu_item', 3024, 2578, 'fr', NULL),
(645, 'post_nav_menu_item', 3015, 2575, 'fr', NULL),
(646, 'post_nav_menu_item', 3016, 2576, 'fr', NULL),
(649, 'post_page', 3026, 2579, 'fr', NULL),
(650, 'post_nav_menu_item', 3056, 2580, 'fr', NULL),
(651, 'post_page', 3087, 2581, 'fr', NULL),
(653, 'post_page', 3126, 2583, 'en', NULL),
(654, 'post_page', 3978, 2584, 'fr', NULL),
(657, 'post_nav_menu_item', 4131, 2587, 'fr', NULL),
(656, 'post_noo_class', 4064, 2586, 'fr', NULL),
(658, 'post_noo_class', 4203, 2586, 'en', 'fr'),
(659, 'tax_class_category', 345, 2588, 'en', NULL),
(660, 'post_nav_menu_item', 4212, 2589, 'en', NULL),
(661, 'post_page', 4616, 2590, 'fr', NULL),
(662, 'post_page', 4620, 2591, 'fr', NULL),
(663, 'post_noo_class', 4726, 2592, 'fr', NULL),
(664, 'post_page', 4727, 2593, 'en', NULL),
(665, 'post_page', 4729, 2594, 'en', NULL),
(666, 'post_page', 4903, 2581, 'en', 'fr'),
(667, 'post_page', 4906, 2579, 'en', 'fr'),
(668, 'post_page', 4918, 2595, 'fr', NULL),
(669, 'post_page', 4922, 2596, 'fr', NULL),
(670, 'post_page', 4926, 2597, 'fr', NULL),
(674, 'post_nav_menu_item', 4948, 2600, 'en', NULL),
(675, 'post_page', 4950, 2601, 'en', NULL),
(676, 'post_page', 4952, 2602, 'en', NULL),
(677, 'post_page', 4965, 2603, 'en', NULL),
(678, 'post_attachment', 2779, 5383, 'fr', NULL),
(679, 'post_attachment', 2780, 5384, 'fr', NULL),
(680, 'post_attachment', 2820, 5424, 'fr', NULL),
(681, 'post_attachment', 2922, 5526, 'fr', NULL),
(682, 'post_attachment', 2923, 5527, 'fr', NULL),
(683, 'post_attachment', 2963, 5567, 'fr', NULL),
(684, 'post_attachment', 2964, 5568, 'fr', NULL),
(685, 'post_attachment', 2965, 5569, 'fr', NULL),
(686, 'post_attachment', 3096, 5700, 'fr', NULL),
(687, 'post_attachment', 3099, 5703, 'fr', NULL),
(688, 'post_attachment', 3100, 5704, 'fr', NULL),
(689, 'post_attachment', 3966, 6570, 'fr', NULL),
(690, 'post_attachment', 3970, 6574, 'fr', NULL),
(691, 'post_attachment', 4956, 7560, 'fr', NULL),
(693, 'tax_translation_priority', 349, 7561, 'fr', NULL),
(694, 'tax_translation_priority', 350, 7561, 'en', 'fr'),
(696, 'tax_translation_priority', 351, 7562, 'fr', NULL),
(697, 'tax_translation_priority', 352, 7562, 'en', 'fr'),
(699, 'tax_translation_priority', 353, 7563, 'fr', NULL),
(700, 'tax_translation_priority', 354, 7563, 'en', 'fr'),
(701, 'post_attachment', 5048, 2489, 'en', 'fr'),
(702, 'post_attachment', 5049, 2490, 'en', 'fr'),
(703, 'post_attachment', 5050, 2491, 'en', 'fr'),
(704, 'post_attachment', 5051, 2492, 'en', 'fr'),
(705, 'post_attachment', 5052, 2493, 'en', 'fr'),
(706, 'post_attachment', 5053, 2494, 'en', 'fr'),
(707, 'post_attachment', 5054, 2495, 'en', 'fr'),
(708, 'post_attachment', 5055, 2496, 'en', 'fr'),
(709, 'post_attachment', 5056, 2499, 'en', 'fr'),
(710, 'post_attachment', 5057, 2501, 'en', 'fr'),
(711, 'post_attachment', 5058, 2502, 'en', 'fr'),
(712, 'post_attachment', 5059, 2503, 'en', 'fr'),
(713, 'post_attachment', 5060, 2504, 'en', 'fr'),
(714, 'post_attachment', 5061, 2505, 'en', 'fr'),
(715, 'post_attachment', 5062, 2506, 'en', 'fr'),
(716, 'post_attachment', 5063, 2507, 'en', 'fr'),
(717, 'post_attachment', 5064, 2508, 'en', 'fr'),
(718, 'post_attachment', 5065, 2509, 'en', 'fr'),
(719, 'post_attachment', 5066, 2510, 'en', 'fr'),
(720, 'post_attachment', 5067, 2511, 'en', 'fr'),
(721, 'post_attachment', 5068, 2512, 'en', 'fr'),
(722, 'post_attachment', 5069, 2513, 'en', 'fr'),
(723, 'post_attachment', 5070, 2514, 'en', 'fr'),
(724, 'post_attachment', 5071, 2515, 'en', 'fr'),
(725, 'post_attachment', 5072, 2516, 'en', 'fr'),
(726, 'post_attachment', 5073, 2517, 'en', 'fr'),
(727, 'post_attachment', 5074, 2518, 'en', 'fr'),
(728, 'post_attachment', 5075, 2519, 'en', 'fr'),
(729, 'post_attachment', 5076, 2520, 'en', 'fr'),
(730, 'post_attachment', 5077, 2521, 'en', 'fr'),
(731, 'post_attachment', 5078, 2522, 'en', 'fr'),
(732, 'post_attachment', 5079, 2523, 'en', 'fr'),
(733, 'post_attachment', 5080, 2524, 'en', 'fr'),
(734, 'post_attachment', 5081, 2525, 'en', 'fr'),
(735, 'post_attachment', 5082, 2526, 'en', 'fr'),
(736, 'post_attachment', 5083, 2527, 'en', 'fr'),
(737, 'post_attachment', 5084, 2528, 'en', 'fr'),
(738, 'post_attachment', 5085, 2529, 'en', 'fr'),
(739, 'post_attachment', 5086, 2531, 'en', 'fr'),
(740, 'post_attachment', 5087, 2532, 'en', 'fr'),
(741, 'post_attachment', 5088, 2533, 'en', 'fr'),
(742, 'post_attachment', 5089, 2534, 'en', 'fr'),
(743, 'post_attachment', 5090, 2535, 'en', 'fr'),
(744, 'post_attachment', 5091, 2536, 'en', 'fr'),
(745, 'post_attachment', 5092, 2537, 'en', 'fr'),
(746, 'post_attachment', 5093, 2538, 'en', 'fr'),
(747, 'post_attachment', 5094, 2539, 'en', 'fr'),
(748, 'post_attachment', 5095, 2540, 'en', 'fr'),
(749, 'post_attachment', 5096, 2541, 'en', 'fr'),
(750, 'post_attachment', 5097, 2542, 'en', 'fr'),
(751, 'post_attachment', 5098, 2543, 'en', 'fr'),
(752, 'post_attachment', 5099, 2544, 'en', 'fr'),
(753, 'post_attachment', 5100, 2545, 'en', 'fr'),
(754, 'post_attachment', 5101, 2546, 'en', 'fr'),
(755, 'post_attachment', 5102, 2547, 'en', 'fr'),
(756, 'post_attachment', 5103, 2548, 'en', 'fr'),
(757, 'post_attachment', 5104, 2549, 'en', 'fr'),
(758, 'post_attachment', 5105, 2550, 'en', 'fr'),
(759, 'post_attachment', 5106, 2551, 'en', 'fr'),
(760, 'post_attachment', 5107, 2552, 'en', 'fr'),
(761, 'post_attachment', 5108, 2553, 'en', 'fr'),
(762, 'post_attachment', 5109, 2554, 'en', 'fr'),
(763, 'post_attachment', 5110, 2555, 'en', 'fr'),
(764, 'post_attachment', 5111, 2556, 'en', 'fr'),
(765, 'post_attachment', 5112, 2557, 'en', 'fr'),
(766, 'post_attachment', 5113, 2558, 'en', 'fr'),
(767, 'post_attachment', 5114, 2559, 'en', 'fr'),
(768, 'post_attachment', 5115, 5383, 'en', 'fr'),
(769, 'post_attachment', 5116, 5384, 'en', 'fr'),
(770, 'post_attachment', 5117, 5424, 'en', 'fr'),
(771, 'post_attachment', 5118, 5526, 'en', 'fr'),
(772, 'post_attachment', 5119, 5527, 'en', 'fr'),
(773, 'post_attachment', 5120, 5567, 'en', 'fr'),
(774, 'post_attachment', 5121, 5568, 'en', 'fr'),
(775, 'post_attachment', 5122, 5569, 'en', 'fr'),
(776, 'post_attachment', 5123, 5700, 'en', 'fr'),
(777, 'post_attachment', 5124, 5703, 'en', 'fr'),
(778, 'post_attachment', 5125, 5704, 'en', 'fr'),
(779, 'post_attachment', 5126, 6570, 'en', 'fr'),
(780, 'post_attachment', 5127, 6574, 'en', 'fr'),
(781, 'post_attachment', 5128, 7560, 'en', 'fr'),
(782, 'post_attachment', 5129, 7564, 'fr', NULL),
(783, 'post_attachment', 5130, 7564, 'en', 'fr'),
(784, 'post_attachment', 5131, 7565, 'fr', NULL),
(785, 'post_attachment', 5132, 7565, 'en', 'fr'),
(786, 'post_attachment', 5133, 7566, 'fr', NULL),
(787, 'post_attachment', 5134, 7566, 'en', 'fr'),
(788, 'post_attachment', 5135, 7567, 'fr', NULL),
(789, 'post_attachment', 5136, 7567, 'en', 'fr'),
(790, 'post_attachment', 5137, 7568, 'fr', NULL),
(791, 'post_attachment', 5138, 7568, 'en', 'fr'),
(792, 'package_page-builder-shortcode-strings', 2, 7569, 'fr', NULL),
(793, 'post_attachment', 5140, 7570, 'fr', NULL),
(794, 'post_attachment', 5141, 7570, 'en', 'fr'),
(795, 'post_attachment', 5142, 7571, 'fr', NULL),
(796, 'post_attachment', 5143, 7571, 'en', 'fr'),
(797, 'post_attachment', 5146, 7572, 'fr', NULL),
(798, 'post_attachment', 5147, 7572, 'en', 'fr'),
(799, 'post_attachment', 5148, 7573, 'fr', NULL),
(800, 'post_attachment', 5149, 7573, 'en', 'fr'),
(801, 'post_attachment', 5150, 7574, 'fr', NULL),
(802, 'post_attachment', 5151, 7574, 'en', 'fr'),
(803, 'post_attachment', 5152, 7575, 'fr', NULL),
(804, 'post_attachment', 5153, 7575, 'en', 'fr'),
(805, 'post_attachment', 5154, 7576, 'fr', NULL),
(806, 'post_attachment', 5155, 7576, 'en', 'fr'),
(807, 'post_nav_menu_item', 5157, 7577, 'fr', NULL);

-- --------------------------------------------------------

--
-- Structure de la table `sle_icl_translation_batches`
--

CREATE TABLE `sle_icl_translation_batches` (
  `id` int(11) NOT NULL,
  `batch_name` text NOT NULL,
  `tp_id` int(11) DEFAULT NULL,
  `ts_url` text,
  `last_update` datetime DEFAULT NULL
) ENGINE=MyISAM DEFAULT CHARSET=utf8;

--
-- Contenu de la table `sle_icl_translation_batches`
--

INSERT INTO `sle_icl_translation_batches` (`id`, `batch_name`, `tp_id`, `ts_url`, `last_update`) VALUES
(1, 'Manual Translations from May the 15th, 2017', NULL, NULL, '2017-05-15 01:54:43'),
(2, 'Manual Translations from May the 18th, 2017', NULL, NULL, '2017-05-18 21:43:14'),
(3, 'Manual Translations from May the 20th, 2017', NULL, NULL, '2017-05-20 11:48:33'),
(4, 'Manual Translations from May the 26th, 2017', NULL, NULL, '2017-05-26 15:05:03'),
(5, 'Manual Translations from June the 8th, 2017', NULL, NULL, '2017-06-08 02:29:48'),
(6, 'Manual Translations from June the 17th, 2017', NULL, NULL, '2017-06-17 20:43:12'),
(7, 'Manual Translations from December the 17th, 2017', NULL, NULL, '2017-12-17 04:29:11'),
(8, 'Manual Translations from July the 1st, 2019', NULL, NULL, '2019-07-01 17:31:02'),
(9, 'Manual Translations from September the 15th, 2020', NULL, NULL, '2020-09-15 13:42:55'),
(10, 'Manual Translations from October the 18th, 2020', NULL, NULL, '2020-10-18 01:19:12');

-- --------------------------------------------------------

--
-- Structure de la table `sle_icl_translation_downloads`
--

CREATE TABLE `sle_icl_translation_downloads` (
  `editor_job_id` bigint(20) UNSIGNED NOT NULL,
  `download_url` varchar(2000) NOT NULL,
  `lock_timestamp` int(11) UNSIGNED DEFAULT NULL
) ENGINE=InnoDB DEFAULT CHARSET=utf8;

-- --------------------------------------------------------

--
-- Structure de la table `sle_icl_translation_status`
--

CREATE TABLE `sle_icl_translation_status` (
  `rid` bigint(20) NOT NULL,
  `translation_id` bigint(20) NOT NULL,
  `status` tinyint(4) NOT NULL,
  `translator_id` bigint(20) NOT NULL,
  `needs_update` tinyint(4) NOT NULL,
  `md5` varchar(32) NOT NULL,
  `translation_service` varchar(16) NOT NULL,
  `batch_id` int(11) NOT NULL DEFAULT '0',
  `translation_package` longtext NOT NULL,
  `timestamp` timestamp NOT NULL DEFAULT CURRENT_TIMESTAMP,
  `links_fixed` tinyint(4) NOT NULL DEFAULT '0',
  `_prevstate` longtext,
  `uuid` varchar(36) DEFAULT NULL,
  `tp_id` int(11) DEFAULT NULL,
  `tp_revision` int(11) NOT NULL DEFAULT '1',
  `ts_status` text
) ENGINE=MyISAM DEFAULT CHARSET=utf8;

--
-- Contenu de la table `sle_icl_translation_status`
--

INSERT INTO `sle_icl_translation_status` (`rid`, `translation_id`, `status`, `translator_id`, `needs_update`, `md5`, `translation_service`, `batch_id`, `translation_package`, `timestamp`, `links_fixed`, `_prevstate`, `uuid`, `tp_id`, `tp_revision`, `ts_status`) VALUES
(1, 465, 10, 2, 0, 'e0250715445dd3fd493619addbe151e6', 'local', 2, 'a:3:{s:3:\"url\";s:40:\"http://sexcoupletherapy.com?page_id=1498\";s:8:\"contents\";a:24:{s:26:\"field-_yoast_wpseo_title-0\";a:3:{s:9:\"translate\";i:1;s:4:\"data\";s:84:\"Q29uZsOpcmVuY2VzIGV0IGF0ZWxpZXJzIHN1ciBsYSBzZXh1YWxpdMOpIHBhciBMZSBzZXhvbG9ndWUuY2E=\";s:6:\"format\";s:6:\"base64\";}s:31:\"field-_yoast_wpseo_title-0-name\";a:2:{s:9:\"translate\";i:0;s:4:\"data\";s:20:\"_yoast_wpseo_title-0\";}s:31:\"field-_yoast_wpseo_title-0-type\";a:2:{s:9:\"translate\";i:0;s:4:\"data\";s:12:\"custom_field\";}s:29:\"field-_yoast_wpseo_metadesc-0\";a:3:{s:9:\"translate\";i:1;s:4:\"data\";s:204:\"Q29uZsOpcmVuY2VzIHN1ciBsYSBzZXh1YWxpdMOpOiBsJ8OpZHVjYXRpb24gc2V4dWVsbGUgbidlc3QgcGFzIHNldWxlbWVudCBwb3VyIGxlcyBqZXVuZXMsIG1haXMgbGVzIGFkdWx0ZXMgYXVzc2kuIFZlbmV6IHZvdXMgw6lkdXF1ZXIgcGFyIHVuIHNleG9sb2d1ZSE=\";s:6:\"format\";s:6:\"base64\";}s:34:\"field-_yoast_wpseo_metadesc-0-name\";a:2:{s:9:\"translate\";i:0;s:4:\"data\";s:23:\"_yoast_wpseo_metadesc-0\";}s:34:\"field-_yoast_wpseo_metadesc-0-type\";a:2:{s:9:\"translate\";i:0;s:4:\"data\";s:12:\"custom_field\";}s:28:\"field-_yoast_wpseo_focuskw-0\";a:3:{s:9:\"translate\";i:1;s:4:\"data\";s:32:\"Y29uZmVyZW5jZXMgc2V4dWFsaXTDqQ==\";s:6:\"format\";s:6:\"base64\";}s:33:\"field-_yoast_wpseo_focuskw-0-name\";a:2:{s:9:\"translate\";i:0;s:4:\"data\";s:22:\"_yoast_wpseo_focuskw-0\";}s:33:\"field-_yoast_wpseo_focuskw-0-type\";a:2:{s:9:\"translate\";i:0;s:4:\"data\";s:12:\"custom_field\";}s:11:\"original_id\";a:2:{s:9:\"translate\";i:0;s:4:\"data\";i:1498;}s:5:\"title\";a:3:{s:9:\"translate\";i:1;s:4:\"data\";s:48:\"Tm9zIGNvbmbDqXJlbmNlcyBzdXIgbGEgc2V4dWFsaXTDqQ==\";s:6:\"format\";s:6:\"base64\";}s:4:\"body\";a:3:{s:9:\"translate\";i:0;s:4:\"data\";s:11560:\"[encoded data, 11560 characters]\";s:6:\"format\";s:6:\"base64\";}s:7:\"excerpt\";a:3:{s:9:\"translate\";i:1;s:4:\"data\";s:0:\"\";s:6:\"format\";s:6:\"base64\";}s:22:\"package-string-7-10662\";a:3:{s:9:\"translate\";i:1;s:4:\"data\";s:2864:\"DQo8aDM+RmFpdGUgcmV2aXZyZSB2b3RyZSBzZXh1YWxpdMOp4oCLDQo8aT5EYXRlIMOgIGTDqXRlcm1pbmVyPC9pPjwvaDM+DQo8ZGl2IGNsYXNzPSJkZXNjX2xpdnJlIj4NCjxkaXY+SWwgbidlc3QgcGFzIHJhcmUgcXVlIGxhIHNleHVhbGl0w6kgYXByw6hzIHF1ZWxxdWVzIG1vaXMgb3UgYW5uw6llcyBkYW5zIHVuIGNvdXBsZSBkZXZpZW5uZSBtb2lucyBwYWxwaXRhbnRlLiBMYSByb3V0aW5lLCBsYSBwcsOpdmlzaWJpbGl0w6kgZXQgbGEgcmVkb25kYW5jZSBzJ2luc3RhbGxlIMOgIGNvdXAgZGUgbWFydGVhdS4gTGEgc3BvbnRhbsOpaXTDqSBldCBsZSBzZW5zIGRlIGwnYXZlbnR1cmUgYXUgbGl0IG9udCBxdWFzaW1lbnQgb3UgY29tcGzDqHRlbWVudCBkaXNwYXJ1ZS4gwqBMYSB2aWUgc2V4dWVsbGUgZHUgY291cGxlIHMnZXN0b21wZSBldCBsYSBzYXRpc2ZhY3Rpb24gc2V4dWVsbGUgbidlc3QgcGx1cyBhdSByZW5kZXotdm91cy48L2Rpdj4NCjxkaXY+PC9kaXY+DQo8ZGl2Pg0KDQo8aHIgLz4NCg0KPC9kaXY+DQo8ZGl2PjwvZGl2Pg0KPGRpdj48L2Rpdj4NCjxkaXY+PHN0cm9uZz48YSB0aXRsZT0iaW5zY3JpcHRpb2luIiBocmVmPSJodHRwOi8vbW9udHJlYWwubGVzZXhvbG9ndWUuY2EvMjAxNC8xMi9jb25mZXJlbmNlLXNhdGlzZmFjdGlvbi1zZXh1ZWxsZS5odG1sI0luc2NyaXB0aW9uIiB0YXJnZXQ9IiI+SW5zY3JpcHRpb248L2E+PC9zdHJvbmc+PC9kaXY+DQo8ZGl2PjxzdHJvbmc+PGEgdGl0bGU9ImluZm9ybWF0aW9ucyBjb25mw6lyZW5jaWVyIiBocmVmPSJodHRwOi8vbW9udHJlYWwubGVzZXhvbG9ndWUuY2EvMjAxNC8xMi9jb25mZXJlbmNlLXNhdGlzZmFjdGlvbi1zZXh1ZWxsZS5odG1sI0luZm9ybWF0aW9ucyIgdGFyZ2V0PSIiPkluZm9ybWF0aW9ucyBzdXIgbGUgY29uZsOpcmVuY2llcjwvYT48L3N0cm9uZz48L2Rpdj4NCjxkaXY+PC9kaXY+DQo8ZGl2Pg0KDQo8aHIgLz4NCg0KPC9kaXY+DQo8ZGl2PjwvZGl2Pg0KPGRpdj5JbCBleGlzdGUgw6l2aWRlbW1lbnQgZGVzIHNvbHV0aW9ucyDDoCBjZXMgZGlmZmljdWx0w6lzLCBtYWlzIGlsIGZhdXQgw6p0cmUgcHLDqnQgw6AgcydpbnZlc3RpciBlbiBzb2kgZXQgc29uIGNvdXBsZSBwb3VyIHBhc3NlciBhdSBwcm9jaGFpbiBuaXZlYXUgZGUgc29uIGTDqXZlbG9wcGVtZW50IHNleHVlbGxlIHBvdXIgcmV0cm91dmVyIGxhIHBhc3Npb24sIGxhIHNlbnN1YWxpdMOpIGV0IGwnw6lyb3Rpc21lIGRhbnMgbm90cmUgY291cGxlLjwvZGl2Pg0KPC9kaXY+DQo8Zm9ybSBhY3Rpb249Imh0dHBzOi8vd3d3LnBheXBhbC5jb20vY2dpLWJpbi93ZWJzY3IiIG1ldGhvZD0icG9zdCIgdGFyZ2V0PSJwYXlwYWwiPjxpbnB1dCBuYW1lPSJjbWQiIHR5cGU9ImhpZGRlbiIgdmFsdWU9Il9zLXhjbGljayIgLz4NCjxpbnB1dCBuYW1lPSJob3N0ZWRfYnV0dG9uX2lkIiB0eXBlPSJoaWRkZW4iIHZhbHVlPSJVUEpLS0RCQlVSVjlMIiAvPg0KPHRhYmxlPg0KPHRib2R5Pg0KPHRyPg0KPHRkPjxpbnB1dCBuYW1lPSJvbjAiIHR5cGU9ImhpZGRlbiIgdmFsdWU9IlPDqWxlY3Rpb24gdm90cmUgb3B0aW9uIiAvPlPDqWxlY3Rpb24gdm90cmUgb3B0aW9uPC90ZD4NCjwvdHI+DQo8dHI+DQo8dGQ+PHNlbGVjdCBuYW1lPSJvczAiPg0KPG9wdGlvbiB2YWx1ZT0iSW5kaXZpZHUiPkluZGl2aWR1ICQzNSwwMCBDQUQ8L29wdGlvbj4NCjxvcHRpb24gdmFsdWU9IkNvdXBsZSI+Q291cGxlICQ2MCwwMCBDQUQ8L29wdGlvbj4NCjwvc2VsZWN0PjwvdGQ+DQo8L3RyPg0KPC90Ym9keT4NCjwvdGFibGU+DQo8aW5wdXQgbmFtZT0iY3VycmVuY3lfY29kZSIgdHlwZT0iaGlkZGVuIiB2YWx1ZT0iQ0FEIiAvPg0KPGlucHV0IGFsdD0iUGF5UGFsIC0gbGEgc29sdXRpb24gZGUgcGFpZW1lbnQgZW4gbGlnbmUgbGEgcGx1cyBzaW1wbGUgZXQgbGEgcGx1cyBzw6ljdXJpc8OpZSAhIiBuYW1lPSJzdWJtaXQiIHNyYz0iaHR0cHM6Ly93d3cucGF5cGFsb2JqZWN0cy5jb20vZnJfQ0EvaS9idG4vYnRuX2NhcnRfTEcuZ2lmIiB0eXBlPSJpbWFnZSIgLz4NCjxpbWcgc3JjPSJodHRwczovL3d3dy5wYXlwYWxvYmplY3RzLmNvbS9mcl9DQS9pL3Njci9waXhlbC5naWYiIGFsdD0iIiB3aWR0aD0iMSIgaGVpZ2h0PSIxIiBib3JkZXI9IjAiIC8+DQoNCjwvZm9ybT4=\";s:6:\"format\";s:6:\"base64\";}s:22:\"package-string-7-10661\";a:3:{s:9:\"translate\";i:1;s:4:\"data\";s:3044:\"DQo8aDM+U8OpZHVpcmUgcG91ciBTJ8OpcGFub3VpcuKAiw0KPGk+RGF0ZSDDoCBkw6l0ZXJtaW5lcjwvaT48L2gzPg0KPGRpdiBjbGFzcz0iZGVzY19saXZyZSI+DQoNCkxhIHPDqWR1Y3Rpb24gZXN0IHVuZSBmb3JtZSBkZSBjb21tdW5pY2F0aW9uIGVudHJlIGRldXggcGVyc29ubmVzIHF1aSBz4oCZYXBwcmVuZCwgc+KAmWVudHJldGllbnQgZXQgc2UgcsOpaW52ZW50ZS4gVG91dGVmb2lzLCBjZXR0ZSDDqXZvbHV0aW9uIGRlIGxhIHPDqWR1Y3Rpb24gbuKAmWVzdCBwYXMgYXVzc2kgZmFjaWxlIHBvdXIgdG91dCBsZSBtb25kZS7CoCBBcHByZW5leiBsZXMgZGlmZsOpcmVudGVzIGZvcm1lcyBkZSBzw6lkdWN0aW9uIGV0IGxlcyBkeW5hbWlxdWVzIHF1aSBz4oCZaW5zdGFsbGVudCBkYW5zIHVuIGNvdXBsZSBldCBwb3V2YW50IG51aXJlIG91IGFpZGVyIHZvdHJlIHZpZSBzZXh1ZWxsZQ0KDQo8aHIgLz4NCjxwIHN0eWxlPSJ0ZXh0LWFsaWduOiBsZWZ0OyIgYWxpZ249ImNlbnRlciI+PGEgaHJlZj0iaHR0cDovL21vbnRyZWFsLmxlc2V4b2xvZ3VlLmNhLzIwMTQvMDkvY29uZmVyZW5jZS1zZWR1Y3Rpb24uaHRtbCNJbnNjcmlwdGlvbiI+PGI+SW5zY3JpcHRpb248L2I+PC9hPjwvcD4NCjxwIHN0eWxlPSJ0ZXh0LWFsaWduOiBsZWZ0OyIgYWxpZ249ImNlbnRlciI+PGI+PGEgaHJlZj0iaHR0cDovL21vbnRyZWFsLmxlc2V4b2xvZ3VlLmNhLzIwMTQvMDkvY29uZmVyZW5jZS1zZWR1Y3Rpb24uaHRtbCNJbmZvcm1hdGlvbnMiPkluZm9ybWF0aW9ucyBzdXIgbGUgY29uZsOpcmVuY2llcjwvYT48L2I+PC9wPg0KPHAgc3R5bGU9InRleHQtYWxpZ246IGxlZnQ7IiBhbGlnbj0iY2VudGVyIj48YSB0aXRsZT0iY29tbWVudGFpcmVzIiBocmVmPSJodHRwOi8vbW9udHJlYWwubGVzZXhvbG9ndWUuY2EvMjAxNC8wOS9jb25mZXJlbmNlLXNlZHVjdGlvbi5odG1sI2NvbW1lbnRhaXJlcyIgdGFyZ2V0PSIiPjxiPkNvbW1lbnRhaXJlcyBkZSBwYXJ0aWNpcGFudChlKXM8L2I+PC9hPjwvcD4NCg0KDQo8aHIgLz4NCg0KPHNwYW4gbGFuZz0iRlItQ0EiPlBvdXIgY2VydGFpbnMsIGxhIHPDqWR1Y3Rpb24gZXN0IG5hdHVyZWxsZS4gQydlc3QgdW4gY2hhcm1lIMOgIHJlbm91dmVsZXIgZHVyYW50IGxlcyBhbm7DqWVzIGRlIGZyw6lxdWVudGF0aW9uIGFtb3VyZXVzZSBldC9vdSBzZXh1ZWxsZS4gQWxvcnMgcXVlIHBvdXIgZCdhdXRyZXMsIGxhIHPDqWR1Y3Rpb24gZXN0IHNvdXJjZSBkZSBtYWxhaXNlIGV0IHByw6lmw6hyZXJvbnQgcydlbiBkw6liYXJyYXNzZXIgdW5lIGZvaXMgbGEgcmVsYXRpb24gw6l0YWJsaWUuIFBvdXJ0YW50LCB5IGEtdC1pbCByw6llbGxlbWVudCB1bmUgZmluIMOgIGxhIHPDqWR1Y3Rpb24gZGFucyB1biBjb3VwbGU/PC9zcGFuPg0KDQo8L2Rpdj4NCjxmb3JtIGFjdGlvbj0iaHR0cHM6Ly93d3cucGF5cGFsLmNvbS9jZ2ktYmluL3dlYnNjciIgbWV0aG9kPSJwb3N0IiB0YXJnZXQ9InBheXBhbCI+PGlucHV0IG5hbWU9ImNtZCIgdHlwZT0iaGlkZGVuIiB2YWx1ZT0iX3MteGNsaWNrIiAvPg0KPGlucHV0IG5hbWU9Imhvc3RlZF9idXR0b25faWQiIHR5cGU9ImhpZGRlbiIgdmFsdWU9Ik5OTjRBVzNaNTJSUVEiIC8+DQo8dGFibGU+DQo8dGJvZHk+DQo8dHI+DQo8dGQ+PGlucHV0IG5hbWU9Im9uMCIgdHlwZT0iaGlkZGVuIiB2YWx1ZT0iU8OpbGVjdGlvbiB2b3RyZSBvcHRpb24iIC8+U8OpbGVjdGlvbiB2b3RyZSBvcHRpb248L3RkPg0KPC90cj4NCjx0cj4NCjx0ZD48c2VsZWN0IG5hbWU9Im9zMCI+DQo8b3B0aW9uIHZhbHVlPSJJbmRpdmlkdSI+SW5kaXZpZHUgJDM1LDAwIENBRDwvb3B0aW9uPg0KPG9wdGlvbiB2YWx1ZT0iQ291cGxlIj5Db3VwbGUgJDYwLDAwIENBRDwvb3B0aW9uPg0KPC9zZWxlY3Q+PC90ZD4NCjwvdHI+DQo8L3Rib2R5Pg0KPC90YWJsZT4NCjxpbnB1dCBuYW1lPSJjdXJyZW5jeV9jb2RlIiB0eXBlPSJoaWRkZW4iIHZhbHVlPSJDQUQiIC8+DQo8aW5wdXQgYWx0PSJQYXlQYWwgLSBsYSBzb2x1dGlvbiBkZSBwYWllbWVudCBlbiBsaWduZSBsYSBwbHVzIHNpbXBsZSBldCBsYSBwbHVzIHPDqWN1cmlzw6llICEiIG5hbWU9InN1Ym1pdCIgc3JjPSJodHRwczovL3d3dy5wYXlwYWxvYmplY3RzLmNvbS9mcl9DQS9pL2J0bi9idG5fY2FydF9MRy5naWYiIHR5cGU9ImltYWdlIiAvPg0KPGltZyBzcmM9Imh0dHBzOi8vd3d3LnBheXBhbG9iamVjdHMuY29tL2ZyX0NBL2kvc2NyL3BpeGVsLmdpZiIgYWx0PSIiIHdpZHRoPSIxIiBoZWlnaHQ9IjEiIGJvcmRlcj0iMCIgLz4NCg0KPC9mb3JtPg==\";s:6:\"format\";s:6:\"base64\";}s:22:\"package-string-7-10660\";a:3:{s:9:\"translate\";i:1;s:4:\"data\";s:3296:\"DQo8aDM+UmV0cm91dmVyIGxlIGTDqXNpciBzZXh1ZWwgcGVyZHXigIsNCjxpPkRhdGUgw6AgZMOpdGVybWluZXI8L2k+PC9oMz4NCjxkaXYgY2xhc3M9ImRlc2NfbGl2cmUiPg0KPGRpdj4NCjxkaXY+VW5lIGNvbmbDqXJlbmNlIHN1ciBsYSBzZXh1YWxpdMOpIGRlcyBjb3VwbGVzIMOgIGxvbmcgdGVybWUgcXVpIHZvdXMgYXBwb3J0ZXJhIGRlcyBjb25uYWlzc2FuY2VzLCBkZXMgcsOpZmxleGlvbnMgZXQgdW5lIG5vdXZlbGxlIGNvbXByw6loZW5zaW9uIGRlIHZvdHJlIGR5bmFtaXF1ZSByZWxhdGlvbm5lbGxlLjwvZGl2Pg0KPGRpdj48c3BhbiBzdHlsZT0iY29sb3I6ICMyNjBkMjA7IGZvbnQtZmFtaWx5OiBMYXRvLHNhbnMtc2VyaWY7Ij7CoDwvc3Bhbj48L2Rpdj4NCjwvZGl2Pg0KPGRpdj4NCjxkaXY+DQoNCjxociAvPg0KDQo8L2Rpdj4NCjxkaXY+PHN0cm9uZz48YSBocmVmPSJodHRwOi8vbW9udHJlYWwubGVzZXhvbG9ndWUuY2EvMjAxNC8wNC9jb25mZXJlbmNlLW1haW50ZW5pci1sZS1kZXNpci1zZXh1ZWwuaHRtbCI+RGVzY3JpcHRpb24gZXQgb2JqZWN0aWZzPC9hPjwvc3Ryb25nPjwvZGl2Pg0KPGRpdj48c3Ryb25nPjxhIGhyZWY9Imh0dHA6Ly9tb250cmVhbC5sZXNleG9sb2d1ZS5jYS8yMDE0LzA0L2NvbmZlcmVuY2UtbWFpbnRlbmlyLWxlLWRlc2lyLXNleHVlbC5odG1sI2NvbmZlcmVuY2llciI+SW5mb3JtYXRpb25zIHN1ciBsZSBjb25mw6lyZW5jaWVyPC9hPjxhIGhyZWY9Imh0dHA6Ly9tb250cmVhbC5sZXNleG9sb2d1ZS5jYS8yMDE0LzA0L2NvbmZlcmVuY2UtbWFpbnRlbmlyLWxlLWRlc2lyLXNleHVlbC5odG1sI2NvbmZlcmVuY2llciI+DQo8L2E+PC9zdHJvbmc+PC9kaXY+DQo8ZGl2PjxzdHJvbmc+PGEgaHJlZj0iaHR0cDovL21vbnRyZWFsLmxlc2V4b2xvZ3VlLmNhLzIwMTQvMDQvY29uZmVyZW5jZS1tYWludGVuaXItbGUtZGVzaXItc2V4dWVsLmh0bWwjY29tbWVudGFpcmVzIj5Db21tZW50YWlyZXMgZGUgcGFydGljaXBhbnQoZSlzPC9hPjwvc3Ryb25nPjwvZGl2Pg0KPC9kaXY+DQo8ZGl2Pg0KDQo8aHIgLz4NCg0KPC9kaXY+DQo8ZGl2PjxzcGFuIHN0eWxlPSJjb2xvcjogIzU3NTc1NzsgZm9udC1mYW1pbHk6IFZlcmRhbmEsR2VuZXZhLHNhbnMtc2VyaWY7Ij7CoDwvc3Bhbj48L2Rpdj4NCjxkaXY+VG91cyBsZXMgY291cGxlcyBhdXJvbnQgdW4gam91ciBvdSBsJ2F1dHJlIGRlcyBkaWZmaWN1bHTDqXMgYXUgbml2ZWF1IHNleHVlbCBldCBwbHVzIHNww6ljaWZpcXVlbWVudCBwYXIgcmFwcG9ydCBhdSBkw6lzaXIgc2V4dWVsIGNoZXogdW4gb3UgbGVzIGRldXggcGFydGVuYWlyZXMuIExhIGNvbmbDqXJlbmNlIGFib3JkZXJhIGxlcyDDqWzDqW1lbnRzIMOgIMOpdml0ZXIgcG91ciDDqnRyZSBlbiBtZXN1cmUgZGUgdHJhdmVyc2VywqA8Yj5jZXR0ZSDDqXRhcGUgbm9ybWFsZSBldCBtw6ptZSBzb3VoYWl0YWJsZSBkZSB2b3RyZSBjb3VwbGU8L2I+LCBtYWlzIGF1c3NpIGNvbW1lbnQgcydlbiBzb3J0aXIgc2kgdm91cyDDqnRlcyBkw6lqw6AgcHJpcyBkYW5zIHVuIHRvdXJiaWxsb24gZGUgZMOpc2VzcG9pci48L2Rpdj4NCjxkaXY+PC9kaXY+DQo8L2Rpdj4NCjxmb3JtIGFjdGlvbj0iaHR0cHM6Ly93d3cucGF5cGFsLmNvbS9jZ2ktYmluL3dlYnNjciIgbWV0aG9kPSJwb3N0IiB0YXJnZXQ9InBheXBhbCI+PGlucHV0IG5hbWU9ImNtZCIgdHlwZT0iaGlkZGVuIiB2YWx1ZT0iX3MteGNsaWNrIiAvPg0KPGlucHV0IG5hbWU9Imhvc3RlZF9idXR0b25faWQiIHR5cGU9ImhpZGRlbiIgdmFsdWU9Ikw0R0VNWUZHSDJXVjQiIC8+DQo8dGFibGU+DQo8dGJvZHk+DQo8dHI+DQo8dGQ+PGlucHV0IG5hbWU9Im9uMCIgdHlwZT0iaGlkZGVuIiB2YWx1ZT0iU8OpbGVjdGlvbiB2b3RyZSBvcHRpb24iIC8+U8OpbGVjdGlvbiB2b3RyZSBvcHRpb248L3RkPg0KPC90cj4NCjx0cj4NCjx0ZD48c2VsZWN0IG5hbWU9Im9zMCI+DQo8b3B0aW9uIHZhbHVlPSJJbmRpdmlkdSI+SW5kaXZpZHUgJDM1LDAwIENBRDwvb3B0aW9uPg0KPG9wdGlvbiB2YWx1ZT0iQ291cGxlIj5Db3VwbGUgJDYwLDAwIENBRDwvb3B0aW9uPg0KPC9zZWxlY3Q+PC90ZD4NCjwvdHI+DQo8L3Rib2R5Pg0KPC90YWJsZT4NCjxpbnB1dCBuYW1lPSJjdXJyZW5jeV9jb2RlIiB0eXBlPSJoaWRkZW4iIHZhbHVlPSJDQUQiIC8+DQo8aW5wdXQgYWx0PSJQYXlQYWwgLSBsYSBzb2x1dGlvbiBkZSBwYWllbWVudCBlbiBsaWduZSBsYSBwbHVzIHNpbXBsZSBldCBsYSBwbHVzIHPDqWN1cmlzw6llICEiIG5hbWU9InN1Ym1pdCIgc3JjPSJodHRwczovL3d3dy5wYXlwYWxvYmplY3RzLmNvbS9mcl9DQS9pL2J0bi9idG5fY2FydF9MRy5naWYiIHR5cGU9ImltYWdlIiAvPg0KPGltZyBzcmM9Imh0dHBzOi8vd3d3LnBheXBhbG9iamVjdHMuY29tL2ZyX0NBL2kvc2NyL3BpeGVsLmdpZiIgYWx0PSIiIHdpZHRoPSIxIiBoZWlnaHQ9IjEiIGJvcmRlcj0iMCIgLz4NCg0KPC9mb3JtPg==\";s:6:\"format\";s:6:\"base64\";}s:21:\"package-string-7-9103\";a:3:{s:9:\"translate\";i:1;s:4:\"data\";s:860:\"DQo8aDE+PHN0cm9uZz5Wb3RyZSBiaWVuLcOqdHJlIHNleHVlbCB2b3VzIGFwcGFydGllbnQsIGFwcHJvcHJpZXotdm91cyBsZSE8L3N0cm9uZz48L2gxPg0KTGVzIGF0ZWxpZXJzLCBjb25mw6lyZW5jZXMgZXQgZm9ybWF0aW9ucyB2aXNlbnQgw6AgYW3DqWxpb3JlciBsZSBiaWVuLcOqdHJlIHNleHVlbCBkZXMgcGVyc29ubmVzIGVuIGV4cGxvcmFudCBkaXZlcnMgYXNwZWN0cyBkZSBsYSBzZXh1YWxpdMOpLiBEZXMgYWN0aXZpdMOpcyBhaWRhbnQgw6AgbGEgcsOpYXBwcm9wcmlhdGlvbiBkdSBjb3JwcywgZGVzIGRpc2N1c3Npb25zIGVucmljaGlzc2FudGVzLCBkZXMgYWN0aXZpdMOpcyBwb3VyIHN0aW11bGVyIGxhIHLDqWZsZXhpb24gcGVyc29ubmVsbGUgZXQgZGUgY291cGxlIGFpbnNpIHF1ZSBkZSBsYSBjcm9pc3NhbmNlIHBlcnNvbm5lbGxlIHNvbnQgYXUgbWVudS4gTidow6lzaXRleiBwYXMgw6AgY29tbXVuaXF1ZXIgcGFyIGNvdXJyaWVsIG91IHBhciB0w6lsw6lwaG9uZSBwb3VyIGRlIHBsdXMgYW1wbGVzIGluZm9ybWF0aW9ucyBzb3VzIGxhIHJ1YnJpcXVlIDxhIGhyZWY9Imh0dHA6Ly9sZXNleG9sb2d1ZS5jYS9jb250YWN0Ij5DT05UQUNUPC9hPi4NCg0KJm5ic3A7DQo8aDI+Tm9zIGNvbmbDqXJlbmNlczwvaDI+DQo=\";s:6:\"format\";s:6:\"base64\";}s:22:\"package-string-7-10656\";a:3:{s:9:\"translate\";i:1;s:4:\"data\";s:860:\"DQo8aDE+PHN0cm9uZz5Wb3RyZSBiaWVuLcOqdHJlIHNleHVlbCB2b3VzIGFwcGFydGllbnQsIGFwcHJvcHJpZXotdm91cyBsZSE8L3N0cm9uZz48L2gxPg0KTGVzIGF0ZWxpZXJzLCBjb25mw6lyZW5jZXMgZXQgZm9ybWF0aW9ucyB2aXNlbnQgw6AgYW3DqWxpb3JlciBsZSBiaWVuLcOqdHJlIHNleHVlbCBkZXMgcGVyc29ubmVzIGVuIGV4cGxvcmFudCBkaXZlcnMgYXNwZWN0cyBkZSBsYSBzZXh1YWxpdMOpLiBEZXMgYWN0aXZpdMOpcyBhaWRhbnQgw6AgbGEgcsOpYXBwcm9wcmlhdGlvbiBkdSBjb3JwcywgZGVzIGRpc2N1c3Npb25zIGVucmljaGlzc2FudGVzLCBkZXMgYWN0aXZpdMOpcyBwb3VyIHN0aW11bGVyIGxhIHLDqWZsZXhpb24gcGVyc29ubmVsbGUgZXQgZGUgY291cGxlIGFpbnNpIHF1ZSBkZSBsYSBjcm9pc3NhbmNlIHBlcnNvbm5lbGxlIHNvbnQgYXUgbWVudS4gTidow6lzaXRleiBwYXMgw6AgY29tbXVuaXF1ZXIgcGFyIGNvdXJyaWVsIG91IHBhciB0w6lsw6lwaG9uZSBwb3VyIGRlIHBsdXMgYW1wbGVzIGluZm9ybWF0aW9ucyBzb3VzIGxhIHJ1YnJpcXVlIDxhIGhyZWY9Ii8/cGFnZV9pZD0xNjciPkNPTlRBQ1Q8L2E+Lg0KDQombmJzcDsNCjxoMj5EZXMgY29uZsOpcmVuY2VzIHBhciB1biBzZXhvbG9ndWU8L2gyPg0K\";s:6:\"format\";s:6:\"base64\";}s:22:\"package-string-7-10657\";a:3:{s:9:\"translate\";i:1;s:4:\"data\";s:2104:\"DQo8aDM+UmV0cm91dmVyIGxlIGTDqXNpciBzZXh1ZWwgcGVyZHXigIsNCjxpPkRhdGUgw6AgZMOpdGVybWluZXI8L2k+PC9oMz4NCjxkaXYgY2xhc3M9ImRlc2NfbGl2cmUiPg0KPGRpdj4NCjxkaXY+VW5lIGNvbmbDqXJlbmNlIHN1ciBsYSBzZXh1YWxpdMOpIGRlcyBjb3VwbGVzIMOgIGxvbmcgdGVybWUgcXVpIHZvdXMgYXBwb3J0ZXJhIGRlcyBjb25uYWlzc2FuY2VzLCBkZXMgcsOpZmxleGlvbnMgZXQgdW5lIG5vdXZlbGxlIGNvbXByw6loZW5zaW9uIGRlIHZvdHJlIGR5bmFtaXF1ZSByZWxhdGlvbm5lbGxlLjwvZGl2Pg0KPGRpdj48c3BhbiBzdHlsZT0iY29sb3I6ICMyNjBkMjA7IGZvbnQtZmFtaWx5OiBMYXRvLHNhbnMtc2VyaWY7Ij7CoDwvc3Bhbj48L2Rpdj4NCjwvZGl2Pg0KPGRpdj4NCjxkaXY+DQoNCjxociAvPg0KDQo8L2Rpdj4NCjxkaXY+PHN0cm9uZz48YSBocmVmPSJodHRwOi8vbW9udHJlYWwubGVzZXhvbG9ndWUuY2EvMjAxNC8wNC9jb25mZXJlbmNlLW1haW50ZW5pci1sZS1kZXNpci1zZXh1ZWwuaHRtbCNpbnNjcmlwdGlvbnMiPkluc2NyaXB0aW9uczwvYT48L3N0cm9uZz48L2Rpdj4NCjxkaXY+PHN0cm9uZz48YSBocmVmPSJodHRwOi8vbW9udHJlYWwubGVzZXhvbG9ndWUuY2EvMjAxNC8wNC9jb25mZXJlbmNlLW1haW50ZW5pci1sZS1kZXNpci1zZXh1ZWwuaHRtbCNjb25mZXJlbmNpZXIiPkluZm9ybWF0aW9ucyBzdXIgbGUgY29uZsOpcmVuY2llcjwvYT48YSBocmVmPSJodHRwOi8vbW9udHJlYWwubGVzZXhvbG9ndWUuY2EvMjAxNC8wNC9jb25mZXJlbmNlLW1haW50ZW5pci1sZS1kZXNpci1zZXh1ZWwuaHRtbCNjb25mZXJlbmNpZXIiPg0KPC9hPjwvc3Ryb25nPjwvZGl2Pg0KPGRpdj48c3Ryb25nPjxhIGhyZWY9Imh0dHA6Ly9tb250cmVhbC5sZXNleG9sb2d1ZS5jYS8yMDE0LzA0L2NvbmZlcmVuY2UtbWFpbnRlbmlyLWxlLWRlc2lyLXNleHVlbC5odG1sI2NvbW1lbnRhaXJlcyI+Q29tbWVudGFpcmVzIGRlIHBhcnRpY2lwYW50KGUpczwvYT48L3N0cm9uZz48L2Rpdj4NCjwvZGl2Pg0KPGRpdj4NCg0KPGhyIC8+DQoNCjwvZGl2Pg0KPGRpdj48c3BhbiBzdHlsZT0iY29sb3I6ICM1NzU3NTc7IGZvbnQtZmFtaWx5OiBWZXJkYW5hLEdlbmV2YSxzYW5zLXNlcmlmOyI+wqA8L3NwYW4+PC9kaXY+DQo8ZGl2PlRvdXMgbGVzIGNvdXBsZXMgYXVyb250IHVuIGpvdXIgb3UgbCdhdXRyZSBkZXMgZGlmZmljdWx0w6lzIGF1IG5pdmVhdSBzZXh1ZWwgZXQgcGx1cyBzcMOpY2lmaXF1ZW1lbnQgcGFyIHJhcHBvcnQgYXUgZMOpc2lyIHNleHVlbCBjaGV6IHVuIG91IGxlcyBkZXV4IHBhcnRlbmFpcmVzLiBMYSBjb25mw6lyZW5jZSBhYm9yZGVyYSBsZXMgw6lsw6ltZW50cyDDoCDDqXZpdGVyIHBvdXIgw6p0cmUgZW4gbWVzdXJlIGRlIHRyYXZlcnNlcsKgPGI+Y2V0dGUgw6l0YXBlIG5vcm1hbGUgZXQgbcOqbWUgc291aGFpdGFibGUgZGUgdm90cmUgY291cGxlPC9iPiwgbWFpcyBhdXNzaSBjb21tZW50IHMnZW4gc29ydGlyIHNpIHZvdXMgw6p0ZXMgZMOpasOgIHByaXMgZGFucyB1biB0b3VyYmlsbG9uIGRlIGTDqXNlc3BvaXIuPC9kaXY+DQo8L2Rpdj4NCg==\";s:6:\"format\";s:6:\"base64\";}s:22:\"package-string-7-10658\";a:3:{s:9:\"translate\";i:1;s:4:\"data\";s:1868:\"DQo8aDM+U8OpZHVpcmUgcG91ciBTJ8OpcGFub3VpcuKAiw0KPGk+RGF0ZSDDoCBkw6l0ZXJtaW5lcjwvaT48L2gzPg0KPGRpdiBjbGFzcz0iZGVzY19saXZyZSI+DQoNCkxhIHPDqWR1Y3Rpb24gZXN0IHVuZSBmb3JtZSBkZSBjb21tdW5pY2F0aW9uIGVudHJlIGRldXggcGVyc29ubmVzIHF1aSBz4oCZYXBwcmVuZCwgc+KAmWVudHJldGllbnQgZXQgc2UgcsOpaW52ZW50ZS4gVG91dGVmb2lzLCBjZXR0ZSDDqXZvbHV0aW9uIGRlIGxhIHPDqWR1Y3Rpb24gbuKAmWVzdCBwYXMgYXVzc2kgZmFjaWxlIHBvdXIgdG91dCBsZSBtb25kZS7CoCBBcHByZW5leiBsZXMgZGlmZsOpcmVudGVzIGZvcm1lcyBkZSBzw6lkdWN0aW9uIGV0IGxlcyBkeW5hbWlxdWVzIHF1aSBz4oCZaW5zdGFsbGVudCBkYW5zIHVuIGNvdXBsZSBldCBwb3V2YW50IG51aXJlIG91IGFpZGVyIHZvdHJlIHZpZSBzZXh1ZWxsZQ0KDQo8aHIgLz4NCjxwIHN0eWxlPSJ0ZXh0LWFsaWduOiBsZWZ0OyIgYWxpZ249ImNlbnRlciI+PGEgaHJlZj0iaHR0cDovL21vbnRyZWFsLmxlc2V4b2xvZ3VlLmNhLzIwMTQvMDkvY29uZmVyZW5jZS1zZWR1Y3Rpb24uaHRtbCNJbnNjcmlwdGlvbiI+PGI+SW5zY3JpcHRpb248L2I+PC9hPjwvcD4NCjxwIHN0eWxlPSJ0ZXh0LWFsaWduOiBsZWZ0OyIgYWxpZ249ImNlbnRlciI+PGI+PGEgaHJlZj0iaHR0cDovL21vbnRyZWFsLmxlc2V4b2xvZ3VlLmNhLzIwMTQvMDkvY29uZmVyZW5jZS1zZWR1Y3Rpb24uaHRtbCNJbmZvcm1hdGlvbnMiPkluZm9ybWF0aW9ucyBzdXIgbGUgY29uZsOpcmVuY2llcjwvYT48L2I+PC9wPg0KPHAgc3R5bGU9InRleHQtYWxpZ246IGxlZnQ7IiBhbGlnbj0iY2VudGVyIj48YSB0aXRsZT0iY29tbWVudGFpcmVzIiBocmVmPSJodHRwOi8vbW9udHJlYWwubGVzZXhvbG9ndWUuY2EvMjAxNC8wOS9jb25mZXJlbmNlLXNlZHVjdGlvbi5odG1sI2NvbW1lbnRhaXJlcyIgdGFyZ2V0PSIiPjxiPkNvbW1lbnRhaXJlcyBkZSBwYXJ0aWNpcGFudChlKXM8L2I+PC9hPjwvcD4NCg0KDQo8aHIgLz4NCg0KPHNwYW4gbGFuZz0iRlItQ0EiPlBvdXIgY2VydGFpbnMsIGxhIHPDqWR1Y3Rpb24gZXN0IG5hdHVyZWxsZS4gQydlc3QgdW4gY2hhcm1lIMOgIHJlbm91dmVsZXIgZHVyYW50IGxlcyBhbm7DqWVzIGRlIGZyw6lxdWVudGF0aW9uIGFtb3VyZXVzZSBldC9vdSBzZXh1ZWxsZS4gQWxvcnMgcXVlIHBvdXIgZCdhdXRyZXMsIGxhIHPDqWR1Y3Rpb24gZXN0IHNvdXJjZSBkZSBtYWxhaXNlIGV0IHByw6lmw6hyZXJvbnQgcydlbiBkw6liYXJyYXNzZXIgdW5lIGZvaXMgbGEgcmVsYXRpb24gw6l0YWJsaWUuIFBvdXJ0YW50LCB5IGEtdC1pbCByw6llbGxlbWVudCB1bmUgZmluIMOgIGxhIHPDqWR1Y3Rpb24gZGFucyB1biBjb3VwbGU/PC9zcGFuPg0KDQo8L2Rpdj4NCg==\";s:6:\"format\";s:6:\"base64\";}s:22:\"package-string-7-10659\";a:3:{s:9:\"translate\";i:1;s:4:\"data\";s:1688:\"DQo8aDM+RmFpdGUgcmV2aXZyZSB2b3RyZSBzZXh1YWxpdMOp4oCLDQo8aT5EYXRlIMOgIGTDqXRlcm1pbmVyPC9pPjwvaDM+DQo8ZGl2IGNsYXNzPSJkZXNjX2xpdnJlIj4NCjxkaXY+SWwgbidlc3QgcGFzIHJhcmUgcXVlIGxhIHNleHVhbGl0w6kgYXByw6hzIHF1ZWxxdWVzIG1vaXMgb3UgYW5uw6llcyBkYW5zIHVuIGNvdXBsZSBkZXZpZW5uZSBtb2lucyBwYWxwaXRhbnRlLiBMYSByb3V0aW5lLCBsYSBwcsOpdmlzaWJpbGl0w6kgZXQgbGEgcmVkb25kYW5jZSBzJ2luc3RhbGxlIMOgIGNvdXAgZGUgbWFydGVhdS4gTGEgc3BvbnRhbsOpaXTDqSBldCBsZSBzZW5zIGRlIGwnYXZlbnR1cmUgYXUgbGl0IG9udCBxdWFzaW1lbnQgb3UgY29tcGzDqHRlbWVudCBkaXNwYXJ1ZS4gwqBMYSB2aWUgc2V4dWVsbGUgZHUgY291cGxlIHMnZXN0b21wZSBldCBsYSBzYXRpc2ZhY3Rpb24gc2V4dWVsbGUgbidlc3QgcGx1cyBhdSByZW5kZXotdm91cy48L2Rpdj4NCjxkaXY+PC9kaXY+DQo8ZGl2Pg0KDQo8aHIgLz4NCg0KPC9kaXY+DQo8ZGl2PjwvZGl2Pg0KPGRpdj48L2Rpdj4NCjxkaXY+PHN0cm9uZz48YSB0aXRsZT0iaW5zY3JpcHRpb2luIiBocmVmPSJodHRwOi8vbW9udHJlYWwubGVzZXhvbG9ndWUuY2EvMjAxNC8xMi9jb25mZXJlbmNlLXNhdGlzZmFjdGlvbi1zZXh1ZWxsZS5odG1sI0luc2NyaXB0aW9uIiB0YXJnZXQ9IiI+SW5zY3JpcHRpb248L2E+PC9zdHJvbmc+PC9kaXY+DQo8ZGl2PjxzdHJvbmc+PGEgdGl0bGU9ImluZm9ybWF0aW9ucyBjb25mw6lyZW5jaWVyIiBocmVmPSJodHRwOi8vbW9udHJlYWwubGVzZXhvbG9ndWUuY2EvMjAxNC8xMi9jb25mZXJlbmNlLXNhdGlzZmFjdGlvbi1zZXh1ZWxsZS5odG1sI0luZm9ybWF0aW9ucyIgdGFyZ2V0PSIiPkluZm9ybWF0aW9ucyBzdXIgbGUgY29uZsOpcmVuY2llcjwvYT48L3N0cm9uZz48L2Rpdj4NCjxkaXY+PC9kaXY+DQo8ZGl2Pg0KDQo8aHIgLz4NCg0KPC9kaXY+DQo8ZGl2PjwvZGl2Pg0KPGRpdj5JbCBleGlzdGUgw6l2aWRlbW1lbnQgZGVzIHNvbHV0aW9ucyDDoCBjZXMgZGlmZmljdWx0w6lzLCBtYWlzIGlsIGZhdXQgw6p0cmUgcHLDqnQgw6AgcydpbnZlc3RpciBlbiBzb2kgZXQgc29uIGNvdXBsZSBwb3VyIHBhc3NlciBhdSBwcm9jaGFpbiBuaXZlYXUgZGUgc29uIGTDqXZlbG9wcGVtZW50IHNleHVlbGxlIHBvdXIgcmV0cm91dmVyIGxhIHBhc3Npb24sIGxhIHNlbnN1YWxpdMOpIGV0IGwnw6lyb3Rpc21lIGRhbnMgbm90cmUgY291cGxlLjwvZGl2Pg0KPC9kaXY+DQo=\";s:6:\"format\";s:6:\"base64\";}s:22:\"package-string-7-10663\";a:3:{s:9:\"translate\";i:1;s:4:\"data\";s:3040:\"DQo8aDM+U8OpZHVpcmUgcG91ciBTJ8OpcGFub3VpcuKAiw0KPGk+RGF0ZSDDoCBkw6l0ZXJtaW5lcjwvaT48L2gzPg0KPGRpdiBjbGFzcz0iZGVzY19saXZyZSI+DQoNCkxhIHPDqWR1Y3Rpb24gZXN0IHVuZSBmb3JtZSBkZSBjb21tdW5pY2F0aW9uIGVudHJlIGRldXggcGVyc29ubmVzIHF1aSBz4oCZYXBwcmVuZCwgc+KAmWVudHJldGllbnQgZXQgc2UgcsOpaW52ZW50ZS4gVG91dGVmb2lzLCBjZXR0ZSDDqXZvbHV0aW9uIGRlIGxhIHPDqWR1Y3Rpb24gbuKAmWVzdCBwYXMgYXVzc2kgZmFjaWxlIHBvdXIgdG91dCBsZSBtb25kZS7CoCBBcHByZW5leiBsZXMgZGlmZsOpcmVudGVzIGZvcm1lcyBkZSBzw6lkdWN0aW9uIGV0IGxlcyBkeW5hbWlxdWVzIHF1aSBz4oCZaW5zdGFsbGVudCBkYW5zIHVuIGNvdXBsZSBldCBwb3V2YW50IG51aXJlIG91IGFpZGVyIHZvdHJlIHZpZSBzZXh1ZWxsZQ0KDQo8aHIgLz4NCjxwIHN0eWxlPSJ0ZXh0LWFsaWduOiBsZWZ0OyIgYWxpZ249ImNlbnRlciI+PGEgaHJlZj0iaHR0cDovL21vbnRyZWFsLmxlc2V4b2xvZ3VlLmNhLzIwMTQvMDkvY29uZmVyZW5jZS1zZWR1Y3Rpb24uaHRtbCI+PGI+RMOpdGFpbHMgZXQgb2JqZWN0aWZzPC9iPjwvYT48L3A+DQo8cCBzdHlsZT0idGV4dC1hbGlnbjogbGVmdDsiIGFsaWduPSJjZW50ZXIiPjxiPjxhIGhyZWY9Imh0dHA6Ly9tb250cmVhbC5sZXNleG9sb2d1ZS5jYS8yMDE0LzA5L2NvbmZlcmVuY2Utc2VkdWN0aW9uLmh0bWwjSW5mb3JtYXRpb25zIj5JbmZvcm1hdGlvbnMgc3VyIGxlIGNvbmbDqXJlbmNpZXI8L2E+PC9iPjwvcD4NCjxwIHN0eWxlPSJ0ZXh0LWFsaWduOiBsZWZ0OyIgYWxpZ249ImNlbnRlciI+PGEgdGl0bGU9ImNvbW1lbnRhaXJlcyIgaHJlZj0iaHR0cDovL21vbnRyZWFsLmxlc2V4b2xvZ3VlLmNhLzIwMTQvMDkvY29uZmVyZW5jZS1zZWR1Y3Rpb24uaHRtbCNjb21tZW50YWlyZXMiIHRhcmdldD0iIj48Yj5Db21tZW50YWlyZXMgZGUgcGFydGljaXBhbnQoZSlzPC9iPjwvYT48L3A+DQoNCg0KPGhyIC8+DQoNCjxzcGFuIGxhbmc9IkZSLUNBIj5Qb3VyIGNlcnRhaW5zLCBsYSBzw6lkdWN0aW9uIGVzdCBuYXR1cmVsbGUuIEMnZXN0IHVuIGNoYXJtZSDDoCByZW5vdXZlbGVyIGR1cmFudCBsZXMgYW5uw6llcyBkZSBmcsOpcXVlbnRhdGlvbiBhbW91cmV1c2UgZXQvb3Ugc2V4dWVsbGUuIEFsb3JzIHF1ZSBwb3VyIGQnYXV0cmVzLCBsYSBzw6lkdWN0aW9uIGVzdCBzb3VyY2UgZGUgbWFsYWlzZSBldCBwcsOpZsOocmVyb250IHMnZW4gZMOpYmFycmFzc2VyIHVuZSBmb2lzIGxhIHJlbGF0aW9uIMOpdGFibGllLiBQb3VydGFudCwgeSBhLXQtaWwgcsOpZWxsZW1lbnQgdW5lIGZpbiDDoCBsYSBzw6lkdWN0aW9uIGRhbnMgdW4gY291cGxlPzwvc3Bhbj4NCg0KPC9kaXY+DQo8Zm9ybSBhY3Rpb249Imh0dHBzOi8vd3d3LnBheXBhbC5jb20vY2dpLWJpbi93ZWJzY3IiIG1ldGhvZD0icG9zdCIgdGFyZ2V0PSJwYXlwYWwiPjxpbnB1dCBuYW1lPSJjbWQiIHR5cGU9ImhpZGRlbiIgdmFsdWU9Il9zLXhjbGljayIgLz4NCjxpbnB1dCBuYW1lPSJob3N0ZWRfYnV0dG9uX2lkIiB0eXBlPSJoaWRkZW4iIHZhbHVlPSJOTk40QVczWjUyUlFRIiAvPg0KPHRhYmxlPg0KPHRib2R5Pg0KPHRyPg0KPHRkPjxpbnB1dCBuYW1lPSJvbjAiIHR5cGU9ImhpZGRlbiIgdmFsdWU9IlPDqWxlY3Rpb24gdm90cmUgb3B0aW9uIiAvPlPDqWxlY3Rpb24gdm90cmUgb3B0aW9uPC90ZD4NCjwvdHI+DQo8dHI+DQo8dGQ+PHNlbGVjdCBuYW1lPSJvczAiPg0KPG9wdGlvbiB2YWx1ZT0iSW5kaXZpZHUiPkluZGl2aWR1ICQzNSwwMCBDQUQ8L29wdGlvbj4NCjxvcHRpb24gdmFsdWU9IkNvdXBsZSI+Q291cGxlICQ2MCwwMCBDQUQ8L29wdGlvbj4NCjwvc2VsZWN0PjwvdGQ+DQo8L3RyPg0KPC90Ym9keT4NCjwvdGFibGU+DQo8aW5wdXQgbmFtZT0iY3VycmVuY3lfY29kZSIgdHlwZT0iaGlkZGVuIiB2YWx1ZT0iQ0FEIiAvPg0KPGlucHV0IGFsdD0iUGF5UGFsIC0gbGEgc29sdXRpb24gZGUgcGFpZW1lbnQgZW4gbGlnbmUgbGEgcGx1cyBzaW1wbGUgZXQgbGEgcGx1cyBzw6ljdXJpc8OpZSAhIiBuYW1lPSJzdWJtaXQiIHNyYz0iaHR0cHM6Ly93d3cucGF5cGFsb2JqZWN0cy5jb20vZnJfQ0EvaS9idG4vYnRuX2NhcnRfTEcuZ2lmIiB0eXBlPSJpbWFnZSIgLz4NCjxpbWcgc3JjPSJodHRwczovL3d3dy5wYXlwYWxvYmplY3RzLmNvbS9mcl9DQS9pL3Njci9waXhlbC5naWYiIGFsdD0iIiB3aWR0aD0iMSIgaGVpZ2h0PSIxIiBib3JkZXI9IjAiIC8+DQoNCjwvZm9ybT4=\";s:6:\"format\";s:6:\"base64\";}s:22:\"package-string-7-10664\";a:3:{s:9:\"translate\";i:1;s:4:\"data\";s:2860:\"DQo8aDM+RmFpdGUgcmV2aXZyZSB2b3RyZSBzZXh1YWxpdMOp4oCLDQo8aT5EYXRlIMOgIGTDqXRlcm1pbmVyPC9pPjwvaDM+DQo8ZGl2IGNsYXNzPSJkZXNjX2xpdnJlIj4NCjxkaXY+SWwgbidlc3QgcGFzIHJhcmUgcXVlIGxhIHNleHVhbGl0w6kgYXByw6hzIHF1ZWxxdWVzIG1vaXMgb3UgYW5uw6llcyBkYW5zIHVuIGNvdXBsZSBkZXZpZW5uZSBtb2lucyBwYWxwaXRhbnRlLiBMYSByb3V0aW5lLCBsYSBwcsOpdmlzaWJpbGl0w6kgZXQgbGEgcmVkb25kYW5jZSBzJ2luc3RhbGxlIMOgIGNvdXAgZGUgbWFydGVhdS4gTGEgc3BvbnRhbsOpaXTDqSBldCBsZSBzZW5zIGRlIGwnYXZlbnR1cmUgYXUgbGl0IG9udCBxdWFzaW1lbnQgb3UgY29tcGzDqHRlbWVudCBkaXNwYXJ1ZS4gwqBMYSB2aWUgc2V4dWVsbGUgZHUgY291cGxlIHMnZXN0b21wZSBldCBsYSBzYXRpc2ZhY3Rpb24gc2V4dWVsbGUgbidlc3QgcGx1cyBhdSByZW5kZXotdm91cy48L2Rpdj4NCjxkaXY+PC9kaXY+DQo8ZGl2Pg0KDQo8aHIgLz4NCg0KPC9kaXY+DQo8ZGl2PjwvZGl2Pg0KPGRpdj48L2Rpdj4NCjxkaXY+PHN0cm9uZz48YSB0aXRsZT0iaW5zY3JpcHRpb2luIiBocmVmPSJodHRwOi8vbW9udHJlYWwubGVzZXhvbG9ndWUuY2EvMjAxNC8xMi9jb25mZXJlbmNlLXNhdGlzZmFjdGlvbi1zZXh1ZWxsZS5odG1sIiB0YXJnZXQ9IiI+RMOpdGFpbHMgZXQgb2JqZWN0aWZzPC9hPjwvc3Ryb25nPjwvZGl2Pg0KPGRpdj48c3Ryb25nPjxhIHRpdGxlPSJpbmZvcm1hdGlvbnMgY29uZsOpcmVuY2llciIgaHJlZj0iaHR0cDovL21vbnRyZWFsLmxlc2V4b2xvZ3VlLmNhLzIwMTQvMTIvY29uZmVyZW5jZS1zYXRpc2ZhY3Rpb24tc2V4dWVsbGUuaHRtbCNJbmZvcm1hdGlvbnMiIHRhcmdldD0iIj5JbmZvcm1hdGlvbnMgc3VyIGxlIGNvbmbDqXJlbmNpZXI8L2E+PC9zdHJvbmc+PC9kaXY+DQo8ZGl2PjwvZGl2Pg0KPGRpdj4NCg0KPGhyIC8+DQoNCjwvZGl2Pg0KPGRpdj48L2Rpdj4NCjxkaXY+SWwgZXhpc3RlIMOpdmlkZW1tZW50IGRlcyBzb2x1dGlvbnMgw6AgY2VzIGRpZmZpY3VsdMOpcywgbWFpcyBpbCBmYXV0IMOqdHJlIHByw6p0IMOgIHMnaW52ZXN0aXIgZW4gc29pIGV0IHNvbiBjb3VwbGUgcG91ciBwYXNzZXIgYXUgcHJvY2hhaW4gbml2ZWF1IGRlIHNvbiBkw6l2ZWxvcHBlbWVudCBzZXh1ZWxsZSBwb3VyIHJldHJvdXZlciBsYSBwYXNzaW9uLCBsYSBzZW5zdWFsaXTDqSBldCBsJ8Opcm90aXNtZSBkYW5zIG5vdHJlIGNvdXBsZS48L2Rpdj4NCjwvZGl2Pg0KPGZvcm0gYWN0aW9uPSJodHRwczovL3d3dy5wYXlwYWwuY29tL2NnaS1iaW4vd2Vic2NyIiBtZXRob2Q9InBvc3QiIHRhcmdldD0icGF5cGFsIj48aW5wdXQgbmFtZT0iY21kIiB0eXBlPSJoaWRkZW4iIHZhbHVlPSJfcy14Y2xpY2siIC8+DQo8aW5wdXQgbmFtZT0iaG9zdGVkX2J1dHRvbl9pZCIgdHlwZT0iaGlkZGVuIiB2YWx1ZT0iVVBKS0tEQkJVUlY5TCIgLz4NCjx0YWJsZT4NCjx0Ym9keT4NCjx0cj4NCjx0ZD48aW5wdXQgbmFtZT0ib24wIiB0eXBlPSJoaWRkZW4iIHZhbHVlPSJTw6lsZWN0aW9uIHZvdHJlIG9wdGlvbiIgLz5Tw6lsZWN0aW9uIHZvdHJlIG9wdGlvbjwvdGQ+DQo8L3RyPg0KPHRyPg0KPHRkPjxzZWxlY3QgbmFtZT0ib3MwIj4NCjxvcHRpb24gdmFsdWU9IkluZGl2aWR1Ij5JbmRpdmlkdSAkMzUsMDAgQ0FEPC9vcHRpb24+DQo8b3B0aW9uIHZhbHVlPSJDb3VwbGUiPkNvdXBsZSAkNjAsMDAgQ0FEPC9vcHRpb24+DQo8L3NlbGVjdD48L3RkPg0KPC90cj4NCjwvdGJvZHk+DQo8L3RhYmxlPg0KPGlucHV0IG5hbWU9ImN1cnJlbmN5X2NvZGUiIHR5cGU9ImhpZGRlbiIgdmFsdWU9IkNBRCIgLz4NCjxpbnB1dCBhbHQ9IlBheVBhbCAtIGxhIHNvbHV0aW9uIGRlIHBhaWVtZW50IGVuIGxpZ25lIGxhIHBsdXMgc2ltcGxlIGV0IGxhIHBsdXMgc8OpY3VyaXPDqWUgISIgbmFtZT0ic3VibWl0IiBzcmM9Imh0dHBzOi8vd3d3LnBheXBhbG9iamVjdHMuY29tL2ZyX0NBL2kvYnRuL2J0bl9jYXJ0X0xHLmdpZiIgdHlwZT0iaW1hZ2UiIC8+DQo8aW1nIHNyYz0iaHR0cHM6Ly93d3cucGF5cGFsb2JqZWN0cy5jb20vZnJfQ0EvaS9zY3IvcGl4ZWwuZ2lmIiBhbHQ9IiIgd2lkdGg9IjEiIGhlaWdodD0iMSIgYm9yZGVyPSIwIiAvPg0KDQo8L2Zvcm0+\";s:6:\"format\";s:6:\"base64\";}s:22:\"package-string-7-10665\";a:3:{s:9:\"translate\";i:1;s:4:\"data\";s:2908:\"DQo8aDM+RmFpdGUgcmV2aXZyZSB2b3RyZSBzZXh1YWxpdMOp4oCLOiBQcsOpc2VuY2UgJmFtcDsgY29ubmV4aW9uIHNleHVlbGxlDQo8aT5EYXRlIMOgIGTDqXRlcm1pbmVyPC9pPjwvaDM+DQo8ZGl2IGNsYXNzPSJkZXNjX2xpdnJlIj4NCjxkaXY+SWwgbidlc3QgcGFzIHJhcmUgcXVlIGxhIHNleHVhbGl0w6kgYXByw6hzIHF1ZWxxdWVzIG1vaXMgb3UgYW5uw6llcyBkYW5zIHVuIGNvdXBsZSBkZXZpZW5uZSBtb2lucyBwYWxwaXRhbnRlLiBMYSByb3V0aW5lLCBsYSBwcsOpdmlzaWJpbGl0w6kgZXQgbGEgcmVkb25kYW5jZSBzJ2luc3RhbGxlIMOgIGNvdXAgZGUgbWFydGVhdS4gTGEgc3BvbnRhbsOpaXTDqSBldCBsZSBzZW5zIGRlIGwnYXZlbnR1cmUgYXUgbGl0IG9udCBxdWFzaW1lbnQgb3UgY29tcGzDqHRlbWVudCBkaXNwYXJ1ZS4gwqBMYSB2aWUgc2V4dWVsbGUgZHUgY291cGxlIHMnZXN0b21wZSBldCBsYSBzYXRpc2ZhY3Rpb24gc2V4dWVsbGUgbidlc3QgcGx1cyBhdSByZW5kZXotdm91cy48L2Rpdj4NCjxkaXY+PC9kaXY+DQo8ZGl2Pg0KDQo8aHIgLz4NCg0KPC9kaXY+DQo8ZGl2PjwvZGl2Pg0KPGRpdj48L2Rpdj4NCjxkaXY+PHN0cm9uZz48YSB0aXRsZT0iaW5zY3JpcHRpb2luIiBocmVmPSJodHRwOi8vbW9udHJlYWwubGVzZXhvbG9ndWUuY2EvMjAxNC8xMi9jb25mZXJlbmNlLXNhdGlzZmFjdGlvbi1zZXh1ZWxsZS5odG1sIiB0YXJnZXQ9IiI+RMOpdGFpbHMgZXQgb2JqZWN0aWZzPC9hPjwvc3Ryb25nPjwvZGl2Pg0KPGRpdj48c3Ryb25nPjxhIHRpdGxlPSJpbmZvcm1hdGlvbnMgY29uZsOpcmVuY2llciIgaHJlZj0iaHR0cDovL21vbnRyZWFsLmxlc2V4b2xvZ3VlLmNhLzIwMTQvMTIvY29uZmVyZW5jZS1zYXRpc2ZhY3Rpb24tc2V4dWVsbGUuaHRtbCNJbmZvcm1hdGlvbnMiIHRhcmdldD0iIj5JbmZvcm1hdGlvbnMgc3VyIGxlIGNvbmbDqXJlbmNpZXI8L2E+PC9zdHJvbmc+PC9kaXY+DQo8ZGl2PjwvZGl2Pg0KPGRpdj4NCg0KPGhyIC8+DQoNCjwvZGl2Pg0KPGRpdj48L2Rpdj4NCjxkaXY+SWwgZXhpc3RlIMOpdmlkZW1tZW50IGRlcyBzb2x1dGlvbnMgw6AgY2VzIGRpZmZpY3VsdMOpcywgbWFpcyBpbCBmYXV0IMOqdHJlIHByw6p0IMOgIHMnaW52ZXN0aXIgZW4gc29pIGV0IHNvbiBjb3VwbGUgcG91ciBwYXNzZXIgYXUgcHJvY2hhaW4gbml2ZWF1IGRlIHNvbiBkw6l2ZWxvcHBlbWVudCBzZXh1ZWxsZSBwb3VyIHJldHJvdXZlciBsYSBwYXNzaW9uLCBsYSBzZW5zdWFsaXTDqSBldCBsJ8Opcm90aXNtZSBkYW5zIG5vdHJlIGNvdXBsZS48L2Rpdj4NCjwvZGl2Pg0KPGZvcm0gYWN0aW9uPSJodHRwczovL3d3dy5wYXlwYWwuY29tL2NnaS1iaW4vd2Vic2NyIiBtZXRob2Q9InBvc3QiIHRhcmdldD0icGF5cGFsIj48aW5wdXQgbmFtZT0iY21kIiB0eXBlPSJoaWRkZW4iIHZhbHVlPSJfcy14Y2xpY2siIC8+DQo8aW5wdXQgbmFtZT0iaG9zdGVkX2J1dHRvbl9pZCIgdHlwZT0iaGlkZGVuIiB2YWx1ZT0iVVBKS0tEQkJVUlY5TCIgLz4NCjx0YWJsZT4NCjx0Ym9keT4NCjx0cj4NCjx0ZD48aW5wdXQgbmFtZT0ib24wIiB0eXBlPSJoaWRkZW4iIHZhbHVlPSJTw6lsZWN0aW9uIHZvdHJlIG9wdGlvbiIgLz5Tw6lsZWN0aW9uIHZvdHJlIG9wdGlvbjwvdGQ+DQo8L3RyPg0KPHRyPg0KPHRkPjxzZWxlY3QgbmFtZT0ib3MwIj4NCjxvcHRpb24gdmFsdWU9IkluZGl2aWR1Ij5JbmRpdmlkdSAkMzUsMDAgQ0FEPC9vcHRpb24+DQo8b3B0aW9uIHZhbHVlPSJDb3VwbGUiPkNvdXBsZSAkNjAsMDAgQ0FEPC9vcHRpb24+DQo8L3NlbGVjdD48L3RkPg0KPC90cj4NCjwvdGJvZHk+DQo8L3RhYmxlPg0KPGlucHV0IG5hbWU9ImN1cnJlbmN5X2NvZGUiIHR5cGU9ImhpZGRlbiIgdmFsdWU9IkNBRCIgLz4NCjxpbnB1dCBhbHQ9IlBheVBhbCAtIGxhIHNvbHV0aW9uIGRlIHBhaWVtZW50IGVuIGxpZ25lIGxhIHBsdXMgc2ltcGxlIGV0IGxhIHBsdXMgc8OpY3VyaXPDqWUgISIgbmFtZT0ic3VibWl0IiBzcmM9Imh0dHBzOi8vd3d3LnBheXBhbG9iamVjdHMuY29tL2ZyX0NBL2kvYnRuL2J0bl9jYXJ0X0xHLmdpZiIgdHlwZT0iaW1hZ2UiIC8+DQo8aW1nIHNyYz0iaHR0cHM6Ly93d3cucGF5cGFsb2JqZWN0cy5jb20vZnJfQ0EvaS9zY3IvcGl4ZWwuZ2lmIiBhbHQ9IiIgd2lkdGg9IjEiIGhlaWdodD0iMSIgYm9yZGVyPSIwIiAvPg0KDQo8L2Zvcm0+\";s:6:\"format\";s:6:\"base64\";}}s:4:\"type\";s:4:\"post\";}', '2017-03-08 20:55:25', 1, NULL, NULL, NULL, 1, NULL);
INSERT INTO `sle_icl_translation_status` (`rid`, `translation_id`, `status`, `translator_id`, `needs_update`, `md5`, `translation_service`, `batch_id`, `translation_package`, `timestamp`, `links_fixed`, `_prevstate`, `uuid`, `tp_id`, `tp_revision`, `ts_status`) VALUES
(2, 467, 10, 2, 0, '7a84e612b9d91435cd862faaffa5ba79', 'local', 4, 'a:3:{s:3:\"url\";s:33:\"http://sexcoupletherapy.com?p=282\";s:8:\"contents\";a:23:{s:26:\"field-_yoast_wpseo_title-0\";a:3:{s:9:\"translate\";i:1;s:4:\"data\";s:96:\"VGjDqXJhcGllIGRlIGNvdXBsZSAtIExlIHNleG9sb2d1ZS4gY2EgLSBQc3ljaG90aMOpcmFwZXV0ZSAtIE1vbnRyw6lhbA==\";s:6:\"format\";s:6:\"base64\";}s:31:\"field-_yoast_wpseo_title-0-name\";a:2:{s:9:\"translate\";i:0;s:4:\"data\";s:20:\"_yoast_wpseo_title-0\";}s:31:\"field-_yoast_wpseo_title-0-type\";a:2:{s:9:\"translate\";i:0;s:4:\"data\";s:12:\"custom_field\";}s:29:\"field-_yoast_wpseo_metadesc-0\";a:3:{s:9:\"translate\";i:1;s:4:\"data\";s:208:\"VGjDqXJhcGllIGRlIGNvdXBsZSBwYXIgdW4gc2V4b2xvZ3VlIHBzeWNob3Row6lyYXBldXRlIHNww6ljaWFsaXPDqWUgZGFucyBsYSBiYWlzc2UgZGUgZMOpc2lyIHNleHVlbCBldCBhdXRyZXMgZGlmZmljdWx0w6lzIHNleHVlbGxlcy4gUsOpZ2lvbiBkZSBNb250csOpYWwu\";s:6:\"format\";s:6:\"base64\";}s:34:\"field-_yoast_wpseo_metadesc-0-name\";a:2:{s:9:\"translate\";i:0;s:4:\"data\";s:23:\"_yoast_wpseo_metadesc-0\";}s:34:\"field-_yoast_wpseo_metadesc-0-type\";a:2:{s:9:\"translate\";i:0;s:4:\"data\";s:12:\"custom_field\";}s:28:\"field-_yoast_wpseo_focuskw-0\";a:3:{s:9:\"translate\";i:1;s:4:\"data\";s:28:\"dGjDqXJhcGllIGRlIGNvdXBsZQ==\";s:6:\"format\";s:6:\"base64\";}s:33:\"field-_yoast_wpseo_focuskw-0-name\";a:2:{s:9:\"translate\";i:0;s:4:\"data\";s:22:\"_yoast_wpseo_focuskw-0\";}s:33:\"field-_yoast_wpseo_focuskw-0-type\";a:2:{s:9:\"translate\";i:0;s:4:\"data\";s:12:\"custom_field\";}s:11:\"original_id\";a:2:{s:9:\"translate\";i:0;s:4:\"data\";i:282;}s:5:\"title\";a:3:{s:9:\"translate\";i:1;s:4:\"data\";s:28:\"VGjDqXJhcGllIGRlIGNvdXBsZQ==\";s:6:\"format\";s:6:\"base64\";}s:4:\"body\";a:3:{s:9:\"translate\";i:0;s:4:\"data\";s:7048:\"[encoded data, 7048 characters]\";s:6:\"format\";s:6:\"base64\";}s:7:\"excerpt\";a:3:{s:9:\"translate\";i:1;s:4:\"data\";s:0:\"\";s:6:\"format\";s:6:\"base64\";}s:4:\"t_20\";a:3:{s:9:\"translate\";i:1;s:4:\"data\";s:28:\"VGjDqXJhcGllIGRlIGNvdXBsZQ==\";s:6:\"format\";s:6:\"base64\";}s:22:\"package-string-10-9825\";a:3:{s:9:\"translate\";i:1;s:4:\"data\";s:56:\"VMOpbMOpcGhvbmV6IHBvdXIgYXZvaXIgdW5lIGNvbnN1bHRhdGlvbg==\";s:6:\"format\";s:6:\"base64\";}s:22:\"package-string-10-9826\";a:3:{s:9:\"translate\";i:1;s:4:\"data\";s:16:\"NDM4LTkzNC0xMjg3\";s:6:\"format\";s:6:\"base64\";}s:23:\"package-string-10-12891\";a:3:{s:9:\"translate\";i:1;s:4:\"data\";s:480:\"DQo8cCBzdHlsZT0idGV4dC1hbGlnbjogY2VudGVyOyI+RGlzcG9uaWJpbGl0w6kgZGUgbGEgcsOpY2VwdGlvbjo8L3A+DQo8cCBzdHlsZT0idGV4dC1hbGlnbjogY2VudGVyOyI+THVuZGkgYXUgdmVuZHJlZGk8L3A+DQo8cCBzdHlsZT0idGV4dC1hbGlnbjogY2VudGVyOyI+OWggw6AgMTdoPC9wPg0KDQoNCjxociAvPg0KPHAgc3R5bGU9InRleHQtYWxpZ246IGNlbnRlcjsiPkRpc3BvbmliaWxpdMOpIGRlcyBoZXVyZXMgZGUgdGjDqXJhcGllPC9wPg0KPHAgc3R5bGU9InRleHQtYWxpZ246IGNlbnRlcjsiPjloIMOgIDIwaDMwPC9wPg0KPHAgc3R5bGU9InRleHQtYWxpZ246IGNlbnRlcjsiPkx1bmRpIGF1IHZlbmRyZWRpPC9wPg0K\";s:6:\"format\";s:6:\"base64\";}s:23:\"package-string-10-10670\";a:3:{s:9:\"translate\";i:1;s:4:\"data\";s:6004:\"[encoded data, 6004 characters]\";s:6:\"format\";s:6:\"base64\";}s:23:\"package-string-10-11847\";a:3:{s:9:\"translate\";i:1;s:4:\"data\";s:6088:\"[encoded data, 6088 characters]\";s:6:\"format\";s:6:\"base64\";}s:23:\"package-string-10-11917\";a:3:{s:9:\"translate\";i:1;s:4:\"data\";s:6012:\"[encoded data, 6012 characters]\";s:6:\"format\";s:6:\"base64\";}s:23:\"package-string-10-12892\";a:3:{s:9:\"translate\";i:1;s:4:\"data\";s:8:\"MjM3Mw==\";s:6:\"format\";s:6:\"base64\";}s:23:\"package-string-10-12941\";a:3:{s:9:\"translate\";i:1;s:4:\"data\";s:5992:\"[encoded data, 5992 characters]\";s:6:\"format\";s:6:\"base64\";}s:23:\"package-string-10-12954\";a:3:{s:9:\"translate\";i:1;s:4:\"data\";s:6060:\"[encoded data, 6060 characters]\";s:6:\"format\";s:6:\"base64\";}}s:4:\"type\";s:4:\"post\";}', '2017-03-08 21:55:07', 1, NULL, NULL, NULL, 1, NULL);
INSERT INTO `sle_icl_translation_status` (`rid`, `translation_id`, `status`, `translator_id`, `needs_update`, `md5`, `translation_service`, `batch_id`, `translation_package`, `timestamp`, `links_fixed`, `_prevstate`, `uuid`, `tp_id`, `tp_revision`, `ts_status`) VALUES
(3, 471, 10, 2, 1, '909e3e3313d07309f6835af06b973cc6', 'local', 1, 'a:4:{s:3:\"url\";s:34:\"https://lesexologue.ca?page_id=180\";s:5:\"title\";s:27:\"Sexologue psychothérapeute\";s:8:\"contents\";a:38:{s:26:\"field-_yoast_wpseo_title-0\";a:3:{s:9:\"translate\";i:1;s:4:\"data\";s:100:\"TEUgU2V4b2xvZ3VlIFBzeWNob3Row6lyYXBldXRlIE1vbnRyw6lhbCAtIFRow6lyYXBpZSBjb3VwbGUsIGluZGl2aWR1ZWxsZQ==\";s:6:\"format\";s:6:\"base64\";}s:31:\"field-_yoast_wpseo_title-0-name\";a:2:{s:9:\"translate\";i:0;s:4:\"data\";s:20:\"_yoast_wpseo_title-0\";}s:31:\"field-_yoast_wpseo_title-0-type\";a:2:{s:9:\"translate\";i:0;s:4:\"data\";s:12:\"custom_field\";}s:29:\"field-_yoast_wpseo_metadesc-0\";a:3:{s:9:\"translate\";i:1;s:4:\"data\";s:208:\"U2V4b2xvZ3VlIHBzeWNob3Row6lyYXBldXRlIG9mZnJhbnQgdGjDqXJhcGllIGRlIGNvdXBsZSBldCBpbmRpdmlkdWVsbGUgZGFucyBsYSByw6lnaW9uIGRlIE1vbnRyw6lhbCAtIENlbnRyZSB2aWxsZS4gRnJhbmNvaXMgUmVuYXVkIE0uQS4tIFBzeWNob3Row6lyYXBpZQ==\";s:6:\"format\";s:6:\"base64\";}s:34:\"field-_yoast_wpseo_metadesc-0-name\";a:2:{s:9:\"translate\";i:0;s:4:\"data\";s:23:\"_yoast_wpseo_metadesc-0\";}s:34:\"field-_yoast_wpseo_metadesc-0-type\";a:2:{s:9:\"translate\";i:0;s:4:\"data\";s:12:\"custom_field\";}s:28:\"field-_yoast_wpseo_focuskw-0\";a:3:{s:9:\"translate\";i:1;s:4:\"data\";s:36:\"c2V4b2xvZ3VlIHBzeWNob3Row6lyYXBldXRl\";s:6:\"format\";s:6:\"base64\";}s:33:\"field-_yoast_wpseo_focuskw-0-name\";a:2:{s:9:\"translate\";i:0;s:4:\"data\";s:22:\"_yoast_wpseo_focuskw-0\";}s:33:\"field-_yoast_wpseo_focuskw-0-type\";a:2:{s:9:\"translate\";i:0;s:4:\"data\";s:12:\"custom_field\";}s:11:\"original_id\";a:2:{s:9:\"translate\";i:0;s:4:\"data\";i:180;}s:5:\"title\";a:3:{s:9:\"translate\";i:1;s:4:\"data\";s:36:\"U2V4b2xvZ3VlIHBzeWNob3Row6lyYXBldXRl\";s:6:\"format\";s:6:\"base64\";}s:4:\"body\";a:3:{s:9:\"translate\";i:0;s:4:\"data\";s:17472:\"[encoded data, 17472 characters]\";s:6:\"format\";s:6:\"base64\";}s:7:\"excerpt\";a:3:{s:9:\"translate\";i:1;s:4:\"data\";s:0:\"\";s:6:\"format\";s:6:\"base64\";}s:5:\"t_349\";a:3:{s:9:\"translate\";i:1;s:4:\"data\";s:12:\"T3B0aW9uYWw=\";s:6:\"format\";s:6:\"base64\";}s:9:\"tdesc_349\";a:3:{s:9:\"translate\";i:1;s:4:\"data\";s:0:\"\";s:6:\"format\";s:6:\"base64\";}s:22:\"package-string-2-12316\";a:4:{s:9:\"translate\";i:1;s:4:\"data\";s:516:\"DQo8cCBzdHlsZT0idGV4dC1hbGlnbjogY2VudGVyOyI+PHNwYW4gc3R5bGU9ImNvbG9yOiAjZmYwMDAwOyI+PHN0cm9uZz5DT1ZJRC0xOTo8L3N0cm9uZz4gPHN0cm9uZz5MYSBjbGluaXF1ZSBlc3QgbWFpbnRlbmFudCBvdXZlcnRlIHBvdXIgZGVzIHJlbmNvbnRyZXMgZmFjZSDDoCBmYWNlIHByw6lzZW50ZW1lbnQuIDxlbT48c3BhbiBzdHlsZT0idGV4dC1kZWNvcmF0aW9uOiB1bmRlcmxpbmU7Ij5DZXJ0YWluczwvc3Bhbj48L2VtPiBzZXhvbG9ndWVzIGZvbnQgdW5pcXVlbWVudCBwYXIgd2ViY2FtIHBvdXIgbGltaXRlciBsYSBwcm9wYWdhdGlvbiBkdSB2aXJ1cy4gUHJlbmV6IGNvbnRhY3QgcG91ciBwbHVzIGQnaW5mb3JtYXRpb24uwqA8L3N0cm9uZz48L3NwYW4+PC9wPg0K\";s:8:\"wrap_tag\";s:0:\"\";s:6:\"format\";s:6:\"base64\";}s:22:\"package-string-2-12315\";a:4:{s:9:\"translate\";i:1;s:4:\"data\";s:1988:\"DQo8aDIgY2xhc3M9ImN1c3RvbS10aXRsZS1ob21lIj5TZXhvbG9ndWUgUHN5Y2hvdGjDqXJhcGV1dGUgw6AgTW9udHLDqWFsPC9oMj4NCjxoMz5GcmFuY29pcyBSZW5hdWQgTS5BLiAtIERpcmVjdGV1csKgJmFtcDsgc3VwZXJ2aXNldXIgY2xpbmlxdWU8L2gzPg0KSmUgbWUgc3VpcyBzcMOpY2lhbGlzw6kgZW4gPGEgaHJlZj0iLz9wPTI4MiI+PHN0cm9uZz50aMOpcmFwaWUgZGUgY291cGxlPC9zdHJvbmc+PC9hPiBwb3VyIGFpZGVyIGxlcyBwZXJzb25uZXMgYXZlYyBkZXMgZGlmZmljdWx0w6lzIHJlbGF0aW9ubmVsbGVzIGV0IHNleHVlbGxlcy4gSifDqWNyaXMgc3VyIG1vbiA8YSBocmVmPSJodHRwOi8vbW9udHJlYWwubGVzZXhvbG9ndWUuY2EvIj5ibG9ndWU8L2E+IGV0IG9mZnJlIHVuZSA8YSBocmVmPSIvP3BhZ2VfaWQ9MTU5MyI+d2Vic8OpcmllPC9hPjogPGEgaHJlZj0iLz9wYWdlX2lkPTE1OTMiPsOJZHVjYXRpb24gU2Vuc3VlbGxlICZhbXA7IMOJcm90aXF1ZTwvYT7CoHBvdXIgdm91cyDDqWR1cXVlciBzdXIgdW5lIHZhcmnDqXTDqSBkZSBzdWpldHMgY29uY2VybmFudCBsYSBzZXh1YWxpdMOpIGV0IGxlcyByZWxhdGlvbnMgYW1vdXJldXNlcy4gSmUgc3VpcyBkZXZlbnUgZGlyZWN0ZXVyIGV0IDxhIGhyZWY9Ii8/cGFnZV9pZD0xMjkxIj5zdXBlcnZpc2V1ciBjbGluaXF1ZTwvYT4gZW4gMjAxNyBlbiBzZXhvbG9naWUuDQoNCkonYWkgZ3JhZHXDqSBkdSBiYWNjYWxhdXLDqWF0IGV0IGRlIGxhIG1hw650cmlzZSBjbGluaXF1ZSBlbiBzZXhvbG9naWUgZGUgbCdVbml2ZXJzaXTDqSBkdSBRdcOpYmVjIMOgIE1vbnRyw6lhbCA8c3Ryb25nPihVUUFNKTwvc3Ryb25nPi4gSidhaSBzdWl2aSA8YSBocmVmPSJodHRwOi8vbW9udHJlYWwubGVzZXhvbG9ndWUuY2EvMjAxNS8wNS9mb3JtYXRpb25zLWNvbnRpbnVlcy1zZXhvbG9ndWUtcHN5Y2hvdGhlcmFwZXV0ZS5odG1sIiB0YXJnZXQ9Il9ibGFuayIgcmVsPSJub29wZW5lciBub3JlZmVycmVyIj5kaXZlcnNlcyBmb3JtYXRpb25zIGNvbm5leGVzPC9hPiDDoCBjZXR0ZSBwcm9mZXNzaW9uIGV0IGplIHN1aXMgbWVtYnJlIGRlIGzigJlPcmRyZSBwcm9mZXNzaW9ubmVscyBkZXMgc2V4b2xvZ3VlcyBkdSBRdcOpYmVjIDxzdHJvbmc+KE9QU1EpPC9zdHJvbmc+LCBkZSBsJ0Fzc29jaWF0aW9uIGRlcyBzZXhvbG9ndWVzIGR1IFF1w6liZWMgPHN0cm9uZz4oQVNRKTwvc3Ryb25nPi4gSidhaSB1biBwZXJtaXMgZGUgcHN5Y2hvdGjDqXJhcGV1dGUgw6ltaXMgcGFyIGwnT3JkcmUgZGVzIFBzeWNob2xvZ3VlcyBkdSBRdcOpYmVjIDxzdHJvbmc+KE9QUSk8L3N0cm9uZz4gZXQgdW5lIGF0dGVzdGF0aW9uIHBvdXIgbCfDqXZhbHVhdGlvbiBkZXMgdHJvdWJsZXMgc2V4dWVscyDDqW1pcyBwYXIgbCc8c3Ryb25nPk9QU1E8L3N0cm9uZz4uDQoNCjxhIGhyZWY9Ii8/cGFnZV9pZD0xNjkyIj5FbiBzYXZvaXIgcGx1cyDDoCBtb24gc3VqZXQgZXQgbW9uIHBhcmNvdXJzPC9hPg==\";s:8:\"wrap_tag\";s:0:\"\";s:6:\"format\";s:6:\"base64\";}s:22:\"package-string-2-10801\";a:4:{s:9:\"translate\";i:1;s:4:\"data\";s:228:\"DQo8aDIgc3R5bGU9InRleHQtYWxpZ246IGNlbnRlcjsiPjxhIGhyZWY9Ii8/cGFnZV9pZD0yMzM1Ij48ZW0+PHN0cm9uZz5Db25zdWx0ZXIgbGEgbGlzdGUgZGVzIHNleG9sb2d1ZXMgJmFtcDsgcHN5Y2hvdGjDqXJhcGV1dGVzIGRlIGxhIGNsaW5pcXVlPC9zdHJvbmc+PC9lbT48L2E+PC9oMj4NCg==\";s:8:\"wrap_tag\";s:0:\"\";s:6:\"format\";s:6:\"base64\";}s:22:\"package-string-2-10935\";a:4:{s:9:\"translate\";i:1;s:4:\"data\";s:312:\"DQo8cCBzdHlsZT0idGV4dC1hbGlnbjogY2VudGVyOyI+PGEgaHJlZj0iLz9wYWdlX2lkPTIzMzUiPjxzcGFuIHN0eWxlPSJ0ZXh0LWRlY29yYXRpb246IHVuZGVybGluZTsiPjxlbT48c3Ryb25nPkNsYXVkaWEgU2F2aWduYWMgQ2Fyb24gTS5BPC9zdHJvbmc+PC9lbT48L3NwYW4+PC9hPjwvcD4NCjxwIHN0eWxlPSJ0ZXh0LWFsaWduOiBjZW50ZXI7Ij5TZXhvbG9ndWUgcHN5Y2hvdGjDqXJhcGV1dGU8L3A+DQo=\";s:8:\"wrap_tag\";s:0:\"\";s:6:\"format\";s:6:\"base64\";}s:22:\"package-string-2-11022\";a:4:{s:9:\"translate\";i:1;s:4:\"data\";s:308:\"DQo8cCBzdHlsZT0idGV4dC1hbGlnbjogY2VudGVyOyI+PGEgaHJlZj0iLz9wYWdlX2lkPTIzMzUiPjxlbT48c3BhbiBzdHlsZT0idGV4dC1kZWNvcmF0aW9uOiB1bmRlcmxpbmU7Ij48c3Ryb25nPlNhbGloYSBBaXQgSGFzc2VuwqBNLkEuPC9zdHJvbmc+PC9zcGFuPjwvZW0+PC9hPjwvcD4NCjxwIHN0eWxlPSJ0ZXh0LWFsaWduOiBjZW50ZXI7Ij5TZXhvbG9ndWUgcHN5Y2hvdGjDqXJhcGV1dGU8L3A+DQo=\";s:8:\"wrap_tag\";s:0:\"\";s:6:\"format\";s:6:\"base64\";}s:22:\"package-string-2-11166\";a:4:{s:9:\"translate\";i:1;s:4:\"data\";s:292:\"DQo8cCBzdHlsZT0idGV4dC1hbGlnbjogY2VudGVyOyI+PHN0cm9uZz48c3BhbiBzdHlsZT0idGV4dC1kZWNvcmF0aW9uOiB1bmRlcmxpbmU7Ij48YSBocmVmPSIvP3BhZ2VfaWQ9MjMzNSI+Q2F0YWxpbmEgU2FudG95byBNLkEuPC9hPjwvc3Bhbj48L3N0cm9uZz48L3A+DQo8cCBzdHlsZT0idGV4dC1hbGlnbjogY2VudGVyOyI+U2V4b2xvZ3VlIHBzeWNob3Row6lyYXBldXRlPC9wPg0K\";s:8:\"wrap_tag\";s:0:\"\";s:6:\"format\";s:6:\"base64\";}s:22:\"package-string-2-13018\";a:4:{s:9:\"translate\";i:1;s:4:\"data\";s:312:\"DQo8cCBzdHlsZT0idGV4dC1hbGlnbjogY2VudGVyOyI+PGEgaHJlZj0iLz9wYWdlX2lkPTIzMzUiPjxzcGFuIHN0eWxlPSJ0ZXh0LWRlY29yYXRpb246IHVuZGVybGluZTsiPjxlbT48c3Ryb25nPkdhYnJpZWwtbGUgQmVhdXJlZ2FyZCBCLkEuIE0uQShjKTwvc3Ryb25nPjwvZW0+PC9zcGFuPjwvYT48L3A+DQo8cCBzdHlsZT0idGV4dC1hbGlnbjogY2VudGVyOyI+U2V4b2xvZ3VlIGJhY2hlbGnDqHJlPC9wPg0K\";s:8:\"wrap_tag\";s:0:\"\";s:6:\"format\";s:6:\"base64\";}s:22:\"package-string-2-14029\";a:4:{s:9:\"translate\";i:1;s:4:\"data\";s:392:\"DQo8cCBzdHlsZT0idGV4dC1hbGlnbjogY2VudGVyOyI+PGEgaHJlZj0iaHR0cHM6Ly9sZXNleG9sb2d1ZS5jYS9zdGFnaW5nLXNleG8tY2Evc2V4b2xvZ3VlLXBzeWNob3RoZXJhcGV1dGUvbGlzdGUtdGhlcmFwZXV0ZXMvIj48c3BhbiBzdHlsZT0idGV4dC1kZWNvcmF0aW9uOiB1bmRlcmxpbmU7Ij48ZW0+PHN0cm9uZz5UYXRpYW5hIFBvbm9tYXZlcmEgQi5BLjwvc3Ryb25nPjwvZW0+PC9zcGFuPjwvYT48L3A+DQo8cCBzdHlsZT0idGV4dC1hbGlnbjogY2VudGVyOyI+U2V4b2xvZ3VlIGJhY2hlbGnDqHJlPC9wPg0K\";s:8:\"wrap_tag\";s:0:\"\";s:6:\"format\";s:6:\"base64\";}s:22:\"package-string-2-14030\";a:4:{s:9:\"translate\";i:1;s:4:\"data\";s:260:\"DQo8aDIgY2xhc3M9ImN1c3RvbS10aXRsZS1ob21lIj48c3BhbiBjbGFzcz0iZmlyc3QiPjxhIGhyZWY9Imh0dHBzOi8vbGVzZXhvbG9ndWUuY2Evc3RhZ2luZy1zZXhvLWNhL3RoZXJhcGllLyI+U2VydmljZXMgZGUgc2V4by10aMOpcmFwaWUsIHBzeWNob3Row6lyYXBpZSAmYW1wOyByZWxhdGlvbiBkJ2FpZGU8L2E+PC9zcGFuPjwvaDI+DQo=\";s:8:\"wrap_tag\";s:0:\"\";s:6:\"format\";s:6:\"base64\";}s:22:\"package-string-2-12911\";a:4:{s:9:\"translate\";i:1;s:4:\"data\";s:68:\"W250dF9jbGFzcyBzaG93X2luZm89Im51bGwiIGNvbHVtbnM9IjUiIGxpbWl0PSI1Il0=\";s:8:\"wrap_tag\";s:0:\"\";s:6:\"format\";s:6:\"base64\";}s:22:\"package-string-2-11023\";a:4:{s:9:\"translate\";i:1;s:4:\"data\";s:4:\"NzQ2\";s:8:\"wrap_tag\";s:0:\"\";s:6:\"format\";s:6:\"base64\";}s:22:\"package-string-2-11169\";a:4:{s:9:\"translate\";i:1;s:4:\"data\";s:208:\"DQo8cCBzdHlsZT0idGV4dC1hbGlnbjogY2VudGVyOyI+UsOpY2VwdGlvbiBvdXZlcnRlwqBlbnRyZSA5aCBldCAxN2ggZHUgbHVuZGkgYXUgdmVuZHJlZGk8L3A+DQo8cCBzdHlsZT0idGV4dC1hbGlnbjogY2VudGVyOyI+TGFpc3NleiBub3VzIHVuIG1lc3NhZ2U8L3A+DQo=\";s:8:\"wrap_tag\";s:0:\"\";s:6:\"format\";s:6:\"base64\";}s:21:\"package-string-2-9848\";a:4:{s:9:\"translate\";i:1;s:4:\"data\";s:56:\"VMOpbMOpcGhvbmV6IHBvdXIgb2J0ZW5pciB1bmUgY29uc3VsdGF0aW9u\";s:8:\"wrap_tag\";s:0:\"\";s:6:\"format\";s:6:\"base64\";}s:21:\"package-string-2-9815\";a:4:{s:9:\"translate\";i:1;s:4:\"data\";s:16:\"NDM4LTkzNC0xMjg3\";s:8:\"wrap_tag\";s:0:\"\";s:6:\"format\";s:6:\"base64\";}s:22:\"package-string-2-13020\";a:4:{s:9:\"translate\";i:1;s:4:\"data\";s:392:\"DQo8cCBzdHlsZT0idGV4dC1hbGlnbjogY2VudGVyOyI+PGEgaHJlZj0iaHR0cHM6Ly9sZXNleG9sb2d1ZS5jYS9zdGFnaW5nLXNleG8tY2Evc2V4b2xvZ3VlLXBzeWNob3RoZXJhcGV1dGUvbGlzdGUtdGhlcmFwZXV0ZXMvIj48c3BhbiBzdHlsZT0idGV4dC1kZWNvcmF0aW9uOiB1bmRlcmxpbmU7Ij48ZW0+PHN0cm9uZz5UYXRpYW5hIFBvbm9tYXZlcmEgQi5BLjwvc3Ryb25nPjwvZW0+PC9zcGFuPjwvYT48L3A+DQo8cCBzdHlsZT0idGV4dC1hbGlnbjogY2VudGVyOyI+U2V4b2xvZ3VlIGJhY2hlbGnDqHJlPC9wPg0K\";s:8:\"wrap_tag\";s:0:\"\";s:6:\"format\";s:6:\"base64\";}s:22:\"package-string-2-10095\";a:4:{s:9:\"translate\";i:1;s:4:\"data\";s:168:\"DQo8aDI+PGEgaHJlZj0iLz9wYWdlX2lkPTE1OTMiPldlYnPDqXJpZXM6IMOJZHVjYXRpb24gU2Vuc3VlbGxlICZhbXA7IMOJcm90aXF1ZTwvYT48L2gyPg0KPGgzPkFuaW3DqSBwYXIgTGUgc2V4b2xvZ3VlPC9oMz4NCg==\";s:8:\"wrap_tag\";s:0:\"\";s:6:\"format\";s:6:\"base64\";}s:22:\"package-string-2-12929\";a:4:{s:9:\"translate\";i:1;s:4:\"data\";s:260:\"DQo8aDIgY2xhc3M9ImN1c3RvbS10aXRsZS1ob21lIj48c3BhbiBjbGFzcz0iZmlyc3QiPjxhIGhyZWY9Imh0dHBzOi8vbGVzZXhvbG9ndWUuY2Evc3RhZ2luZy1zZXhvLWNhL3RoZXJhcGllLyI+U2VydmljZXMgZGUgc2V4by10aMOpcmFwaWUsIHBzeWNob3Row6lyYXBpZSAmYW1wOyByZWxhdGlvbiBkJ2FpZGU8L2E+PC9zcGFuPjwvaDI+DQo=\";s:8:\"wrap_tag\";s:0:\"\";s:6:\"format\";s:6:\"base64\";}s:22:\"package-string-2-14031\";a:4:{s:9:\"translate\";i:1;s:4:\"data\";s:260:\"DQo8aDEgc3R5bGU9InRleHQtYWxpZ246IGNlbnRlcjsgY29sb3I6ICNlNThjNTk7Ij48YSBocmVmPSJodHRwczovL2xlc2V4b2xvZ3VlLmNhL3N0YWdpbmctc2V4by1jYS9zZXhvbG9ndWUtbWVkaWFzLyI+PHNwYW4gc3R5bGU9ImNvbG9yOiAjMDAwMDAwOyI+TGUgU2V4b2xvZ3VlwqBkYW5zIGxlcyBtw6lkaWFzPC9zcGFuPjwvYT48L2gxPg0K\";s:8:\"wrap_tag\";s:0:\"\";s:6:\"format\";s:6:\"base64\";}s:22:\"package-string-2-12998\";a:4:{s:9:\"translate\";i:1;s:4:\"data\";s:5640:\"[encoded data, 5640 characters]\";s:8:\"wrap_tag\";s:0:\"\";s:6:\"format\";s:6:\"base64\";}s:22:\"package-string-2-13000\";a:4:{s:9:\"translate\";i:1;s:4:\"data\";s:1448:\"DQo8ZGl2Pg0KPGg0IHN0eWxlPSJ0ZXh0LWFsaWduOiBjZW50ZXI7Ij48YSBocmVmPSJodHRwczovL3d3dy5mYWNlYm9vay5jb20vY291cGxlc2V4dGhlcmFweSI+Q29uZsOpcmVuY2UgRmFjZWJvb2sgTElWRTwvYT48L2g0Pg0KPC9kaXY+DQo8ZGl2IGNsYXNzPSJub28tdGV4dC1ibG9jayI+DQo8cCBkaXI9Imx0ciI+PGEgaHJlZj0iaHR0cHM6Ly93d3cuZmFjZWJvb2suY29tL2NvdXBsZXNleHRoZXJhcHkvdmlkZW9zLzU3NjIwOTYyOTY3OTU4Ni8iIHRhcmdldD0iX2JsYW5rIiByZWw9Im5vb3BlbmVyIG5vcmVmZXJyZXIiPlN1cnZpdnJlIHNvbiBjb3VwbGU6IEwnaGlzdG9pcmUgZCd1biBzZXhvbG9ndWU8L2E+PC9wPg0KPGEgaHJlZj0iaHR0cHM6Ly93d3cuZmFjZWJvb2suY29tL2NvdXBsZXNleHRoZXJhcHkvdmlkZW9zLzI2NDQwODYwNzkyNTE4NzkvVXpwZlNUVXhOREk1TlRBeE5Eb3hNREUyTXpRd056VTRNRFE1TURBeE5RLyIgdGFyZ2V0PSJfYmxhbmsiIHJlbD0ibm9vcGVuZXIgbm9yZWZlcnJlciI+Q29uZmxpdCBkJ2VnbyBvdSBjb25mbGl0IGQnaW50w6lncml0w6k8L2E+DQo8cCBkaXI9Imx0ciI+PGEgaHJlZj0iaHR0cHM6Ly93d3cuZmFjZWJvb2suY29tLzEyNTUzNTc1NDIzNzgwMi92aWRlb3MvMjQ0NDUxNTgwMTExODM3IiB0YXJnZXQ9Il9ibGFuayIgcmVsPSJub29wZW5lciBub3JlZmVycmVyIj5NaW5kLW1hcHBpbmc6IHVuIGluZ3LDqWRpZW50IGVzc2VudGllbCDDoCB2b3RyZSBzZXh1YWxpdMOpITwvYT48L3A+DQo8YSBocmVmPSJodHRwczovL3d3dy5mYWNlYm9vay5jb20vMTI1NTM1NzU0MjM3ODAyL3ZpZGVvcy81MzE0MDUzODQyMDQ0MzYiIHRhcmdldD0iX2JsYW5rIiByZWw9Im5vb3BlbmVyIG5vcmVmZXJyZXIiPsOJdm9sdXRpb24gZHUgZMOpc2lyIHNleHVlbCBldCB2b3RyZSBpbnTDqWdyaXTDqSE8L2E+DQo8ZGl2PjxhIGhyZWY9Imh0dHBzOi8vd3d3LmZhY2Vib29rLmNvbS8xMjU1MzU3NTQyMzc4MDIvdmlkZW9zLzIwNjkxMjI5MzYwODg2MCIgdGFyZ2V0PSJfYmxhbmsiIHJlbD0ibm9vcGVuZXIgbm9yZWZlcnJlciI+U2V4ZSBwYXIgcGl0acOpPC9hPjwvZGl2Pg0KPC9kaXY+DQo=\";s:8:\"wrap_tag\";s:0:\"\";s:6:\"format\";s:6:\"base64\";}s:22:\"package-string-2-13002\";a:4:{s:9:\"translate\";i:1;s:4:\"data\";s:864:\"DQo8aDQgc3R5bGU9InRleHQtYWxpZ246IGNlbnRlcjsiPjxzdHJvbmc+PHNwYW4gc3R5bGU9ImNvbG9yOiAjZTU4YzU5OyI+PGEgaHJlZj0iaHR0cDovL2NpYmwxMDE1LmNvbSI+Q0lCTCAxMDEuNUZNPC9hPjwvc3Bhbj48L3N0cm9uZz48L2g0Pg0KPGEgaHJlZj0iaHR0cHM6Ly93d3cueW91dHViZS5jb20vd2F0Y2g/dj0wU3Z6WjRUY3FnOCI+Vm90cmUgY291cGxlIGVzdC1pbCBmdXNpb25uZWw/PC9hPg0KDQo8YSBocmVmPSJodHRwczovL3d3dy55b3V0dWJlLmNvbS93YXRjaD92PUdMX0xFVFNZLXJvIj5MJ2luZmlkw6lsaXTDqS4uLnBhcyB0b3Vqb3VycyBzaW1wbGU8L2E+DQoNCjxhIGhyZWY9Imh0dHBzOi8vd3d3LnlvdXR1YmUuY29tL3dhdGNoP3Y9RlU1Vl90NUtPQmsiPlBvcm5vZ3JhcGhpZSBmw6ltaW5pc3RlLi4ucGFzIGp1c3RlIHBvdXIgbGVzIGZlbW1lczwvYT4NCg0KPGEgaHJlZj0iaHR0cHM6Ly93d3cueW91dHViZS5jb20vd2F0Y2g/dj0xb1ZJUHJxckV3cyZhbXA7dD0ycyI+w4lkdWNhdGlvbiBzZXh1ZWxsZSBwYXIgbGVzIHBhcmVudHM8L2E+DQoNCjxhIGhyZWY9Imh0dHBzOi8vd3d3LnlvdXR1YmUuY29tL3dhdGNoP3Y9TnNoNnNLcjQwMVkiPkxhaXNzZXIgcG91ciB1bmUgcGVyc29ubmUgZHUgbcOqbWUgc2V4ZTwvYT4=\";s:8:\"wrap_tag\";s:0:\"\";s:6:\"format\";s:6:\"base64\";}s:22:\"package-string-2-13001\";a:4:{s:9:\"translate\";i:1;s:4:\"data\";s:396:\"DQo8ZGl2Pg0KPGg0IHN0eWxlPSJ0ZXh0LWFsaWduOiBjZW50ZXI7Ij48YSBocmVmPSJodHRwczovL3pvbmVmcmFuY2hlLnRlbGVxdWViZWMudHYvZW1pc3Npb25zIj5ab25lIEZyYW5jaGU6IFTDqWzDqS1RdcOpYmVjPC9hPjwvaDQ+DQo8L2Rpdj4NCjxkaXYgY2xhc3M9Im5vby10ZXh0LWJsb2NrIj4NCjxkaXY+PGEgaHJlZj0iaHR0cHM6Ly96b25lZnJhbmNoZS50ZWxlcXVlYmVjLnR2L2VtaXNzaW9ucy8zMjkwMDAvY291cGxlIj5MYSBtb25vZ2FtaWUgZXQgbGEgbm9uLW1vbm9nYW1pZTwvYT48L2Rpdj4NCjwvZGl2Pg0K\";s:8:\"wrap_tag\";s:0:\"\";s:6:\"format\";s:6:\"base64\";}s:22:\"package-string-2-13075\";a:4:{s:9:\"translate\";i:1;s:4:\"data\";s:260:\"DQo8aDEgc3R5bGU9InRleHQtYWxpZ246IGNlbnRlcjsgY29sb3I6ICNlNThjNTk7Ij48YSBocmVmPSJodHRwczovL2xlc2V4b2xvZ3VlLmNhL3N0YWdpbmctc2V4by1jYS9zZXhvbG9ndWUtbWVkaWFzLyI+PHNwYW4gc3R5bGU9ImNvbG9yOiAjMDAwMDAwOyI+TGUgU2V4b2xvZ3VlwqBkYW5zIGxlcyBtw6lkaWFzPC9zcGFuPjwvYT48L2gxPg0K\";s:8:\"wrap_tag\";s:0:\"\";s:6:\"format\";s:6:\"base64\";}}s:4:\"type\";s:4:\"post\";}', '2017-03-08 22:16:11', 1, NULL, NULL, NULL, 1, NULL);
INSERT INTO `sle_icl_translation_status` (`rid`, `translation_id`, `status`, `translator_id`, `needs_update`, `md5`, `translation_service`, `batch_id`, `translation_package`, `timestamp`, `links_fixed`, `_prevstate`, `uuid`, `tp_id`, `tp_revision`, `ts_status`) VALUES
(4, 474, 10, 2, 0, '97ce59396a2f25af0278bd9ea6db788a', 'local', 4, 'a:3:{s:3:\"url\";s:33:\"http://sexcoupletherapy.com?p=495\";s:8:\"contents\";a:27:{s:26:\"field-_yoast_wpseo_title-0\";a:3:{s:9:\"translate\";i:1;s:4:\"data\";s:96:\"VGjDqXJhcGllIGluZGl2aWR1ZWxsZSAtIExlIHNleG9sb2d1ZS5jYSAtIFBzeWNob3Row6lyYXBldXRlIC0gTW9udHLDqWFs\";s:6:\"format\";s:6:\"base64\";}s:31:\"field-_yoast_wpseo_title-0-name\";a:2:{s:9:\"translate\";i:0;s:4:\"data\";s:20:\"_yoast_wpseo_title-0\";}s:31:\"field-_yoast_wpseo_title-0-type\";a:2:{s:9:\"translate\";i:0;s:4:\"data\";s:12:\"custom_field\";}s:29:\"field-_yoast_wpseo_metadesc-0\";a:3:{s:9:\"translate\";i:1;s:4:\"data\";s:184:\"VW5lIHRow6lyYXBpZSBpbmRpdmlkdWVsbGUgYXZlYyB1biBzZXhvbG9ndWUgcHN5Y2hvdGjDqXJhcGV1dGUgdm91cyBzZXJhIGdyYW5kZW1lbnQgYsOpbsOpZmlxdWUgcG91ciByw6lzb3VkcmUgZGVzIGRpZmZpY3VsdMOpcyBzZXh1ZWxsZXMu\";s:6:\"format\";s:6:\"base64\";}s:34:\"field-_yoast_wpseo_metadesc-0-name\";a:2:{s:9:\"translate\";i:0;s:4:\"data\";s:23:\"_yoast_wpseo_metadesc-0\";}s:34:\"field-_yoast_wpseo_metadesc-0-type\";a:2:{s:9:\"translate\";i:0;s:4:\"data\";s:12:\"custom_field\";}s:28:\"field-_yoast_wpseo_focuskw-0\";a:3:{s:9:\"translate\";i:1;s:4:\"data\";s:32:\"dGjDqXJhcGllIGluZGl2aWR1ZWxsZQ==\";s:6:\"format\";s:6:\"base64\";}s:33:\"field-_yoast_wpseo_focuskw-0-name\";a:2:{s:9:\"translate\";i:0;s:4:\"data\";s:22:\"_yoast_wpseo_focuskw-0\";}s:33:\"field-_yoast_wpseo_focuskw-0-type\";a:2:{s:9:\"translate\";i:0;s:4:\"data\";s:12:\"custom_field\";}s:11:\"original_id\";a:2:{s:9:\"translate\";i:0;s:4:\"data\";i:495;}s:5:\"title\";a:3:{s:9:\"translate\";i:1;s:4:\"data\";s:36:\"U2V4b3Row6lyYXBpZSBpbmRpdmlkdWVsbGU=\";s:6:\"format\";s:6:\"base64\";}s:4:\"body\";a:3:{s:9:\"translate\";i:0;s:4:\"data\";s:6308:\"[encoded data, 6308 characters]\";s:6:\"format\";s:6:\"base64\";}s:7:\"excerpt\";a:3:{s:9:\"translate\";i:1;s:4:\"data\";s:0:\"\";s:6:\"format\";s:6:\"base64\";}s:4:\"t_22\";a:3:{s:9:\"translate\";i:1;s:4:\"data\";s:32:\"VGjDqXJhcGllIGluZGl2aWR1ZWxsZQ==\";s:6:\"format\";s:6:\"base64\";}s:22:\"package-string-11-9931\";a:3:{s:9:\"translate\";i:1;s:4:\"data\";s:4948:\"[encoded data, 4948 characters]\";s:6:\"format\";s:6:\"base64\";}s:23:\"package-string-11-10671\";a:3:{s:9:\"translate\";i:1;s:4:\"data\";s:4952:\"[encoded data, 4952 characters]\";s:6:\"format\";s:6:\"base64\";}s:22:\"package-string-11-9889\";a:3:{s:9:\"translate\";i:1;s:4:\"data\";s:4980:\"[encoded data, 4980 characters]\";s:6:\"format\";s:6:\"base64\";}s:23:\"package-string-11-12890\";a:3:{s:9:\"translate\";i:1;s:4:\"data\";s:8:\"MjM3Mw==\";s:6:\"format\";s:6:\"base64\";}s:22:\"package-string-11-9829\";a:3:{s:9:\"translate\";i:1;s:4:\"data\";s:56:\"VMOpbMOpcGhvbmV6IHBvdXIgb2J0ZW5pciB1bmUgY29uc3VsdGF0aW9u\";s:6:\"format\";s:6:\"base64\";}s:22:\"package-string-11-9830\";a:3:{s:9:\"translate\";i:1;s:4:\"data\";s:16:\"NDM4LTkzNC0xMjg3\";s:6:\"format\";s:6:\"base64\";}s:22:\"package-string-11-9888\";a:3:{s:9:\"translate\";i:1;s:4:\"data\";s:4664:\"[encoded data, 4664 characters]\";s:6:\"format\";s:6:\"base64\";}s:23:\"package-string-11-11848\";a:3:{s:9:\"translate\";i:1;s:4:\"data\";s:5012:\"[encoded data, 5012 characters]\";s:6:\"format\";s:6:\"base64\";}s:23:\"package-string-11-11916\";a:3:{s:9:\"translate\";i:1;s:4:\"data\";s:4940:\"[encoded data, 4940 characters]\";s:6:\"format\";s:6:\"base64\";}s:23:\"package-string-11-12888\";a:3:{s:9:\"translate\";i:1;s:4:\"data\";s:5324:\"[encoded data, 5324 characters]\";s:6:\"format\";s:6:\"base64\";}s:23:\"package-string-11-12889\";a:3:{s:9:\"translate\";i:1;s:4:\"data\";s:476:\"DQo8cCBzdHlsZT0idGV4dC1hbGlnbjogY2VudGVyOyI+RGlzcG9uaWJpbGl0w6kgZGUgbGEgcsOpY2VwdGlvbjo8L3A+DQo8cCBzdHlsZT0idGV4dC1hbGlnbjogY2VudGVyOyI+THVuZGkgYXUgdmVuZHJlZGk8L3A+DQo8cCBzdHlsZT0idGV4dC1hbGlnbjogY2VudGVyOyI+OWggw6AgMTdoPC9wPg0KDQoNCjxociAvPg0KPHAgc3R5bGU9InRleHQtYWxpZ246IGNlbnRlcjsiPkRpc3BvbmliaWxpdMOpIHBvdXIgbGVzIHRow6lyYXBpZXM8L3A+DQo8cCBzdHlsZT0idGV4dC1hbGlnbjogY2VudGVyOyI+OWggw6AgMjBoMzA8L3A+DQo8cCBzdHlsZT0idGV4dC1hbGlnbjogY2VudGVyOyI+THVuZGkgYXUgdmVuZHJlZGk8L3A+DQo=\";s:6:\"format\";s:6:\"base64\";}s:23:\"package-string-11-12940\";a:3:{s:9:\"translate\";i:1;s:4:\"data\";s:5300:\"[encoded data, 5300 characters]\";s:6:\"format\";s:6:\"base64\";}s:23:\"package-string-11-12955\";a:3:{s:9:\"translate\";i:1;s:4:\"data\";s:5372:\"[encoded data, 5372 characters]\";s:6:\"format\";s:6:\"base64\";}}s:4:\"type\";s:4:\"post\";}', '2017-03-09 21:06:54', 1, NULL, NULL, NULL, 1, NULL);
INSERT INTO `sle_icl_translation_status` (`rid`, `translation_id`, `status`, `translator_id`, `needs_update`, `md5`, `translation_service`, `batch_id`, `translation_package`, `timestamp`, `links_fixed`, `_prevstate`, `uuid`, `tp_id`, `tp_revision`, `ts_status`) VALUES
(5, 475, 10, 2, 0, '133ec9f89f5ca10075e267fdab665be7', 'local', 4, 'a:3:{s:3:\"url\";s:33:\"http://sexcoupletherapy.com?p=290\";s:8:\"contents\";a:29:{s:26:\"field-_yoast_wpseo_title-0\";a:3:{s:9:\"translate\";i:1;s:4:\"data\";s:72:\"VGjDqXJhcGllIHdlYmNhbSAtIExlIFNleG9sb2d1ZS5jYSAtIFBzeWNob3Row6lyYXBldXRl\";s:6:\"format\";s:6:\"base64\";}s:31:\"field-_yoast_wpseo_title-0-name\";a:2:{s:9:\"translate\";i:0;s:4:\"data\";s:20:\"_yoast_wpseo_title-0\";}s:31:\"field-_yoast_wpseo_title-0-type\";a:2:{s:9:\"translate\";i:0;s:4:\"data\";s:12:\"custom_field\";}s:29:\"field-_yoast_wpseo_metadesc-0\";a:3:{s:9:\"translate\";i:1;s:4:\"data\";s:168:\"TGEgdGjDqXJhcGllIHdlYmNhbSBlc3QgbGEgc29sdXRpb24gcG91ciBsZXMgZ2VucyBxdWkgbidvbnQgcGFzIGRlIHNlcnZpY2VzIGRlIHNleG9sb2d1ZSBwc3ljaG90aMOpcmFwZXV0ZSBkYW5zIGxldXIgcsOpZ2lvbi4=\";s:6:\"format\";s:6:\"base64\";}s:34:\"field-_yoast_wpseo_metadesc-0-name\";a:2:{s:9:\"translate\";i:0;s:4:\"data\";s:23:\"_yoast_wpseo_metadesc-0\";}s:34:\"field-_yoast_wpseo_metadesc-0-type\";a:2:{s:9:\"translate\";i:0;s:4:\"data\";s:12:\"custom_field\";}s:28:\"field-_yoast_wpseo_focuskw-0\";a:3:{s:9:\"translate\";i:1;s:4:\"data\";s:24:\"VGjDqXJhcGllIHdlYmNhbQ==\";s:6:\"format\";s:6:\"base64\";}s:33:\"field-_yoast_wpseo_focuskw-0-name\";a:2:{s:9:\"translate\";i:0;s:4:\"data\";s:22:\"_yoast_wpseo_focuskw-0\";}s:33:\"field-_yoast_wpseo_focuskw-0-type\";a:2:{s:9:\"translate\";i:0;s:4:\"data\";s:12:\"custom_field\";}s:11:\"original_id\";a:2:{s:9:\"translate\";i:0;s:4:\"data\";i:290;}s:5:\"title\";a:3:{s:9:\"translate\";i:1;s:4:\"data\";s:28:\"Q29uc3VsdGF0aW9uIHdlYmNhbQ==\";s:6:\"format\";s:6:\"base64\";}s:4:\"body\";a:3:{s:9:\"translate\";i:0;s:4:\"data\";s:3840:\"W3ZjX3Jvd11bdmNfY29sdW1uXVt2Y19jb2x1bW5fdGV4dF0NCjxoMSBjbGFzcz0icDEiPjxzcGFuIGNsYXNzPSJzMSI+PGI+VGjDqXJhcGllIHdlYmNhbSBhdmVjIHVuIHNleG9sb2d1ZSAmYW1wOyBwc3ljaG90aMOpcmFwZXV0ZTwvYj48L3NwYW4+PC9oMT4NCjxwIGNsYXNzPSJwMyI+PHNwYW4gY2xhc3M9InMxIj5MYSBwb3NzaWJpbGl0w6kgZGUgc3VpdnJlIHVuZSB0aMOpcmFwaWUgd2ViY2FtIGVzdCBhdXNzaSBkaXNwb25pYmxlIHNpIHZvdXMgdml2ZXogw6AgdW5lIGRpc3RhbmNlIHRyb3AgZ3JhbmRlIHBvdXIgdm91cyByZW5kcmUgw6AgbW9uIGJ1cmVhdS4gTGVzIMOpdHVkZXMgZMOpbW9udHJlbnQgcXVlIGzigJllZmZpY2FjaXTDqSBlc3Qgc2ltaWxhaXJlIMOgIHVuZSB0aMOpcmFwaWUgZmFjZSDDoCBmYWNlKiouIEFzc3VyZXotdm91cyBkJ2F2b2lyIHVuZSBjb25uZXhpb24gaGF1dGUgdml0ZXNzZSBldCBsJ2FwcGxpY2F0aW9uIEZhY2V0aW1lIG91IFNreXBlIHBvdXIgdXRpbGlzZXIgY2VzIHNlcnZpY2VzLiBMZXMgPGEgaHJlZj0iaHR0cDovL2xlc2V4b2xvZ3VlLmNhL3NleG9sb2d1ZS1wYXItd2ViY2FtLyI+bW9kZXMgZGUgcGFpZW1lbnRzPC9hPiBzb250IHBhciB0cmFuc2ZlcnQgaW50ZXJhYyAoRS10cmFuc2ZlcikgMjRoIGF2YW50IGxhIHPDqWFuY2UuwqA8L3NwYW4+PC9wPg0KPCEtLW1vcmUtLT4NCjxoMiBjbGFzcz0icDEiPjxzcGFuIGNsYXNzPSJzMSI+UXVvaSBzYXZvaXIgZCd1bmUgdGjDqXJhcGllIHBhciB3ZWJjYW0gYXZlYyB1biBzZXhvbG9ndWU6PC9zcGFuPjwvaDI+DQo8dWw+DQogCTxsaSBjbGFzcz0icDMiPjxzcGFuIGNsYXNzPSJzMiI+PGEgaHJlZj0iaHR0cHM6Ly9sZXNleG9sb2d1ZS5jYS9zZXhvbG9ndWUtcGFyLXdlYmNhbS8iPlByb2PDqWR1cmVzIHBvdXIgdW5lIHRow6lyYXBpZSBwYXIgd2ViY2FtPC9hPjwvc3Bhbj48L2xpPg0KIAk8bGkgY2xhc3M9InAzIj48YSBocmVmPSJodHRwOi8vbGVzZXhvbG9ndWUuY2EvY2xhc3NlcyI+UmFpc29ucyBwb3VyIGNvbnN1bHRlciB1biBzZXhvbG9ndWUgcHN5Y2hvdGjDqXJhcGV1dGU8L2E+PC9saT4NCiAJPGxpIGNsYXNzPSJwMyI+PGEgaHJlZj0iaHR0cHM6Ly9sZXNleG9sb2d1ZS5jYS9wcm9jZXNzdXMtZHVuZS1kZW1hcmNoZS1wc3ljaG90aGVyYXBldXRpcXVlLyI+UHJvY2Vzc3VzIHRow6lyYXBldXRpcXVlIGF2ZWMgdW4gc2V4b2xvZ3VlIHBzeWNob3Row6lyYXBldXRlPC9hPjwvbGk+DQogCTxsaT48YSBocmVmPSJodHRwczovL2xlc2V4b2xvZ3VlLmNhL3RoZXJhcGllL3JlbGF0aW9uLWRhaWRlLyI+UHJvY2Vzc3VzIGVuIHJlbGF0aW9uIGQnYWlkZSBhdmVjIHVuIHNleG9sb2d1ZTwvYT48L2xpPg0KIAk8bGkgY2xhc3M9InAzIj48YSBocmVmPSJodHRwczovL3d3dy5hY3R1YWxpdGVzLnVxYW0uY2EvMjAxOC9wc3ljaG90aGVyYXBpZS1hLWRpc3RhbmNlP3V0bV9jYW1wYWlnbj1VUUFNSEVCRE8mYW1wO3V0bV9tZWRpdW09ZW1haWwmYW1wO3V0bV9zb3VyY2U9MTJERUMyMDE4JmFtcDtmYmNsaWQ9SXdBUjNDRXdYRi1yWmhCNmlzZm1kVjRaUWFuMnpTY2t4ZFhPZDVrM0htLUtJQVB5NEE0RTg3YjRGTDhFMCI+QXZhbnRhZ2UgZCd1bmUgcHN5Y2hvdGjDqXJhcGllIHBhciB3ZWJjYW08L2E+PC9saT4NCjwvdWw+DQoNCjxociAvPg0KDQo8aDMgY2xhc3M9InA1Ij48c3BhbiBjbGFzcz0iczEiPjxiPkNvw7t0IGV0IGR1csOpZSBk4oCZdW5lIHPDqWFuY2UgcGFyIHdlYmNhbTwvYj48L3NwYW4+PC9oMz4NCjxwIGNsYXNzPSJwNSI+PHNwYW4gY2xhc3M9InMxIj5MZXMgc8OpYW5jZXMgc29udCBkJ3VuZSBkdXLDqWUgZGUgPGI+NTAgbWludXRlcyDDoCB1biBjb8O7dCBkZSA5NSQuIChDZXMgZnJhaXMgc2Vyb250IGRlIDEwMCQgw6AgcGFydGlyIGRlIGphbnZpZXIgMjAyMSk8L2I+PC9zcGFuPjwvcD4NCjxwIGNsYXNzPSJwNSI+PHNwYW4gY2xhc3M9InMxIj5EZXMgcmXDp3VzIHNvbnQgZGlzcG9uaWJsZXMgc3VyIGRlbWFuZGUgcG91ciBmaW5zIGQnYXNzdXJhbmNlcyBldCBk4oCZaW1ww7R0cyBjb21tZSA8Yj5zZXhvbG9ndWU8L2I+ICZhbXA7IDxiPnBzeWNob3Row6lyYXBldXRlPC9iPi48L3NwYW4+PC9wPg0KDQoNCjxociAvPg0KDQoqKiBXYWduZXIsIEI7IEhvcm4sIEE7IE1hZXJja2VyLCBBLiAoMjAxMykg4oCcSW50ZXJuZXQtYmFzZWQgdmVyc3VzIGZhY2UtdG8tZmFjZSBjb2duaXRpdmUtYmVoYXZpb3JhbCBpbnRlcnZlbnRpb24gZm9yIGRlcHJlc3Npb246IEEgcmFuZG9taXplZCBjb250cm9sbGVkIG5vbi1pbmZlcmlvcml0eSB0cmlhbOKAnS4gSm91cm5hbCBvZiBBZmZlY3RpdmUgRGlzb3JkZXJzLiBKdWx5IDIwMTNbL3ZjX2NvbHVtbl90ZXh0XVsvdmNfY29sdW1uXVsvdmNfcm93XVt2Y19yb3ddW3ZjX2NvbHVtbl1bZ2FwIHNpemU9IjE1MCJdW2NvbnRhY3QtZm9ybS03IGlkPSI0MDYyIl1bL3ZjX2NvbHVtbl1bL3ZjX3Jvd11bdmNfcm93XVt2Y19jb2x1bW5dW3ZjX2N0YSBoMj0iVMOpbMOpcGhvbmVyIGxhIHLDqWNlcHRpb24gcG91ciB1biByZW5kZXotdm91cyIgaDQ9IjQzOC05MzQtMTI4NyIgdHh0X2FsaWduPSJjZW50ZXIiIHN0eWxlPSJmbGF0IiBjb2xvcj0ic2FuZHktYnJvd24iXQ0KPHAgc3R5bGU9InRleHQtYWxpZ246IGNlbnRlcjsiPkhldXJlIGQnb3V2ZXJ0dXJlIGRlIGxhIHLDqWNlcHRpb248L3A+DQo8cCBzdHlsZT0idGV4dC1hbGlnbjogY2VudGVyOyI+OWggw6AgMTdoPC9wPg0KPHAgc3R5bGU9InRleHQtYWxpZ246IGNlbnRlcjsiPkhldXJlIGQnb3V2ZXJ0dXJlIHBvdXIgbGVzIGNvbnN1bHRhdGlvbnM8L3A+DQo8cCBzdHlsZT0idGV4dC1hbGlnbjogY2VudGVyOyI+OWggw6AgMjBoMzA8L3A+DQpbL3ZjX2N0YV1bL3ZjX2NvbHVtbl1bL3ZjX3Jvd10=\";s:6:\"format\";s:6:\"base64\";}s:7:\"excerpt\";a:3:{s:9:\"translate\";i:1;s:4:\"data\";s:0:\"\";s:6:\"format\";s:6:\"base64\";}s:4:\"t_24\";a:3:{s:9:\"translate\";i:1;s:4:\"data\";s:28:\"VGjDqXJhcGllIHBhciB3ZWJjYW0=\";s:6:\"format\";s:6:\"base64\";}s:22:\"package-string-12-9897\";a:3:{s:9:\"translate\";i:1;s:4:\"data\";s:2808:\"DQo8aDEgY2xhc3M9InAxIj48c3BhbiBjbGFzcz0iczEiPjxiPlRow6lyYXBpZSB3ZWJjYW0gYXZlYyB1biBzZXhvbG9ndWUgJmFtcDsgcHN5Y2hvdGjDqXJhcGV1dGU8L2I+PC9zcGFuPjwvaDE+DQo8cCBjbGFzcz0icDMiPjxzcGFuIGNsYXNzPSJzMSI+TGEgcG9zc2liaWxpdMOpIGRlIHN1aXZyZSB1bmUgdGjDqXJhcGllIHdlYmNhbSBlc3QgYXVzc2kgZGlzcG9uaWJsZSBzaSB2b3VzIHZpdmV6IMOgIHVuZSBkaXN0YW5jZSB0cm9wIGdyYW5kZSBwb3VyIHZvdXMgcmVuZHJlIMOgIG1vbiBidXJlYXUuIExlcyDDqXR1ZGVzIGTDqW1vbnRyZW50IHF1ZSBs4oCZZWZmaWNhY2l0w6kgZXN0IHNpbWlsYWlyZSDDoCB1bmUgdGjDqXJhcGllIGZhY2Ugw6AgZmFjZSoqLiBBc3N1cmV6LXZvdXMgZCdhdm9pciB1bmUgY29ubmV4aW9uIGhhdXRlIHZpdGVzc2UgZXQgbCdhcHBsaWNhdGlvbiBGYWNldGltZSBvdSBTa3lwZSBwb3VyIHV0aWxpc2VyIGNlcyBzZXJ2aWNlcy4gTGVzIDxhIGhyZWY9Imh0dHA6Ly9tb250cmVhbC5sZXNleG9sb2d1ZS5jYS8yMDE0LzAyL3Byb2NlZHVyZS1wb3VyLXVuZS1zZWFuY2UtcGFyLXdlYmNhbS5odG1sI21ldGhvZGVwYWllbWVudCI+bW9kZXMgZGUgcGFpZW1lbnRzPC9hPiBzb250IHBhciB0cmFuc2ZlcnQgaW50ZXJhYyAoRS10cmFuc2ZlcikgMjRoIGF2YW50IGxhIHPDqWFuY2UuwqA8L3NwYW4+PC9wPg0KPCEtLW1vcmUtLT4NCjxoMiBjbGFzcz0icDEiPjxzcGFuIGNsYXNzPSJzMSI+UXVvaSBzYXZvaXIgZCd1bmUgdGjDqXJhcGllIHBhciB3ZWJjYW0gYXZlYyB1biBzZXhvbG9ndWU6PC9zcGFuPjwvaDI+DQo8dWw+DQogCTxsaSBjbGFzcz0icDMiPjxzcGFuIGNsYXNzPSJzMiI+PGEgaHJlZj0iaHR0cDovL21vbnRyZWFsLmxlc2V4b2xvZ3VlLmNhLzIwMTQvMDIvcHJvY2VkdXJlLXBvdXItdW5lLXNlYW5jZS1wYXItd2ViY2FtLmh0bWwiPlByb2PDqWR1cmVzIHBvdXIgdW5lIHRow6lyYXBpZSBwYXIgd2ViY2FtPC9hPjwvc3Bhbj48L2xpPg0KIAk8bGkgY2xhc3M9InAzIj48YSBocmVmPSJodHRwOi8vbGVzZXhvbG9ndWUuY2EvY2xhc3NlcyI+UmFpc29ucyBwb3VyIGNvbnN1bHRlciB1biBzZXhvbG9ndWUgcHN5Y2hvdGjDqXJhcGV1dGU8L2E+PC9saT4NCiAJPGxpIGNsYXNzPSJwMyI+PGEgaHJlZj0iaHR0cDovL21vbnRyZWFsLmxlc2V4b2xvZ3VlLmNhLzIwMTMvMDgvbGUtcHJvY2Vzc3VzLWR1bmUtZGVtYXJjaGUtdGhlcmFwZXV0aXF1ZS5odG1sIj5Qcm9jZXNzdXMgdGjDqXJhcGV1dGlxdWUgYXZlYyB1biBzZXhvbG9ndWUgcHN5Y2hvdGjDqXJhcGV1dGU8L2E+PC9saT4NCiAJPGxpIGNsYXNzPSJwMyI+PGEgaHJlZj0iaHR0cHM6Ly9kcml2ZS5nb29nbGUuY29tL2ZpbGUvZC8wQnc1RDZ0TVdaT2ZmZEVkb1ZXVjBRbXRWVURBL3ZpZXc/dXNwPXNoYXJpbmciPkZvcm11bGFpcmUgZCdvdXZlcnR1cmUgZGUgZG9zc2llcjwvYT48L2xpPg0KPC91bD4NCg0KPGhyIC8+DQoNCjxoMyBjbGFzcz0icDUiPjxzcGFuIGNsYXNzPSJzMSI+PGI+Q2/Du3QgZXQgZHVyw6llIGTigJl1bmUgc8OpYW5jZSBwYXIgd2ViY2FtPC9iPjwvc3Bhbj48L2gzPg0KPHAgY2xhc3M9InA1Ij48c3BhbiBjbGFzcz0iczEiPkxlcyBzw6lhbmNlcyBzb250IGQndW5lIGR1csOpZSBkZSA8Yj41MCBtaW51dGVzIMOgIHVuIGNvw7t0IGRlIDkwJCBjaGFxdWU8L2I+Ljwvc3Bhbj48L3A+DQo8cCBjbGFzcz0icDUiPjxzcGFuIGNsYXNzPSJzMSI+RGVzIHJlw6d1cyBzb250IGRpc3BvbmlibGVzIHN1ciBkZW1hbmRlIHBvdXIgZmlucyBkJ2Fzc3VyYW5jZXMgZXQgZOKAmWltcMO0dHMgY29tbWUgPGI+c2V4b2xvZ3VlPC9iPiAmYW1wOyA8Yj5wc3ljaG90aMOpcmFwZXV0ZTwvYj4uPC9zcGFuPjwvcD4NCg0KDQo8aHIgLz4NCg0KKiogV2FnbmVyLCBCOyBIb3JuLCBBOyBNYWVyY2tlciwgQS4gKDIwMTMpIOKAnEludGVybmV0LWJhc2VkIHZlcnN1cyBmYWNlLXRvLWZhY2UgY29nbml0aXZlLWJlaGF2aW9yYWwgaW50ZXJ2ZW50aW9uIGZvciBkZXByZXNzaW9uOiBBIHJhbmRvbWl6ZWQgY29udHJvbGxlZCBub24taW5mZXJpb3JpdHkgdHJpYWzigJ0uIEpvdXJuYWwgb2YgQWZmZWN0aXZlIERpc29yZGVycy4gSnVseSAyMDEz\";s:6:\"format\";s:6:\"base64\";}s:22:\"package-string-12-9896\";a:3:{s:9:\"translate\";i:1;s:4:\"data\";s:2820:\"DQo8aDEgY2xhc3M9InAxIj48c3BhbiBjbGFzcz0iczEiPjxiPlRow6lyYXBpZSBwYXIgd2ViY2FtIGF2ZWMgdW4gc2V4b2xvZ3VlICZhbXA7IHBzeWNob3Row6lyYXBldXRlPC9iPjwvc3Bhbj48L2gxPg0KPHAgY2xhc3M9InAzIj48c3BhbiBjbGFzcz0iczEiPkxhIHBvc3NpYmlsaXTDqSBkZSBzdWl2cmUgdW5lIHRow6lyYXBpZSBwYXIgd2ViY2FtIGVzdCBhdXNzaSBkaXNwb25pYmxlIHNpIHZvdXMgdml2ZXogw6AgdW5lIGRpc3RhbmNlIHRyb3AgZ3JhbmRlIHBvdXIgdm91cyByZW5kcmUgw6AgbW9uIGJ1cmVhdS4gTGVzIMOpdHVkZXMgZMOpbW9udHJlbnQgcXVlIGzigJllZmZpY2FjaXTDqSBlc3Qgc2ltaWxhaXJlIMOgIHVuZSB0aMOpcmFwaWUgZmFjZSDDoCBmYWNlKiouIEFzc3VyZXotdm91cyBkJ2F2b2lyIHVuZSBjb25uZXhpb24gaGF1dGUgdml0ZXNzZSBldCBsJ2FwcGxpY2F0aW9uIEZhY2V0aW1lIG91IFNreXBlIHBvdXIgdXRpbGlzZXIgc2VzIHNlcnZpY2VzLiBMZXMgPGEgaHJlZj0iaHR0cDovL21vbnRyZWFsLmxlc2V4b2xvZ3VlLmNhLzIwMTQvMDIvcHJvY2VkdXJlLXBvdXItdW5lLXNlYW5jZS1wYXItd2ViY2FtLmh0bWwjbWV0aG9kZXBhaWVtZW50Ij5tb2RlcyBkZSBwYWllbWVudHM8L2E+IHNvbnQgcGFyIHRyYW5zZmVydCBpbnRlcmFjIChFLXRyYW5zZmVyKSAyNGggYXZhbnQgbGEgc8OpYW5jZS7CoDwvc3Bhbj48L3A+DQo8IS0tbW9yZS0tPg0KPGgyIGNsYXNzPSJwMSI+PHNwYW4gY2xhc3M9InMxIj5RdW9pIHNhdm9pciBkJ3VuZSB0aMOpcmFwaWUgcGFyIHdlYmNhbSBhdmVjIHVuIHNleG9sb2d1ZTo8L3NwYW4+PC9oMj4NCjx1bD4NCiAJPGxpIGNsYXNzPSJwMyI+PHNwYW4gY2xhc3M9InMyIj48YSBocmVmPSJodHRwOi8vbW9udHJlYWwubGVzZXhvbG9ndWUuY2EvMjAxNC8wMi9wcm9jZWR1cmUtcG91ci11bmUtc2VhbmNlLXBhci13ZWJjYW0uaHRtbCI+UHJvY8OpZHVyZXMgcG91ciB1bmUgdGjDqXJhcGllIHBhciB3ZWJjYW08L2E+PC9zcGFuPjwvbGk+DQogCTxsaSBjbGFzcz0icDMiPjxhIGhyZWY9Imh0dHA6Ly9sZXNleG9sb2d1ZS5jYS9jbGFzc2VzIj5SYWlzb25zIHBvdXIgY29uc3VsdGVyIHVuIHNleG9sb2d1ZSBwc3ljaG90aMOpcmFwZXV0ZTwvYT48L2xpPg0KIAk8bGkgY2xhc3M9InAzIj48YSBocmVmPSJodHRwOi8vbW9udHJlYWwubGVzZXhvbG9ndWUuY2EvMjAxMy8wOC9sZS1wcm9jZXNzdXMtZHVuZS1kZW1hcmNoZS10aGVyYXBldXRpcXVlLmh0bWwiPlByb2Nlc3N1cyB0aMOpcmFwZXV0aXF1ZSBhdmVjIHVuIHNleG9sb2d1ZSBwc3ljaG90aMOpcmFwZXV0ZTwvYT48L2xpPg0KIAk8bGkgY2xhc3M9InAzIj48YSBocmVmPSJodHRwczovL2RyaXZlLmdvb2dsZS5jb20vZmlsZS9kLzBCdzVENnRNV1pPZmZkRWRvVldWMFFtdFZVREEvdmlldz91c3A9c2hhcmluZyI+Rm9ybXVsYWlyZSBkJ291dmVydHVyZSBkZSBkb3NzaWVyPC9hPjwvbGk+DQo8L3VsPg0KDQo8aHIgLz4NCg0KPGgzIGNsYXNzPSJwNSI+PHNwYW4gY2xhc3M9InMxIj48Yj5Db8O7dCBldCBkdXLDqWUgZOKAmXVuZSBzw6lhbmNlIHBhciB3ZWJjYW08L2I+PC9zcGFuPjwvaDM+DQo8cCBjbGFzcz0icDUiPjxzcGFuIGNsYXNzPSJzMSI+TGVzIHPDqWFuY2VzIHNvbnQgZCd1bmUgZHVyw6llIGRlIDxiPjUwIG1pbnV0ZXMgw6AgdW4gY2/Du3QgZGUgOTAkIGNoYXF1ZTwvYj4uPC9zcGFuPjwvcD4NCjxwIGNsYXNzPSJwNSI+PHNwYW4gY2xhc3M9InMxIj5EZXMgcmXDp3VzIHNvbnQgZGlzcG9uaWJsZXMgc3VyIGRlbWFuZGUgcG91ciBmaW5zIGQnYXNzdXJhbmNlcyBldCBk4oCZaW1ww7R0cyBjb21tZSA8Yj5zZXhvbG9ndWU8L2I+ICZhbXA7IDxiPnBzeWNob3Row6lyYXBldXRlPC9iPi48L3NwYW4+PC9wPg0KDQoNCjxociAvPg0KDQoqKiBXYWduZXIsIEI7IEhvcm4sIEE7IE1hZXJja2VyLCBBLiAoMjAxMykg4oCcSW50ZXJuZXQtYmFzZWQgdmVyc3VzIGZhY2UtdG8tZmFjZSBjb2duaXRpdmUtYmVoYXZpb3JhbCBpbnRlcnZlbnRpb24gZm9yIGRlcHJlc3Npb246IEEgcmFuZG9taXplZCBjb250cm9sbGVkIG5vbi1pbmZlcmlvcml0eSB0cmlhbOKAnS4gSm91cm5hbCBvZiBBZmZlY3RpdmUgRGlzb3JkZXJzLiBKdWx5IDIwMTM=\";s:6:\"format\";s:6:\"base64\";}s:23:\"package-string-12-11135\";a:3:{s:9:\"translate\";i:1;s:4:\"data\";s:3188:\"DQo8aDEgY2xhc3M9InAxIj48c3BhbiBjbGFzcz0iczEiPjxiPlRow6lyYXBpZSB3ZWJjYW0gYXZlYyB1biBzZXhvbG9ndWUgJmFtcDsgcHN5Y2hvdGjDqXJhcGV1dGU8L2I+PC9zcGFuPjwvaDE+DQo8cCBjbGFzcz0icDMiPjxzcGFuIGNsYXNzPSJzMSI+TGEgcG9zc2liaWxpdMOpIGRlIHN1aXZyZSB1bmUgdGjDqXJhcGllIHdlYmNhbSBlc3QgYXVzc2kgZGlzcG9uaWJsZSBzaSB2b3VzIHZpdmV6IMOgIHVuZSBkaXN0YW5jZSB0cm9wIGdyYW5kZSBwb3VyIHZvdXMgcmVuZHJlIMOgIG1vbiBidXJlYXUuIExlcyDDqXR1ZGVzIGTDqW1vbnRyZW50IHF1ZSBs4oCZZWZmaWNhY2l0w6kgZXN0IHNpbWlsYWlyZSDDoCB1bmUgdGjDqXJhcGllIGZhY2Ugw6AgZmFjZSoqLiBBc3N1cmV6LXZvdXMgZCdhdm9pciB1bmUgY29ubmV4aW9uIGhhdXRlIHZpdGVzc2UgZXQgbCdhcHBsaWNhdGlvbiBGYWNldGltZSBvdSBTa3lwZSBwb3VyIHV0aWxpc2VyIGNlcyBzZXJ2aWNlcy4gTGVzIDxhIGhyZWY9Imh0dHA6Ly9tb250cmVhbC5sZXNleG9sb2d1ZS5jYS8yMDE0LzAyL3Byb2NlZHVyZS1wb3VyLXVuZS1zZWFuY2UtcGFyLXdlYmNhbS5odG1sI21ldGhvZGVwYWllbWVudCI+bW9kZXMgZGUgcGFpZW1lbnRzPC9hPiBzb250IHBhciB0cmFuc2ZlcnQgaW50ZXJhYyAoRS10cmFuc2ZlcikgMjRoIGF2YW50IGxhIHPDqWFuY2UuwqA8L3NwYW4+PC9wPg0KPCEtLW1vcmUtLT4NCjxoMiBjbGFzcz0icDEiPjxzcGFuIGNsYXNzPSJzMSI+UXVvaSBzYXZvaXIgZCd1bmUgdGjDqXJhcGllIHBhciB3ZWJjYW0gYXZlYyB1biBzZXhvbG9ndWU6PC9zcGFuPjwvaDI+DQo8dWw+DQogCTxsaSBjbGFzcz0icDMiPjxzcGFuIGNsYXNzPSJzMiI+PGEgaHJlZj0iaHR0cDovL21vbnRyZWFsLmxlc2V4b2xvZ3VlLmNhLzIwMTQvMDIvcHJvY2VkdXJlLXBvdXItdW5lLXNlYW5jZS1wYXItd2ViY2FtLmh0bWwiPlByb2PDqWR1cmVzIHBvdXIgdW5lIHRow6lyYXBpZSBwYXIgd2ViY2FtPC9hPjwvc3Bhbj48L2xpPg0KIAk8bGkgY2xhc3M9InAzIj48YSBocmVmPSJodHRwOi8vbGVzZXhvbG9ndWUuY2EvY2xhc3NlcyI+UmFpc29ucyBwb3VyIGNvbnN1bHRlciB1biBzZXhvbG9ndWUgcHN5Y2hvdGjDqXJhcGV1dGU8L2E+PC9saT4NCiAJPGxpIGNsYXNzPSJwMyI+PGEgaHJlZj0iaHR0cDovL21vbnRyZWFsLmxlc2V4b2xvZ3VlLmNhLzIwMTMvMDgvbGUtcHJvY2Vzc3VzLWR1bmUtZGVtYXJjaGUtdGhlcmFwZXV0aXF1ZS5odG1sIj5Qcm9jZXNzdXMgdGjDqXJhcGV1dGlxdWUgYXZlYyB1biBzZXhvbG9ndWUgcHN5Y2hvdGjDqXJhcGV1dGU8L2E+PC9saT4NCiAJPGxpIGNsYXNzPSJwMyI+PGEgaHJlZj0iaHR0cHM6Ly9kcml2ZS5nb29nbGUuY29tL2ZpbGUvZC8wQnc1RDZ0TVdaT2ZmZEVkb1ZXVjBRbXRWVURBL3ZpZXc/dXNwPXNoYXJpbmciPkZvcm11bGFpcmUgZCdvdXZlcnR1cmUgZGUgZG9zc2llcjwvYT48L2xpPg0KIAk8bGkgY2xhc3M9InAzIj48YSBocmVmPSJodHRwczovL3d3dy5hY3R1YWxpdGVzLnVxYW0uY2EvMjAxOC9wc3ljaG90aGVyYXBpZS1hLWRpc3RhbmNlP3V0bV9jYW1wYWlnbj1VUUFNSEVCRE8mYW1wO3V0bV9tZWRpdW09ZW1haWwmYW1wO3V0bV9zb3VyY2U9MTJERUMyMDE4JmFtcDtmYmNsaWQ9SXdBUjNDRXdYRi1yWmhCNmlzZm1kVjRaUWFuMnpTY2t4ZFhPZDVrM0htLUtJQVB5NEE0RTg3YjRGTDhFMCI+QXZhbnRhZ2UgZCd1bmUgcHN5Y2hvdGjDqXJhcGllIHBhciB3ZWJjYW08L2E+PC9saT4NCjwvdWw+DQoNCjxociAvPg0KDQo8aDMgY2xhc3M9InA1Ij48c3BhbiBjbGFzcz0iczEiPjxiPkNvw7t0IGV0IGR1csOpZSBk4oCZdW5lIHPDqWFuY2UgcGFyIHdlYmNhbTwvYj48L3NwYW4+PC9oMz4NCjxwIGNsYXNzPSJwNSI+PHNwYW4gY2xhc3M9InMxIj5MZXMgc8OpYW5jZXMgc29udCBkJ3VuZSBkdXLDqWUgZGUgPGI+NTAgbWludXRlcyDDoCB1biBjb8O7dCBkZSA5MCQgY2hhcXVlPC9iPi48L3NwYW4+PC9wPg0KPHAgY2xhc3M9InA1Ij48c3BhbiBjbGFzcz0iczEiPkRlcyByZcOndXMgc29udCBkaXNwb25pYmxlcyBzdXIgZGVtYW5kZSBwb3VyIGZpbnMgZCdhc3N1cmFuY2VzIGV0IGTigJlpbXDDtHRzIGNvbW1lIDxiPnNleG9sb2d1ZTwvYj4gJmFtcDsgPGI+cHN5Y2hvdGjDqXJhcGV1dGU8L2I+Ljwvc3Bhbj48L3A+DQoNCg0KPGhyIC8+DQoNCioqIFdhZ25lciwgQjsgSG9ybiwgQTsgTWFlcmNrZXIsIEEuICgyMDEzKSDigJxJbnRlcm5ldC1iYXNlZCB2ZXJzdXMgZmFjZS10by1mYWNlIGNvZ25pdGl2ZS1iZWhhdmlvcmFsIGludGVydmVudGlvbiBmb3IgZGVwcmVzc2lvbjogQSByYW5kb21pemVkIGNvbnRyb2xsZWQgbm9uLWluZmVyaW9yaXR5IHRyaWFs4oCdLiBKb3VybmFsIG9mIEFmZmVjdGl2ZSBEaXNvcmRlcnMuIEp1bHkgMjAxMw==\";s:6:\"format\";s:6:\"base64\";}s:23:\"package-string-12-11136\";a:3:{s:9:\"translate\";i:1;s:4:\"data\";s:8:\"MTc1Mg==\";s:6:\"format\";s:6:\"base64\";}s:23:\"package-string-12-11849\";a:3:{s:9:\"translate\";i:1;s:4:\"data\";s:3264:\"DQo8aDEgY2xhc3M9InAxIj48c3BhbiBjbGFzcz0iczEiPjxiPlRow6lyYXBpZSB3ZWJjYW0gYXZlYyB1biBzZXhvbG9ndWUgJmFtcDsgcHN5Y2hvdGjDqXJhcGV1dGU8L2I+PC9zcGFuPjwvaDE+DQo8cCBjbGFzcz0icDMiPjxzcGFuIGNsYXNzPSJzMSI+TGEgcG9zc2liaWxpdMOpIGRlIHN1aXZyZSB1bmUgdGjDqXJhcGllIHdlYmNhbSBlc3QgYXVzc2kgZGlzcG9uaWJsZSBzaSB2b3VzIHZpdmV6IMOgIHVuZSBkaXN0YW5jZSB0cm9wIGdyYW5kZSBwb3VyIHZvdXMgcmVuZHJlIMOgIG1vbiBidXJlYXUuIExlcyDDqXR1ZGVzIGTDqW1vbnRyZW50IHF1ZSBs4oCZZWZmaWNhY2l0w6kgZXN0IHNpbWlsYWlyZSDDoCB1bmUgdGjDqXJhcGllIGZhY2Ugw6AgZmFjZSoqLiBBc3N1cmV6LXZvdXMgZCdhdm9pciB1bmUgY29ubmV4aW9uIGhhdXRlIHZpdGVzc2UgZXQgbCdhcHBsaWNhdGlvbiBGYWNldGltZSBvdSBTa3lwZSBwb3VyIHV0aWxpc2VyIGNlcyBzZXJ2aWNlcy4gTGVzIDxhIGhyZWY9Imh0dHA6Ly9tb250cmVhbC5sZXNleG9sb2d1ZS5jYS8yMDE0LzAyL3Byb2NlZHVyZS1wb3VyLXVuZS1zZWFuY2UtcGFyLXdlYmNhbS5odG1sI21ldGhvZGVwYWllbWVudCI+bW9kZXMgZGUgcGFpZW1lbnRzPC9hPiBzb250IHBhciB0cmFuc2ZlcnQgaW50ZXJhYyAoRS10cmFuc2ZlcikgMjRoIGF2YW50IGxhIHPDqWFuY2UuwqA8L3NwYW4+PC9wPg0KPCEtLW1vcmUtLT4NCjxoMiBjbGFzcz0icDEiPjxzcGFuIGNsYXNzPSJzMSI+UXVvaSBzYXZvaXIgZCd1bmUgdGjDqXJhcGllIHBhciB3ZWJjYW0gYXZlYyB1biBzZXhvbG9ndWU6PC9zcGFuPjwvaDI+DQo8dWw+DQogCTxsaSBjbGFzcz0icDMiPjxzcGFuIGNsYXNzPSJzMiI+PGEgaHJlZj0iaHR0cDovL21vbnRyZWFsLmxlc2V4b2xvZ3VlLmNhLzIwMTQvMDIvcHJvY2VkdXJlLXBvdXItdW5lLXNlYW5jZS1wYXItd2ViY2FtLmh0bWwiPlByb2PDqWR1cmVzIHBvdXIgdW5lIHRow6lyYXBpZSBwYXIgd2ViY2FtPC9hPjwvc3Bhbj48L2xpPg0KIAk8bGkgY2xhc3M9InAzIj48YSBocmVmPSJodHRwOi8vbGVzZXhvbG9ndWUuY2EvY2xhc3NlcyI+UmFpc29ucyBwb3VyIGNvbnN1bHRlciB1biBzZXhvbG9ndWUgcHN5Y2hvdGjDqXJhcGV1dGU8L2E+PC9saT4NCiAJPGxpIGNsYXNzPSJwMyI+PGEgaHJlZj0iaHR0cDovL21vbnRyZWFsLmxlc2V4b2xvZ3VlLmNhLzIwMTMvMDgvbGUtcHJvY2Vzc3VzLWR1bmUtZGVtYXJjaGUtdGhlcmFwZXV0aXF1ZS5odG1sIj5Qcm9jZXNzdXMgdGjDqXJhcGV1dGlxdWUgYXZlYyB1biBzZXhvbG9ndWUgcHN5Y2hvdGjDqXJhcGV1dGU8L2E+PC9saT4NCiAJPGxpIGNsYXNzPSJwMyI+PGEgaHJlZj0iaHR0cHM6Ly9kcml2ZS5nb29nbGUuY29tL2ZpbGUvZC8wQnc1RDZ0TVdaT2ZmZEVkb1ZXVjBRbXRWVURBL3ZpZXc/dXNwPXNoYXJpbmciPkZvcm11bGFpcmUgZCdvdXZlcnR1cmUgZGUgZG9zc2llcjwvYT48L2xpPg0KIAk8bGkgY2xhc3M9InAzIj48YSBocmVmPSJodHRwczovL3d3dy5hY3R1YWxpdGVzLnVxYW0uY2EvMjAxOC9wc3ljaG90aGVyYXBpZS1hLWRpc3RhbmNlP3V0bV9jYW1wYWlnbj1VUUFNSEVCRE8mYW1wO3V0bV9tZWRpdW09ZW1haWwmYW1wO3V0bV9zb3VyY2U9MTJERUMyMDE4JmFtcDtmYmNsaWQ9SXdBUjNDRXdYRi1yWmhCNmlzZm1kVjRaUWFuMnpTY2t4ZFhPZDVrM0htLUtJQVB5NEE0RTg3YjRGTDhFMCI+QXZhbnRhZ2UgZCd1bmUgcHN5Y2hvdGjDqXJhcGllIHBhciB3ZWJjYW08L2E+PC9saT4NCjwvdWw+DQoNCjxociAvPg0KDQo8aDMgY2xhc3M9InA1Ij48c3BhbiBjbGFzcz0iczEiPjxiPkNvw7t0IGV0IGR1csOpZSBk4oCZdW5lIHPDqWFuY2UgcGFyIHdlYmNhbTwvYj48L3NwYW4+PC9oMz4NCjxwIGNsYXNzPSJwNSI+PHNwYW4gY2xhc3M9InMxIj5MZXMgc8OpYW5jZXMgc29udCBkJ3VuZSBkdXLDqWUgZGUgPGI+NTAgbWludXRlcyDDoCB1biBjb8O7dCBkZSA5MCQuPC9iPjwvc3Bhbj48L3A+DQpMZXMgaG9ub3JhaXJlcyBhdWdtZW50ZXJvbnQgw6AgOTUkIMOgIHBhcnRpciBkdSAxZXIganVpbiAyMDE5Lg0KPHAgY2xhc3M9InA1Ij48c3BhbiBjbGFzcz0iczEiPkRlcyByZcOndXMgc29udCBkaXNwb25pYmxlcyBzdXIgZGVtYW5kZSBwb3VyIGZpbnMgZCdhc3N1cmFuY2VzIGV0IGTigJlpbXDDtHRzIGNvbW1lIDxiPnNleG9sb2d1ZTwvYj4gJmFtcDsgPGI+cHN5Y2hvdGjDqXJhcGV1dGU8L2I+Ljwvc3Bhbj48L3A+DQoNCg0KPGhyIC8+DQoNCioqIFdhZ25lciwgQjsgSG9ybiwgQTsgTWFlcmNrZXIsIEEuICgyMDEzKSDigJxJbnRlcm5ldC1iYXNlZCB2ZXJzdXMgZmFjZS10by1mYWNlIGNvZ25pdGl2ZS1iZWhhdmlvcmFsIGludGVydmVudGlvbiBmb3IgZGVwcmVzc2lvbjogQSByYW5kb21pemVkIGNvbnRyb2xsZWQgbm9uLWluZmVyaW9yaXR5IHRyaWFs4oCdLiBKb3VybmFsIG9mIEFmZmVjdGl2ZSBEaXNvcmRlcnMuIEp1bHkgMjAxMw==\";s:6:\"format\";s:6:\"base64\";}s:23:\"package-string-12-11915\";a:3:{s:9:\"translate\";i:1;s:4:\"data\";s:3176:\"DQo8aDEgY2xhc3M9InAxIj48c3BhbiBjbGFzcz0iczEiPjxiPlRow6lyYXBpZSB3ZWJjYW0gYXZlYyB1biBzZXhvbG9ndWUgJmFtcDsgcHN5Y2hvdGjDqXJhcGV1dGU8L2I+PC9zcGFuPjwvaDE+DQo8cCBjbGFzcz0icDMiPjxzcGFuIGNsYXNzPSJzMSI+TGEgcG9zc2liaWxpdMOpIGRlIHN1aXZyZSB1bmUgdGjDqXJhcGllIHdlYmNhbSBlc3QgYXVzc2kgZGlzcG9uaWJsZSBzaSB2b3VzIHZpdmV6IMOgIHVuZSBkaXN0YW5jZSB0cm9wIGdyYW5kZSBwb3VyIHZvdXMgcmVuZHJlIMOgIG1vbiBidXJlYXUuIExlcyDDqXR1ZGVzIGTDqW1vbnRyZW50IHF1ZSBs4oCZZWZmaWNhY2l0w6kgZXN0IHNpbWlsYWlyZSDDoCB1bmUgdGjDqXJhcGllIGZhY2Ugw6AgZmFjZSoqLiBBc3N1cmV6LXZvdXMgZCdhdm9pciB1bmUgY29ubmV4aW9uIGhhdXRlIHZpdGVzc2UgZXQgbCdhcHBsaWNhdGlvbiBGYWNldGltZSBvdSBTa3lwZSBwb3VyIHV0aWxpc2VyIGNlcyBzZXJ2aWNlcy4gTGVzIDxhIGhyZWY9Imh0dHA6Ly9tb250cmVhbC5sZXNleG9sb2d1ZS5jYS8yMDE0LzAyL3Byb2NlZHVyZS1wb3VyLXVuZS1zZWFuY2UtcGFyLXdlYmNhbS5odG1sI21ldGhvZGVwYWllbWVudCI+bW9kZXMgZGUgcGFpZW1lbnRzPC9hPiBzb250IHBhciB0cmFuc2ZlcnQgaW50ZXJhYyAoRS10cmFuc2ZlcikgMjRoIGF2YW50IGxhIHPDqWFuY2UuwqA8L3NwYW4+PC9wPg0KPCEtLW1vcmUtLT4NCjxoMiBjbGFzcz0icDEiPjxzcGFuIGNsYXNzPSJzMSI+UXVvaSBzYXZvaXIgZCd1bmUgdGjDqXJhcGllIHBhciB3ZWJjYW0gYXZlYyB1biBzZXhvbG9ndWU6PC9zcGFuPjwvaDI+DQo8dWw+DQogCTxsaSBjbGFzcz0icDMiPjxzcGFuIGNsYXNzPSJzMiI+PGEgaHJlZj0iaHR0cDovL21vbnRyZWFsLmxlc2V4b2xvZ3VlLmNhLzIwMTQvMDIvcHJvY2VkdXJlLXBvdXItdW5lLXNlYW5jZS1wYXItd2ViY2FtLmh0bWwiPlByb2PDqWR1cmVzIHBvdXIgdW5lIHRow6lyYXBpZSBwYXIgd2ViY2FtPC9hPjwvc3Bhbj48L2xpPg0KIAk8bGkgY2xhc3M9InAzIj48YSBocmVmPSJodHRwOi8vbGVzZXhvbG9ndWUuY2EvY2xhc3NlcyI+UmFpc29ucyBwb3VyIGNvbnN1bHRlciB1biBzZXhvbG9ndWUgcHN5Y2hvdGjDqXJhcGV1dGU8L2E+PC9saT4NCiAJPGxpIGNsYXNzPSJwMyI+PGEgaHJlZj0iaHR0cDovL21vbnRyZWFsLmxlc2V4b2xvZ3VlLmNhLzIwMTMvMDgvbGUtcHJvY2Vzc3VzLWR1bmUtZGVtYXJjaGUtdGhlcmFwZXV0aXF1ZS5odG1sIj5Qcm9jZXNzdXMgdGjDqXJhcGV1dGlxdWUgYXZlYyB1biBzZXhvbG9ndWUgcHN5Y2hvdGjDqXJhcGV1dGU8L2E+PC9saT4NCiAJPGxpIGNsYXNzPSJwMyI+PGEgaHJlZj0iaHR0cHM6Ly9kcml2ZS5nb29nbGUuY29tL2ZpbGUvZC8wQnc1RDZ0TVdaT2ZmZEVkb1ZXVjBRbXRWVURBL3ZpZXc/dXNwPXNoYXJpbmciPkZvcm11bGFpcmUgZCdvdXZlcnR1cmUgZGUgZG9zc2llcjwvYT48L2xpPg0KIAk8bGkgY2xhc3M9InAzIj48YSBocmVmPSJodHRwczovL3d3dy5hY3R1YWxpdGVzLnVxYW0uY2EvMjAxOC9wc3ljaG90aGVyYXBpZS1hLWRpc3RhbmNlP3V0bV9jYW1wYWlnbj1VUUFNSEVCRE8mYW1wO3V0bV9tZWRpdW09ZW1haWwmYW1wO3V0bV9zb3VyY2U9MTJERUMyMDE4JmFtcDtmYmNsaWQ9SXdBUjNDRXdYRi1yWmhCNmlzZm1kVjRaUWFuMnpTY2t4ZFhPZDVrM0htLUtJQVB5NEE0RTg3YjRGTDhFMCI+QXZhbnRhZ2UgZCd1bmUgcHN5Y2hvdGjDqXJhcGllIHBhciB3ZWJjYW08L2E+PC9saT4NCjwvdWw+DQoNCjxociAvPg0KDQo8aDMgY2xhc3M9InA1Ij48c3BhbiBjbGFzcz0iczEiPjxiPkNvw7t0IGV0IGR1csOpZSBk4oCZdW5lIHPDqWFuY2UgcGFyIHdlYmNhbTwvYj48L3NwYW4+PC9oMz4NCjxwIGNsYXNzPSJwNSI+PHNwYW4gY2xhc3M9InMxIj5MZXMgc8OpYW5jZXMgc29udCBkJ3VuZSBkdXLDqWUgZGUgPGI+NTAgbWludXRlcyDDoCB1biBjb8O7dCBkZSA5NSQuPC9iPjwvc3Bhbj48L3A+DQo8cCBjbGFzcz0icDUiPjxzcGFuIGNsYXNzPSJzMSI+RGVzIHJlw6d1cyBzb250IGRpc3BvbmlibGVzIHN1ciBkZW1hbmRlIHBvdXIgZmlucyBkJ2Fzc3VyYW5jZXMgZXQgZOKAmWltcMO0dHMgY29tbWUgPGI+c2V4b2xvZ3VlPC9iPiAmYW1wOyA8Yj5wc3ljaG90aMOpcmFwZXV0ZTwvYj4uPC9zcGFuPjwvcD4NCg0KDQo8aHIgLz4NCg0KKiogV2FnbmVyLCBCOyBIb3JuLCBBOyBNYWVyY2tlciwgQS4gKDIwMTMpIOKAnEludGVybmV0LWJhc2VkIHZlcnN1cyBmYWNlLXRvLWZhY2UgY29nbml0aXZlLWJlaGF2aW9yYWwgaW50ZXJ2ZW50aW9uIGZvciBkZXByZXNzaW9uOiBBIHJhbmRvbWl6ZWQgY29udHJvbGxlZCBub24taW5mZXJpb3JpdHkgdHJpYWzigJ0uIEpvdXJuYWwgb2YgQWZmZWN0aXZlIERpc29yZGVycy4gSnVseSAyMDEz\";s:6:\"format\";s:6:\"base64\";}s:23:\"package-string-12-12922\";a:3:{s:9:\"translate\";i:1;s:4:\"data\";s:8:\"NDA2Mg==\";s:6:\"format\";s:6:\"base64\";}s:23:\"package-string-12-12923\";a:3:{s:9:\"translate\";i:1;s:4:\"data\";s:328:\"DQo8cCBzdHlsZT0idGV4dC1hbGlnbjogY2VudGVyOyI+SGV1cmUgZCdvdXZlcnR1cmUgZGUgbGEgcsOpY2VwdGlvbjwvcD4NCjxwIHN0eWxlPSJ0ZXh0LWFsaWduOiBjZW50ZXI7Ij45aCDDoCAxN2g8L3A+DQo8cCBzdHlsZT0idGV4dC1hbGlnbjogY2VudGVyOyI+SGV1cmUgZCdvdXZlcnR1cmUgcG91ciBsZXMgY29uc3VsdGF0aW9uczwvcD4NCjxwIHN0eWxlPSJ0ZXh0LWFsaWduOiBjZW50ZXI7Ij45aCDDoCAyMGgzMDwvcD4NCg==\";s:6:\"format\";s:6:\"base64\";}s:23:\"package-string-12-12924\";a:3:{s:9:\"translate\";i:1;s:4:\"data\";s:64:\"VMOpbMOpcGhvbmVyIGxhIHLDqWNlcHRpb24gcG91ciB1biByZW5kZXotdm91cw==\";s:6:\"format\";s:6:\"base64\";}s:23:\"package-string-12-12925\";a:3:{s:9:\"translate\";i:1;s:4:\"data\";s:16:\"NDM4LTkzNC0xMjg3\";s:6:\"format\";s:6:\"base64\";}s:23:\"package-string-12-12934\";a:3:{s:9:\"translate\";i:1;s:4:\"data\";s:3128:\"DQo8aDEgY2xhc3M9InAxIj48c3BhbiBjbGFzcz0iczEiPjxiPlRow6lyYXBpZSB3ZWJjYW0gYXZlYyB1biBzZXhvbG9ndWUgJmFtcDsgcHN5Y2hvdGjDqXJhcGV1dGU8L2I+PC9zcGFuPjwvaDE+DQo8cCBjbGFzcz0icDMiPjxzcGFuIGNsYXNzPSJzMSI+TGEgcG9zc2liaWxpdMOpIGRlIHN1aXZyZSB1bmUgdGjDqXJhcGllIHdlYmNhbSBlc3QgYXVzc2kgZGlzcG9uaWJsZSBzaSB2b3VzIHZpdmV6IMOgIHVuZSBkaXN0YW5jZSB0cm9wIGdyYW5kZSBwb3VyIHZvdXMgcmVuZHJlIMOgIG1vbiBidXJlYXUuIExlcyDDqXR1ZGVzIGTDqW1vbnRyZW50IHF1ZSBs4oCZZWZmaWNhY2l0w6kgZXN0IHNpbWlsYWlyZSDDoCB1bmUgdGjDqXJhcGllIGZhY2Ugw6AgZmFjZSoqLiBBc3N1cmV6LXZvdXMgZCdhdm9pciB1bmUgY29ubmV4aW9uIGhhdXRlIHZpdGVzc2UgZXQgbCdhcHBsaWNhdGlvbiBGYWNldGltZSBvdSBTa3lwZSBwb3VyIHV0aWxpc2VyIGNlcyBzZXJ2aWNlcy4gTGVzIDxhIGhyZWY9Imh0dHA6Ly9tb250cmVhbC5sZXNleG9sb2d1ZS5jYS8yMDE0LzAyL3Byb2NlZHVyZS1wb3VyLXVuZS1zZWFuY2UtcGFyLXdlYmNhbS5odG1sI21ldGhvZGVwYWllbWVudCI+bW9kZXMgZGUgcGFpZW1lbnRzPC9hPiBzb250IHBhciB0cmFuc2ZlcnQgaW50ZXJhYyAoRS10cmFuc2ZlcikgMjRoIGF2YW50IGxhIHPDqWFuY2UuwqA8L3NwYW4+PC9wPg0KPCEtLW1vcmUtLT4NCjxoMiBjbGFzcz0icDEiPjxzcGFuIGNsYXNzPSJzMSI+UXVvaSBzYXZvaXIgZCd1bmUgdGjDqXJhcGllIHBhciB3ZWJjYW0gYXZlYyB1biBzZXhvbG9ndWU6PC9zcGFuPjwvaDI+DQo8dWw+DQogCTxsaSBjbGFzcz0icDMiPjxzcGFuIGNsYXNzPSJzMiI+PGEgaHJlZj0iaHR0cHM6Ly9sZXNleG9sb2d1ZS5jYS9zZXhvbG9ndWUtcGFyLXdlYmNhbS8iPlByb2PDqWR1cmVzIHBvdXIgdW5lIHRow6lyYXBpZSBwYXIgd2ViY2FtPC9hPjwvc3Bhbj48L2xpPg0KIAk8bGkgY2xhc3M9InAzIj48YSBocmVmPSJodHRwOi8vbGVzZXhvbG9ndWUuY2EvY2xhc3NlcyI+UmFpc29ucyBwb3VyIGNvbnN1bHRlciB1biBzZXhvbG9ndWUgcHN5Y2hvdGjDqXJhcGV1dGU8L2E+PC9saT4NCiAJPGxpIGNsYXNzPSJwMyI+PGEgaHJlZj0iaHR0cDovL21vbnRyZWFsLmxlc2V4b2xvZ3VlLmNhLzIwMTMvMDgvbGUtcHJvY2Vzc3VzLWR1bmUtZGVtYXJjaGUtdGhlcmFwZXV0aXF1ZS5odG1sIj5Qcm9jZXNzdXMgdGjDqXJhcGV1dGlxdWUgYXZlYyB1biBzZXhvbG9ndWUgcHN5Y2hvdGjDqXJhcGV1dGU8L2E+PC9saT4NCiAJPGxpIGNsYXNzPSJwMyI+PGEgaHJlZj0iaHR0cHM6Ly9kcml2ZS5nb29nbGUuY29tL2ZpbGUvZC8wQnc1RDZ0TVdaT2ZmZEVkb1ZXVjBRbXRWVURBL3ZpZXc/dXNwPXNoYXJpbmciPkZvcm11bGFpcmUgZCdvdXZlcnR1cmUgZGUgZG9zc2llcjwvYT48L2xpPg0KIAk8bGkgY2xhc3M9InAzIj48YSBocmVmPSJodHRwczovL3d3dy5hY3R1YWxpdGVzLnVxYW0uY2EvMjAxOC9wc3ljaG90aGVyYXBpZS1hLWRpc3RhbmNlP3V0bV9jYW1wYWlnbj1VUUFNSEVCRE8mYW1wO3V0bV9tZWRpdW09ZW1haWwmYW1wO3V0bV9zb3VyY2U9MTJERUMyMDE4JmFtcDtmYmNsaWQ9SXdBUjNDRXdYRi1yWmhCNmlzZm1kVjRaUWFuMnpTY2t4ZFhPZDVrM0htLUtJQVB5NEE0RTg3YjRGTDhFMCI+QXZhbnRhZ2UgZCd1bmUgcHN5Y2hvdGjDqXJhcGllIHBhciB3ZWJjYW08L2E+PC9saT4NCjwvdWw+DQoNCjxociAvPg0KDQo8aDMgY2xhc3M9InA1Ij48c3BhbiBjbGFzcz0iczEiPjxiPkNvw7t0IGV0IGR1csOpZSBk4oCZdW5lIHPDqWFuY2UgcGFyIHdlYmNhbTwvYj48L3NwYW4+PC9oMz4NCjxwIGNsYXNzPSJwNSI+PHNwYW4gY2xhc3M9InMxIj5MZXMgc8OpYW5jZXMgc29udCBkJ3VuZSBkdXLDqWUgZGUgPGI+NTAgbWludXRlcyDDoCB1biBjb8O7dCBkZSA5NSQuPC9iPjwvc3Bhbj48L3A+DQo8cCBjbGFzcz0icDUiPjxzcGFuIGNsYXNzPSJzMSI+RGVzIHJlw6d1cyBzb250IGRpc3BvbmlibGVzIHN1ciBkZW1hbmRlIHBvdXIgZmlucyBkJ2Fzc3VyYW5jZXMgZXQgZOKAmWltcMO0dHMgY29tbWUgPGI+c2V4b2xvZ3VlPC9iPiAmYW1wOyA8Yj5wc3ljaG90aMOpcmFwZXV0ZTwvYj4uPC9zcGFuPjwvcD4NCg0KDQo8aHIgLz4NCg0KKiogV2FnbmVyLCBCOyBIb3JuLCBBOyBNYWVyY2tlciwgQS4gKDIwMTMpIOKAnEludGVybmV0LWJhc2VkIHZlcnN1cyBmYWNlLXRvLWZhY2UgY29nbml0aXZlLWJlaGF2aW9yYWwgaW50ZXJ2ZW50aW9uIGZvciBkZXByZXNzaW9uOiBBIHJhbmRvbWl6ZWQgY29udHJvbGxlZCBub24taW5mZXJpb3JpdHkgdHJpYWzigJ0uIEpvdXJuYWwgb2YgQWZmZWN0aXZlIERpc29yZGVycy4gSnVseSAyMDEz\";s:6:\"format\";s:6:\"base64\";}s:23:\"package-string-12-12942\";a:3:{s:9:\"translate\";i:1;s:4:\"data\";s:3268:\"DQo8aDEgY2xhc3M9InAxIj48c3BhbiBjbGFzcz0iczEiPjxiPlRow6lyYXBpZSB3ZWJjYW0gYXZlYyB1biBzZXhvbG9ndWUgJmFtcDsgcHN5Y2hvdGjDqXJhcGV1dGU8L2I+PC9zcGFuPjwvaDE+DQo8cCBjbGFzcz0icDMiPjxzcGFuIGNsYXNzPSJzMSI+TGEgcG9zc2liaWxpdMOpIGRlIHN1aXZyZSB1bmUgdGjDqXJhcGllIHdlYmNhbSBlc3QgYXVzc2kgZGlzcG9uaWJsZSBzaSB2b3VzIHZpdmV6IMOgIHVuZSBkaXN0YW5jZSB0cm9wIGdyYW5kZSBwb3VyIHZvdXMgcmVuZHJlIMOgIG1vbiBidXJlYXUuIExlcyDDqXR1ZGVzIGTDqW1vbnRyZW50IHF1ZSBs4oCZZWZmaWNhY2l0w6kgZXN0IHNpbWlsYWlyZSDDoCB1bmUgdGjDqXJhcGllIGZhY2Ugw6AgZmFjZSoqLiBBc3N1cmV6LXZvdXMgZCdhdm9pciB1bmUgY29ubmV4aW9uIGhhdXRlIHZpdGVzc2UgZXQgbCdhcHBsaWNhdGlvbiBGYWNldGltZSBvdSBTa3lwZSBwb3VyIHV0aWxpc2VyIGNlcyBzZXJ2aWNlcy4gTGVzIDxhIGhyZWY9Imh0dHA6Ly9tb250cmVhbC5sZXNleG9sb2d1ZS5jYS8yMDE0LzAyL3Byb2NlZHVyZS1wb3VyLXVuZS1zZWFuY2UtcGFyLXdlYmNhbS5odG1sI21ldGhvZGVwYWllbWVudCI+bW9kZXMgZGUgcGFpZW1lbnRzPC9hPiBzb250IHBhciB0cmFuc2ZlcnQgaW50ZXJhYyAoRS10cmFuc2ZlcikgMjRoIGF2YW50IGxhIHPDqWFuY2UuwqA8L3NwYW4+PC9wPg0KPCEtLW1vcmUtLT4NCjxoMiBjbGFzcz0icDEiPjxzcGFuIGNsYXNzPSJzMSI+UXVvaSBzYXZvaXIgZCd1bmUgdGjDqXJhcGllIHBhciB3ZWJjYW0gYXZlYyB1biBzZXhvbG9ndWU6PC9zcGFuPjwvaDI+DQo8dWw+DQogCTxsaSBjbGFzcz0icDMiPjxzcGFuIGNsYXNzPSJzMiI+PGEgaHJlZj0iaHR0cHM6Ly9sZXNleG9sb2d1ZS5jYS9zZXhvbG9ndWUtcGFyLXdlYmNhbS8iPlByb2PDqWR1cmVzIHBvdXIgdW5lIHRow6lyYXBpZSBwYXIgd2ViY2FtPC9hPjwvc3Bhbj48L2xpPg0KIAk8bGkgY2xhc3M9InAzIj48YSBocmVmPSJodHRwOi8vbGVzZXhvbG9ndWUuY2EvY2xhc3NlcyI+UmFpc29ucyBwb3VyIGNvbnN1bHRlciB1biBzZXhvbG9ndWUgcHN5Y2hvdGjDqXJhcGV1dGU8L2E+PC9saT4NCiAJPGxpIGNsYXNzPSJwMyI+PGEgaHJlZj0iaHR0cHM6Ly9sZXNleG9sb2d1ZS5jYS9wcm9jZXNzdXMtZHVuZS1kZW1hcmNoZS1wc3ljaG90aGVyYXBldXRpcXVlLyI+UHJvY2Vzc3VzIHRow6lyYXBldXRpcXVlIGF2ZWMgdW4gc2V4b2xvZ3VlIHBzeWNob3Row6lyYXBldXRlPC9hPjwvbGk+DQogCTxsaT48YSBocmVmPSJodHRwczovL2xlc2V4b2xvZ3VlLmNhL3RoZXJhcGllL3JlbGF0aW9uLWRhaWRlLyI+UHJvY2Vzc3VzIGVuIHJlbGF0aW9uIGQnYWlkZSBhdmVjIHVuIHNleG9sb2d1ZTwvYT48L2xpPg0KIAk8bGkgY2xhc3M9InAzIj48YSBocmVmPSJodHRwczovL2RyaXZlLmdvb2dsZS5jb20vZmlsZS9kLzBCdzVENnRNV1pPZmZkRWRvVldWMFFtdFZVREEvdmlldz91c3A9c2hhcmluZyI+Rm9ybXVsYWlyZSBkJ291dmVydHVyZSBkZSBkb3NzaWVyPC9hPjwvbGk+DQogCTxsaSBjbGFzcz0icDMiPjxhIGhyZWY9Imh0dHBzOi8vd3d3LmFjdHVhbGl0ZXMudXFhbS5jYS8yMDE4L3BzeWNob3RoZXJhcGllLWEtZGlzdGFuY2U/dXRtX2NhbXBhaWduPVVRQU1IRUJETyZhbXA7dXRtX21lZGl1bT1lbWFpbCZhbXA7dXRtX3NvdXJjZT0xMkRFQzIwMTgmYW1wO2ZiY2xpZD1Jd0FSM0NFd1hGLXJaaEI2aXNmbWRWNFpRYW4yelNja3hkWE9kNWszSG0tS0lBUHk0QTRFODdiNEZMOEUwIj5BdmFudGFnZSBkJ3VuZSBwc3ljaG90aMOpcmFwaWUgcGFyIHdlYmNhbTwvYT48L2xpPg0KPC91bD4NCg0KPGhyIC8+DQoNCjxoMyBjbGFzcz0icDUiPjxzcGFuIGNsYXNzPSJzMSI+PGI+Q2/Du3QgZXQgZHVyw6llIGTigJl1bmUgc8OpYW5jZSBwYXIgd2ViY2FtPC9iPjwvc3Bhbj48L2gzPg0KPHAgY2xhc3M9InA1Ij48c3BhbiBjbGFzcz0iczEiPkxlcyBzw6lhbmNlcyBzb250IGQndW5lIGR1csOpZSBkZSA8Yj41MCBtaW51dGVzIMOgIHVuIGNvw7t0IGRlIDk1JC48L2I+PC9zcGFuPjwvcD4NCjxwIGNsYXNzPSJwNSI+PHNwYW4gY2xhc3M9InMxIj5EZXMgcmXDp3VzIHNvbnQgZGlzcG9uaWJsZXMgc3VyIGRlbWFuZGUgcG91ciBmaW5zIGQnYXNzdXJhbmNlcyBldCBk4oCZaW1ww7R0cyBjb21tZSA8Yj5zZXhvbG9ndWU8L2I+ICZhbXA7IDxiPnBzeWNob3Row6lyYXBldXRlPC9iPi48L3NwYW4+PC9wPg0KDQoNCjxociAvPg0KDQoqKiBXYWduZXIsIEI7IEhvcm4sIEE7IE1hZXJja2VyLCBBLiAoMjAxMykg4oCcSW50ZXJuZXQtYmFzZWQgdmVyc3VzIGZhY2UtdG8tZmFjZSBjb2duaXRpdmUtYmVoYXZpb3JhbCBpbnRlcnZlbnRpb24gZm9yIGRlcHJlc3Npb246IEEgcmFuZG9taXplZCBjb250cm9sbGVkIG5vbi1pbmZlcmlvcml0eSB0cmlhbOKAnS4gSm91cm5hbCBvZiBBZmZlY3RpdmUgRGlzb3JkZXJzLiBKdWx5IDIwMTM=\";s:6:\"format\";s:6:\"base64\";}s:23:\"package-string-12-12956\";a:3:{s:9:\"translate\";i:1;s:4:\"data\";s:3340:\"DQo8aDEgY2xhc3M9InAxIj48c3BhbiBjbGFzcz0iczEiPjxiPlRow6lyYXBpZSB3ZWJjYW0gYXZlYyB1biBzZXhvbG9ndWUgJmFtcDsgcHN5Y2hvdGjDqXJhcGV1dGU8L2I+PC9zcGFuPjwvaDE+DQo8cCBjbGFzcz0icDMiPjxzcGFuIGNsYXNzPSJzMSI+TGEgcG9zc2liaWxpdMOpIGRlIHN1aXZyZSB1bmUgdGjDqXJhcGllIHdlYmNhbSBlc3QgYXVzc2kgZGlzcG9uaWJsZSBzaSB2b3VzIHZpdmV6IMOgIHVuZSBkaXN0YW5jZSB0cm9wIGdyYW5kZSBwb3VyIHZvdXMgcmVuZHJlIMOgIG1vbiBidXJlYXUuIExlcyDDqXR1ZGVzIGTDqW1vbnRyZW50IHF1ZSBs4oCZZWZmaWNhY2l0w6kgZXN0IHNpbWlsYWlyZSDDoCB1bmUgdGjDqXJhcGllIGZhY2Ugw6AgZmFjZSoqLiBBc3N1cmV6LXZvdXMgZCdhdm9pciB1bmUgY29ubmV4aW9uIGhhdXRlIHZpdGVzc2UgZXQgbCdhcHBsaWNhdGlvbiBGYWNldGltZSBvdSBTa3lwZSBwb3VyIHV0aWxpc2VyIGNlcyBzZXJ2aWNlcy4gTGVzIDxhIGhyZWY9Imh0dHA6Ly9tb250cmVhbC5sZXNleG9sb2d1ZS5jYS8yMDE0LzAyL3Byb2NlZHVyZS1wb3VyLXVuZS1zZWFuY2UtcGFyLXdlYmNhbS5odG1sI21ldGhvZGVwYWllbWVudCI+bW9kZXMgZGUgcGFpZW1lbnRzPC9hPiBzb250IHBhciB0cmFuc2ZlcnQgaW50ZXJhYyAoRS10cmFuc2ZlcikgMjRoIGF2YW50IGxhIHPDqWFuY2UuwqA8L3NwYW4+PC9wPg0KPCEtLW1vcmUtLT4NCjxoMiBjbGFzcz0icDEiPjxzcGFuIGNsYXNzPSJzMSI+UXVvaSBzYXZvaXIgZCd1bmUgdGjDqXJhcGllIHBhciB3ZWJjYW0gYXZlYyB1biBzZXhvbG9ndWU6PC9zcGFuPjwvaDI+DQo8dWw+DQogCTxsaSBjbGFzcz0icDMiPjxzcGFuIGNsYXNzPSJzMiI+PGEgaHJlZj0iaHR0cHM6Ly9sZXNleG9sb2d1ZS5jYS9zZXhvbG9ndWUtcGFyLXdlYmNhbS8iPlByb2PDqWR1cmVzIHBvdXIgdW5lIHRow6lyYXBpZSBwYXIgd2ViY2FtPC9hPjwvc3Bhbj48L2xpPg0KIAk8bGkgY2xhc3M9InAzIj48YSBocmVmPSJodHRwOi8vbGVzZXhvbG9ndWUuY2EvY2xhc3NlcyI+UmFpc29ucyBwb3VyIGNvbnN1bHRlciB1biBzZXhvbG9ndWUgcHN5Y2hvdGjDqXJhcGV1dGU8L2E+PC9saT4NCiAJPGxpIGNsYXNzPSJwMyI+PGEgaHJlZj0iaHR0cHM6Ly9sZXNleG9sb2d1ZS5jYS9wcm9jZXNzdXMtZHVuZS1kZW1hcmNoZS1wc3ljaG90aGVyYXBldXRpcXVlLyI+UHJvY2Vzc3VzIHRow6lyYXBldXRpcXVlIGF2ZWMgdW4gc2V4b2xvZ3VlIHBzeWNob3Row6lyYXBldXRlPC9hPjwvbGk+DQogCTxsaT48YSBocmVmPSJodHRwczovL2xlc2V4b2xvZ3VlLmNhL3RoZXJhcGllL3JlbGF0aW9uLWRhaWRlLyI+UHJvY2Vzc3VzIGVuIHJlbGF0aW9uIGQnYWlkZSBhdmVjIHVuIHNleG9sb2d1ZTwvYT48L2xpPg0KIAk8bGkgY2xhc3M9InAzIj48YSBocmVmPSJodHRwczovL2RyaXZlLmdvb2dsZS5jb20vZmlsZS9kLzBCdzVENnRNV1pPZmZkRWRvVldWMFFtdFZVREEvdmlldz91c3A9c2hhcmluZyI+Rm9ybXVsYWlyZSBkJ291dmVydHVyZSBkZSBkb3NzaWVyPC9hPjwvbGk+DQogCTxsaSBjbGFzcz0icDMiPjxhIGhyZWY9Imh0dHBzOi8vd3d3LmFjdHVhbGl0ZXMudXFhbS5jYS8yMDE4L3BzeWNob3RoZXJhcGllLWEtZGlzdGFuY2U/dXRtX2NhbXBhaWduPVVRQU1IRUJETyZhbXA7dXRtX21lZGl1bT1lbWFpbCZhbXA7dXRtX3NvdXJjZT0xMkRFQzIwMTgmYW1wO2ZiY2xpZD1Jd0FSM0NFd1hGLXJaaEI2aXNmbWRWNFpRYW4yelNja3hkWE9kNWszSG0tS0lBUHk0QTRFODdiNEZMOEUwIj5BdmFudGFnZSBkJ3VuZSBwc3ljaG90aMOpcmFwaWUgcGFyIHdlYmNhbTwvYT48L2xpPg0KPC91bD4NCg0KPGhyIC8+DQoNCjxoMyBjbGFzcz0icDUiPjxzcGFuIGNsYXNzPSJzMSI+PGI+Q2/Du3QgZXQgZHVyw6llIGTigJl1bmUgc8OpYW5jZSBwYXIgd2ViY2FtPC9iPjwvc3Bhbj48L2gzPg0KPHAgY2xhc3M9InA1Ij48c3BhbiBjbGFzcz0iczEiPkxlcyBzw6lhbmNlcyBzb250IGQndW5lIGR1csOpZSBkZSA8Yj41MCBtaW51dGVzIMOgIHVuIGNvw7t0IGRlIDk1JC4gKENlcyBmcmFpcyBzZXJvbnQgZGUgMTAwJCDDoCBwYXJ0aXIgZGUgamFudmllciAyMDIxKTwvYj48L3NwYW4+PC9wPg0KPHAgY2xhc3M9InA1Ij48c3BhbiBjbGFzcz0iczEiPkRlcyByZcOndXMgc29udCBkaXNwb25pYmxlcyBzdXIgZGVtYW5kZSBwb3VyIGZpbnMgZCdhc3N1cmFuY2VzIGV0IGTigJlpbXDDtHRzIGNvbW1lIDxiPnNleG9sb2d1ZTwvYj4gJmFtcDsgPGI+cHN5Y2hvdGjDqXJhcGV1dGU8L2I+Ljwvc3Bhbj48L3A+DQoNCg0KPGhyIC8+DQoNCioqIFdhZ25lciwgQjsgSG9ybiwgQTsgTWFlcmNrZXIsIEEuICgyMDEzKSDigJxJbnRlcm5ldC1iYXNlZCB2ZXJzdXMgZmFjZS10by1mYWNlIGNvZ25pdGl2ZS1iZWhhdmlvcmFsIGludGVydmVudGlvbiBmb3IgZGVwcmVzc2lvbjogQSByYW5kb21pemVkIGNvbnRyb2xsZWQgbm9uLWluZmVyaW9yaXR5IHRyaWFs4oCdLiBKb3VybmFsIG9mIEFmZmVjdGl2ZSBEaXNvcmRlcnMuIEp1bHkgMjAxMw==\";s:6:\"format\";s:6:\"base64\";}s:23:\"package-string-12-13009\";a:3:{s:9:\"translate\";i:1;s:4:\"data\";s:3140:\"DQo8aDEgY2xhc3M9InAxIj48c3BhbiBjbGFzcz0iczEiPjxiPlRow6lyYXBpZSB3ZWJjYW0gYXZlYyB1biBzZXhvbG9ndWUgJmFtcDsgcHN5Y2hvdGjDqXJhcGV1dGU8L2I+PC9zcGFuPjwvaDE+DQo8cCBjbGFzcz0icDMiPjxzcGFuIGNsYXNzPSJzMSI+TGEgcG9zc2liaWxpdMOpIGRlIHN1aXZyZSB1bmUgdGjDqXJhcGllIHdlYmNhbSBlc3QgYXVzc2kgZGlzcG9uaWJsZSBzaSB2b3VzIHZpdmV6IMOgIHVuZSBkaXN0YW5jZSB0cm9wIGdyYW5kZSBwb3VyIHZvdXMgcmVuZHJlIMOgIG1vbiBidXJlYXUuIExlcyDDqXR1ZGVzIGTDqW1vbnRyZW50IHF1ZSBs4oCZZWZmaWNhY2l0w6kgZXN0IHNpbWlsYWlyZSDDoCB1bmUgdGjDqXJhcGllIGZhY2Ugw6AgZmFjZSoqLiBBc3N1cmV6LXZvdXMgZCdhdm9pciB1bmUgY29ubmV4aW9uIGhhdXRlIHZpdGVzc2UgZXQgbCdhcHBsaWNhdGlvbiBGYWNldGltZSBvdSBTa3lwZSBwb3VyIHV0aWxpc2VyIGNlcyBzZXJ2aWNlcy4gTGVzIDxhIGhyZWY9Imh0dHA6Ly9tb250cmVhbC5sZXNleG9sb2d1ZS5jYS8yMDE0LzAyL3Byb2NlZHVyZS1wb3VyLXVuZS1zZWFuY2UtcGFyLXdlYmNhbS5odG1sI21ldGhvZGVwYWllbWVudCI+bW9kZXMgZGUgcGFpZW1lbnRzPC9hPiBzb250IHBhciB0cmFuc2ZlcnQgaW50ZXJhYyAoRS10cmFuc2ZlcikgMjRoIGF2YW50IGxhIHPDqWFuY2UuwqA8L3NwYW4+PC9wPg0KPCEtLW1vcmUtLT4NCjxoMiBjbGFzcz0icDEiPjxzcGFuIGNsYXNzPSJzMSI+UXVvaSBzYXZvaXIgZCd1bmUgdGjDqXJhcGllIHBhciB3ZWJjYW0gYXZlYyB1biBzZXhvbG9ndWU6PC9zcGFuPjwvaDI+DQo8dWw+DQogCTxsaSBjbGFzcz0icDMiPjxzcGFuIGNsYXNzPSJzMiI+PGEgaHJlZj0iaHR0cHM6Ly9sZXNleG9sb2d1ZS5jYS9zZXhvbG9ndWUtcGFyLXdlYmNhbS8iPlByb2PDqWR1cmVzIHBvdXIgdW5lIHRow6lyYXBpZSBwYXIgd2ViY2FtPC9hPjwvc3Bhbj48L2xpPg0KIAk8bGkgY2xhc3M9InAzIj48YSBocmVmPSJodHRwOi8vbGVzZXhvbG9ndWUuY2EvY2xhc3NlcyI+UmFpc29ucyBwb3VyIGNvbnN1bHRlciB1biBzZXhvbG9ndWUgcHN5Y2hvdGjDqXJhcGV1dGU8L2E+PC9saT4NCiAJPGxpIGNsYXNzPSJwMyI+PGEgaHJlZj0iaHR0cHM6Ly9sZXNleG9sb2d1ZS5jYS9wcm9jZXNzdXMtZHVuZS1kZW1hcmNoZS1wc3ljaG90aGVyYXBldXRpcXVlLyI+UHJvY2Vzc3VzIHRow6lyYXBldXRpcXVlIGF2ZWMgdW4gc2V4b2xvZ3VlIHBzeWNob3Row6lyYXBldXRlPC9hPjwvbGk+DQogCTxsaT48YSBocmVmPSJodHRwczovL2xlc2V4b2xvZ3VlLmNhL3RoZXJhcGllL3JlbGF0aW9uLWRhaWRlLyI+UHJvY2Vzc3VzIGVuIHJlbGF0aW9uIGQnYWlkZSBhdmVjIHVuIHNleG9sb2d1ZTwvYT48L2xpPg0KIAk8bGkgY2xhc3M9InAzIj48YSBocmVmPSJodHRwczovL3d3dy5hY3R1YWxpdGVzLnVxYW0uY2EvMjAxOC9wc3ljaG90aGVyYXBpZS1hLWRpc3RhbmNlP3V0bV9jYW1wYWlnbj1VUUFNSEVCRE8mYW1wO3V0bV9tZWRpdW09ZW1haWwmYW1wO3V0bV9zb3VyY2U9MTJERUMyMDE4JmFtcDtmYmNsaWQ9SXdBUjNDRXdYRi1yWmhCNmlzZm1kVjRaUWFuMnpTY2t4ZFhPZDVrM0htLUtJQVB5NEE0RTg3YjRGTDhFMCI+QXZhbnRhZ2UgZCd1bmUgcHN5Y2hvdGjDqXJhcGllIHBhciB3ZWJjYW08L2E+PC9saT4NCjwvdWw+DQoNCjxociAvPg0KDQo8aDMgY2xhc3M9InA1Ij48c3BhbiBjbGFzcz0iczEiPjxiPkNvw7t0IGV0IGR1csOpZSBk4oCZdW5lIHPDqWFuY2UgcGFyIHdlYmNhbTwvYj48L3NwYW4+PC9oMz4NCjxwIGNsYXNzPSJwNSI+PHNwYW4gY2xhc3M9InMxIj5MZXMgc8OpYW5jZXMgc29udCBkJ3VuZSBkdXLDqWUgZGUgPGI+NTAgbWludXRlcyDDoCB1biBjb8O7dCBkZSA5NSQuIChDZXMgZnJhaXMgc2Vyb250IGRlIDEwMCQgw6AgcGFydGlyIGRlIGphbnZpZXIgMjAyMSk8L2I+PC9zcGFuPjwvcD4NCjxwIGNsYXNzPSJwNSI+PHNwYW4gY2xhc3M9InMxIj5EZXMgcmXDp3VzIHNvbnQgZGlzcG9uaWJsZXMgc3VyIGRlbWFuZGUgcG91ciBmaW5zIGQnYXNzdXJhbmNlcyBldCBk4oCZaW1ww7R0cyBjb21tZSA8Yj5zZXhvbG9ndWU8L2I+ICZhbXA7IDxiPnBzeWNob3Row6lyYXBldXRlPC9iPi48L3NwYW4+PC9wPg0KDQoNCjxociAvPg0KDQoqKiBXYWduZXIsIEI7IEhvcm4sIEE7IE1hZXJja2VyLCBBLiAoMjAxMykg4oCcSW50ZXJuZXQtYmFzZWQgdmVyc3VzIGZhY2UtdG8tZmFjZSBjb2duaXRpdmUtYmVoYXZpb3JhbCBpbnRlcnZlbnRpb24gZm9yIGRlcHJlc3Npb246IEEgcmFuZG9taXplZCBjb250cm9sbGVkIG5vbi1pbmZlcmlvcml0eSB0cmlhbOKAnS4gSm91cm5hbCBvZiBBZmZlY3RpdmUgRGlzb3JkZXJzLiBKdWx5IDIwMTM=\";s:6:\"format\";s:6:\"base64\";}s:23:\"package-string-12-13015\";a:3:{s:9:\"translate\";i:1;s:4:\"data\";s:3068:\"DQo8aDEgY2xhc3M9InAxIj48c3BhbiBjbGFzcz0iczEiPjxiPlRow6lyYXBpZSB3ZWJjYW0gYXZlYyB1biBzZXhvbG9ndWUgJmFtcDsgcHN5Y2hvdGjDqXJhcGV1dGU8L2I+PC9zcGFuPjwvaDE+DQo8cCBjbGFzcz0icDMiPjxzcGFuIGNsYXNzPSJzMSI+TGEgcG9zc2liaWxpdMOpIGRlIHN1aXZyZSB1bmUgdGjDqXJhcGllIHdlYmNhbSBlc3QgYXVzc2kgZGlzcG9uaWJsZSBzaSB2b3VzIHZpdmV6IMOgIHVuZSBkaXN0YW5jZSB0cm9wIGdyYW5kZSBwb3VyIHZvdXMgcmVuZHJlIMOgIG1vbiBidXJlYXUuIExlcyDDqXR1ZGVzIGTDqW1vbnRyZW50IHF1ZSBs4oCZZWZmaWNhY2l0w6kgZXN0IHNpbWlsYWlyZSDDoCB1bmUgdGjDqXJhcGllIGZhY2Ugw6AgZmFjZSoqLiBBc3N1cmV6LXZvdXMgZCdhdm9pciB1bmUgY29ubmV4aW9uIGhhdXRlIHZpdGVzc2UgZXQgbCdhcHBsaWNhdGlvbiBGYWNldGltZSBvdSBTa3lwZSBwb3VyIHV0aWxpc2VyIGNlcyBzZXJ2aWNlcy4gTGVzIDxhIGhyZWY9Imh0dHA6Ly9sZXNleG9sb2d1ZS5jYS9zZXhvbG9ndWUtcGFyLXdlYmNhbS8iPm1vZGVzIGRlIHBhaWVtZW50czwvYT4gc29udCBwYXIgdHJhbnNmZXJ0IGludGVyYWMgKEUtdHJhbnNmZXIpIDI0aCBhdmFudCBsYSBzw6lhbmNlLsKgPC9zcGFuPjwvcD4NCjwhLS1tb3JlLS0+DQo8aDIgY2xhc3M9InAxIj48c3BhbiBjbGFzcz0iczEiPlF1b2kgc2F2b2lyIGQndW5lIHRow6lyYXBpZSBwYXIgd2ViY2FtIGF2ZWMgdW4gc2V4b2xvZ3VlOjwvc3Bhbj48L2gyPg0KPHVsPg0KIAk8bGkgY2xhc3M9InAzIj48c3BhbiBjbGFzcz0iczIiPjxhIGhyZWY9Imh0dHBzOi8vbGVzZXhvbG9ndWUuY2Evc2V4b2xvZ3VlLXBhci13ZWJjYW0vIj5Qcm9jw6lkdXJlcyBwb3VyIHVuZSB0aMOpcmFwaWUgcGFyIHdlYmNhbTwvYT48L3NwYW4+PC9saT4NCiAJPGxpIGNsYXNzPSJwMyI+PGEgaHJlZj0iaHR0cDovL2xlc2V4b2xvZ3VlLmNhL2NsYXNzZXMiPlJhaXNvbnMgcG91ciBjb25zdWx0ZXIgdW4gc2V4b2xvZ3VlIHBzeWNob3Row6lyYXBldXRlPC9hPjwvbGk+DQogCTxsaSBjbGFzcz0icDMiPjxhIGhyZWY9Imh0dHBzOi8vbGVzZXhvbG9ndWUuY2EvcHJvY2Vzc3VzLWR1bmUtZGVtYXJjaGUtcHN5Y2hvdGhlcmFwZXV0aXF1ZS8iPlByb2Nlc3N1cyB0aMOpcmFwZXV0aXF1ZSBhdmVjIHVuIHNleG9sb2d1ZSBwc3ljaG90aMOpcmFwZXV0ZTwvYT48L2xpPg0KIAk8bGk+PGEgaHJlZj0iaHR0cHM6Ly9sZXNleG9sb2d1ZS5jYS90aGVyYXBpZS9yZWxhdGlvbi1kYWlkZS8iPlByb2Nlc3N1cyBlbiByZWxhdGlvbiBkJ2FpZGUgYXZlYyB1biBzZXhvbG9ndWU8L2E+PC9saT4NCiAJPGxpIGNsYXNzPSJwMyI+PGEgaHJlZj0iaHR0cHM6Ly93d3cuYWN0dWFsaXRlcy51cWFtLmNhLzIwMTgvcHN5Y2hvdGhlcmFwaWUtYS1kaXN0YW5jZT91dG1fY2FtcGFpZ249VVFBTUhFQkRPJmFtcDt1dG1fbWVkaXVtPWVtYWlsJmFtcDt1dG1fc291cmNlPTEyREVDMjAxOCZhbXA7ZmJjbGlkPUl3QVIzQ0V3WEYtclpoQjZpc2ZtZFY0WlFhbjJ6U2NreGRYT2Q1azNIbS1LSUFQeTRBNEU4N2I0Rkw4RTAiPkF2YW50YWdlIGQndW5lIHBzeWNob3Row6lyYXBpZSBwYXIgd2ViY2FtPC9hPjwvbGk+DQo8L3VsPg0KDQo8aHIgLz4NCg0KPGgzIGNsYXNzPSJwNSI+PHNwYW4gY2xhc3M9InMxIj48Yj5Db8O7dCBldCBkdXLDqWUgZOKAmXVuZSBzw6lhbmNlIHBhciB3ZWJjYW08L2I+PC9zcGFuPjwvaDM+DQo8cCBjbGFzcz0icDUiPjxzcGFuIGNsYXNzPSJzMSI+TGVzIHPDqWFuY2VzIHNvbnQgZCd1bmUgZHVyw6llIGRlIDxiPjUwIG1pbnV0ZXMgw6AgdW4gY2/Du3QgZGUgOTUkLiAoQ2VzIGZyYWlzIHNlcm9udCBkZSAxMDAkIMOgIHBhcnRpciBkZSBqYW52aWVyIDIwMjEpPC9iPjwvc3Bhbj48L3A+DQo8cCBjbGFzcz0icDUiPjxzcGFuIGNsYXNzPSJzMSI+RGVzIHJlw6d1cyBzb250IGRpc3BvbmlibGVzIHN1ciBkZW1hbmRlIHBvdXIgZmlucyBkJ2Fzc3VyYW5jZXMgZXQgZOKAmWltcMO0dHMgY29tbWUgPGI+c2V4b2xvZ3VlPC9iPiAmYW1wOyA8Yj5wc3ljaG90aMOpcmFwZXV0ZTwvYj4uPC9zcGFuPjwvcD4NCg0KDQo8aHIgLz4NCg0KKiogV2FnbmVyLCBCOyBIb3JuLCBBOyBNYWVyY2tlciwgQS4gKDIwMTMpIOKAnEludGVybmV0LWJhc2VkIHZlcnN1cyBmYWNlLXRvLWZhY2UgY29nbml0aXZlLWJlaGF2aW9yYWwgaW50ZXJ2ZW50aW9uIGZvciBkZXByZXNzaW9uOiBBIHJhbmRvbWl6ZWQgY29udHJvbGxlZCBub24taW5mZXJpb3JpdHkgdHJpYWzigJ0uIEpvdXJuYWwgb2YgQWZmZWN0aXZlIERpc29yZGVycy4gSnVseSAyMDEz\";s:6:\"format\";s:6:\"base64\";}}s:4:\"type\";s:4:\"post\";}', '2017-03-09 21:09:38', 1, NULL, NULL, NULL, 1, NULL);
INSERT INTO `sle_icl_translation_status` (`rid`, `translation_id`, `status`, `translator_id`, `needs_update`, `md5`, `translation_service`, `batch_id`, `translation_package`, `timestamp`, `links_fixed`, `_prevstate`, `uuid`, `tp_id`, `tp_revision`, `ts_status`) VALUES
(6, 477, 10, 2, 0, 'c986db45db2cce524cdafa7ef13fa887', 'local', 4, 'a:3:{s:3:\"url\";s:33:\"http://sexcoupletherapy.com?p=285\";s:8:\"contents\";a:43:{s:26:\"field-_yoast_wpseo_title-0\";a:3:{s:9:\"translate\";i:1;s:4:\"data\";s:100:\"U2FudMOpIHRyYW5zZ2VucmUgLSBMZXR0cmUgaG9ybW9ub3Row6lyYXBpZS9jaGlydXJnaWUgLSBkeXNwaG9yaWUgZGUgZ2VucmU=\";s:6:\"format\";s:6:\"base64\";}s:31:\"field-_yoast_wpseo_title-0-name\";a:2:{s:9:\"translate\";i:0;s:4:\"data\";s:20:\"_yoast_wpseo_title-0\";}s:31:\"field-_yoast_wpseo_title-0-type\";a:2:{s:9:\"translate\";i:0;s:4:\"data\";s:12:\"custom_field\";}s:29:\"field-_yoast_wpseo_metadesc-0\";a:3:{s:9:\"translate\";i:1;s:4:\"data\";s:192:\"w4l2YWx1YXRpb24gdHJhbnNnZW5yZSBwb3VyIG9idGVuaXIgdW5lIGxldHRyZSBkZSByZWNvbW1hbmRhdGlvbiBwb3VyIG9idGVuaXIgZGVzIGhvcm1vbmVzIG91IGRlcyBjaGlydXJnaWUgZ8Opbml0YWxlcyBwb3VyIGR5c3Bob3JpZSBkZSBnZW5yZS4=\";s:6:\"format\";s:6:\"base64\";}s:34:\"field-_yoast_wpseo_metadesc-0-name\";a:2:{s:9:\"translate\";i:0;s:4:\"data\";s:23:\"_yoast_wpseo_metadesc-0\";}s:34:\"field-_yoast_wpseo_metadesc-0-type\";a:2:{s:9:\"translate\";i:0;s:4:\"data\";s:12:\"custom_field\";}s:28:\"field-_yoast_wpseo_focuskw-0\";a:3:{s:9:\"translate\";i:1;s:4:\"data\";s:32:\"w4l2YWx1YXRpb24gdHJhbnNnZW5yZQ==\";s:6:\"format\";s:6:\"base64\";}s:33:\"field-_yoast_wpseo_focuskw-0-name\";a:2:{s:9:\"translate\";i:0;s:4:\"data\";s:22:\"_yoast_wpseo_focuskw-0\";}s:33:\"field-_yoast_wpseo_focuskw-0-type\";a:2:{s:9:\"translate\";i:0;s:4:\"data\";s:12:\"custom_field\";}s:36:\"field-_yoast_wpseo_opengraph-title-0\";a:3:{s:9:\"translate\";i:1;s:4:\"data\";s:96:\"w4l2YWx1YXRpb24gdHJhbnNnZW5yZSAtIER5c3Bob3JpZSBkZSBnZW5yZSAtIExldHRyZSBkZSByZWNvbW1hbmRhdGlvbg==\";s:6:\"format\";s:6:\"base64\";}s:41:\"field-_yoast_wpseo_opengraph-title-0-name\";a:2:{s:9:\"translate\";i:0;s:4:\"data\";s:30:\"_yoast_wpseo_opengraph-title-0\";}s:41:\"field-_yoast_wpseo_opengraph-title-0-type\";a:2:{s:9:\"translate\";i:0;s:4:\"data\";s:12:\"custom_field\";}s:11:\"original_id\";a:2:{s:9:\"translate\";i:0;s:4:\"data\";i:285;}s:5:\"title\";a:3:{s:9:\"translate\";i:1;s:4:\"data\";s:24:\"U2FudMOpIHRyYW5zZ2VucmU=\";s:6:\"format\";s:6:\"base64\";}s:4:\"body\";a:3:{s:9:\"translate\";i:0;s:4:\"data\";s:6096:\"[encoded data, 6096 characters]\";s:6:\"format\";s:6:\"base64\";}s:7:\"excerpt\";a:3:{s:9:\"translate\";i:1;s:4:\"data\";s:0:\"\";s:6:\"format\";s:6:\"base64\";}s:4:\"t_27\";a:3:{s:9:\"translate\";i:1;s:4:\"data\";s:52:\"w4l2YWx1YXRpb24gdHJhbnNnZW5yZSAvIHRyYW5zc2V4dWVsbGU=\";s:6:\"format\";s:6:\"base64\";}s:23:\"package-string-13-10672\";a:3:{s:9:\"translate\";i:1;s:4:\"data\";s:5520:\"[encoded data, 5520 characters]\";s:6:\"format\";s:6:\"base64\";}s:23:\"package-string-13-12926\";a:3:{s:9:\"translate\";i:1;s:4:\"data\";s:8:\"NDMyNg==\";s:6:\"format\";s:6:\"base64\";}s:23:\"package-string-13-12927\";a:3:{s:9:\"translate\";i:1;s:4:\"data\";s:412:\"DQo8cCBzdHlsZT0idGV4dC1hbGlnbjogY2VudGVyOyI+RGlzcG9uaWJpbGl0w6kgZGUgbGEgcsOpY2VwdGlvbjo8L3A+DQo8cCBzdHlsZT0idGV4dC1hbGlnbjogY2VudGVyOyI+THVuZGkgYXUgdmVuZHJlZGk8L3A+DQo8cCBzdHlsZT0idGV4dC1hbGlnbjogY2VudGVyOyI+OWggw6AgMTdoPC9wPg0KPHAgc3R5bGU9InRleHQtYWxpZ246IGNlbnRlcjsiPkRpc3BvbmliaWxpdMOpIGRlcyBjb25zdWx0YXRpb25zIGF2ZWMgbm9zIHNleG9sb2d1ZXM8L3A+DQo8cCBzdHlsZT0idGV4dC1hbGlnbjogY2VudGVyOyI+OWggw6AgMjBoMzA8L3A+DQo=\";s:6:\"format\";s:6:\"base64\";}s:22:\"package-string-13-9892\";a:3:{s:9:\"translate\";i:1;s:4:\"data\";s:4552:\"[encoded data, 4552 characters]\";s:6:\"format\";s:6:\"base64\";}s:22:\"package-string-13-9835\";a:3:{s:9:\"translate\";i:1;s:4:\"data\";s:16:\"NDM4LTkzNC0xMjg3\";s:6:\"format\";s:6:\"base64\";}s:22:\"package-string-13-9836\";a:3:{s:9:\"translate\";i:1;s:4:\"data\";s:60:\"VMOpbMOpcGhvbmV6IHBvdXIgZMOpYnV0ZXIgdm90cmUgw6l2YWx1YXRpb24=\";s:6:\"format\";s:6:\"base64\";}s:23:\"package-string-13-12916\";a:3:{s:9:\"translate\";i:1;s:4:\"data\";s:5164:\"[encoded data, 5164 characters]\";s:6:\"format\";s:6:\"base64\";}s:22:\"package-string-13-9891\";a:3:{s:9:\"translate\";i:1;s:4:\"data\";s:4548:\"[encoded data, 4548 characters]\";s:6:\"format\";s:6:\"base64\";}s:22:\"package-string-13-9890\";a:3:{s:9:\"translate\";i:1;s:4:\"data\";s:4236:\"[encoded data, 4236 characters]\";s:6:\"format\";s:6:\"base64\";}s:22:\"package-string-13-9893\";a:3:{s:9:\"translate\";i:1;s:4:\"data\";s:5120:\"[encoded data, 5120 characters]\";s:6:\"format\";s:6:\"base64\";}s:22:\"package-string-13-9894\";a:3:{s:9:\"translate\";i:1;s:4:\"data\";s:5300:\"[encoded data, 5300 characters]\";s:6:\"format\";s:6:\"base64\";}s:22:\"package-string-13-9895\";a:3:{s:9:\"translate\";i:1;s:4:\"data\";s:5328:\"[encoded data, 5328 characters]\";s:6:\"format\";s:6:\"base64\";}s:23:\"package-string-13-11137\";a:3:{s:9:\"translate\";i:1;s:4:\"data\";s:5732:\"[encoded data, 5732 characters]\";s:6:\"format\";s:6:\"base64\";}s:23:\"package-string-13-11138\";a:3:{s:9:\"translate\";i:1;s:4:\"data\";s:8:\"MTc1Mg==\";s:6:\"format\";s:6:\"base64\";}s:23:\"package-string-13-11143\";a:3:{s:9:\"translate\";i:1;s:4:\"data\";s:5768:\"[encoded data, 5768 characters]\";s:6:\"format\";s:6:\"base64\";}s:23:\"package-string-13-11176\";a:3:{s:9:\"translate\";i:1;s:4:\"data\";s:5960:\"[encoded data, 5960 characters]\";s:6:\"format\";s:6:\"base64\";}s:23:\"package-string-13-11850\";a:3:{s:9:\"translate\";i:1;s:4:\"data\";s:6036:\"[encoded data, 6036 characters]\";s:6:\"format\";s:6:\"base64\";}s:23:\"package-string-13-11913\";a:3:{s:9:\"translate\";i:1;s:4:\"data\";s:5948:\"[encoded data, 5948 characters]\";s:6:\"format\";s:6:\"base64\";}s:23:\"package-string-13-11914\";a:3:{s:9:\"translate\";i:1;s:4:\"data\";s:5948:\"[encoded data, 5948 characters]\";s:6:\"format\";s:6:\"base64\";}s:23:\"package-string-13-12249\";a:3:{s:9:\"translate\";i:1;s:4:\"data\";s:5968:\"[encoded data, 5968 characters]\";s:6:\"format\";s:6:\"base64\";}s:23:\"package-string-13-12317\";a:3:{s:9:\"translate\";i:1;s:4:\"data\";s:6116:\"[encoded data, 6116 characters]\";s:6:\"format\";s:6:\"base64\";}s:23:\"package-string-13-12876\";a:3:{s:9:\"translate\";i:1;s:4:\"data\";s:6268:\"[encoded data, 6268 characters]\";s:6:\"format\";s:6:\"base64\";}s:23:\"package-string-13-12914\";a:3:{s:9:\"translate\";i:1;s:4:\"data\";s:5556:\"[encoded data, 5556 characters]\";s:6:\"format\";s:6:\"base64\";}s:23:\"package-string-13-12915\";a:3:{s:9:\"translate\";i:1;s:4:\"data\";s:128:\"DQo8aDMgc3R5bGU9InRleHQtYWxpZ246IGNlbnRlcjsiPsOJY3JpdmV6LW5vdXMgdW4gY291cnJpZWwgcG91ciBvYnRlbmlyIHVuZSBjb25zdWx0YXRpb248L2gzPg0K\";s:6:\"format\";s:6:\"base64\";}s:23:\"package-string-13-12957\";a:3:{s:9:\"translate\";i:1;s:4:\"data\";s:5232:\"[encoded data, 5232 characters]\";s:6:\"format\";s:6:\"base64\";}s:23:\"package-string-13-13014\";a:3:{s:9:\"translate\";i:1;s:4:\"data\";s:5188:\"[encoded data, 5188 characters]\";s:6:\"format\";s:6:\"base64\";}}s:4:\"type\";s:4:\"post\";}', '2017-03-09 21:13:57', 1, NULL, NULL, NULL, 1, NULL);
INSERT INTO `sle_icl_translation_status` (`rid`, `translation_id`, `status`, `translator_id`, `needs_update`, `md5`, `translation_service`, `batch_id`, `translation_package`, `timestamp`, `links_fixed`, `_prevstate`, `uuid`, `tp_id`, `tp_revision`, `ts_status`) VALUES
(7, 480, 10, 2, 0, 'cbe3a3c2b5d5abd8a871c6f7dab5bd10', 'local', 1, 'a:3:{s:3:\"url\";s:39:\"http://sexcoupletherapy.com?page_id=165\";s:8:\"contents\";a:98:{s:26:\"field-_yoast_wpseo_title-0\";a:3:{s:9:\"translate\";i:1;s:4:\"data\";s:72:\"RkFRIC0gTGUgc2V4b2xvZ3VlLmNhIC0gUHN5Y2hvdGjDqXJhcGV1dGUgLSBNb250csOpYWw=\";s:6:\"format\";s:6:\"base64\";}s:31:\"field-_yoast_wpseo_title-0-name\";a:2:{s:9:\"translate\";i:0;s:4:\"data\";s:20:\"_yoast_wpseo_title-0\";}s:31:\"field-_yoast_wpseo_title-0-type\";a:2:{s:9:\"translate\";i:0;s:4:\"data\";s:12:\"custom_field\";}s:29:\"field-_yoast_wpseo_metadesc-0\";a:3:{s:9:\"translate\";i:1;s:4:\"data\";s:188:\"Rm9pcmUgYXV4IHF1ZXN0aW9ucyDDoCB1biBzZXhvbG9ndWUgcHN5Y2hvdGjDqXJhcGV1dGUgc3VyIGxhIGJhaXNzZSBkZSBkw6lzaXIgc2V4dWVsLCBhdWdtZW50ZXIgc2Egc2F0aXNmYWN0aW9uIHNleHVlbGxlLCBmYW50YXNtZXMgc2V4dWVscy4=\";s:6:\"format\";s:6:\"base64\";}s:34:\"field-_yoast_wpseo_metadesc-0-name\";a:2:{s:9:\"translate\";i:0;s:4:\"data\";s:23:\"_yoast_wpseo_metadesc-0\";}s:34:\"field-_yoast_wpseo_metadesc-0-type\";a:2:{s:9:\"translate\";i:0;s:4:\"data\";s:12:\"custom_field\";}s:28:\"field-_yoast_wpseo_focuskw-0\";a:3:{s:9:\"translate\";i:1;s:4:\"data\";s:28:\"Rm9pcmUgYXV4IHF1ZXN0aW9ucw==\";s:6:\"format\";s:6:\"base64\";}s:33:\"field-_yoast_wpseo_focuskw-0-name\";a:2:{s:9:\"translate\";i:0;s:4:\"data\";s:22:\"_yoast_wpseo_focuskw-0\";}s:33:\"field-_yoast_wpseo_focuskw-0-type\";a:2:{s:9:\"translate\";i:0;s:4:\"data\";s:12:\"custom_field\";}s:11:\"original_id\";a:2:{s:9:\"translate\";i:0;s:4:\"data\";i:165;}s:5:\"title\";a:3:{s:9:\"translate\";i:1;s:4:\"data\";s:4:\"RkFR\";s:6:\"format\";s:6:\"base64\";}s:4:\"body\";a:3:{s:9:\"translate\";i:0;s:4:\"data\";s:99424:\"[encoded data, 99424 characters]\";s:6:\"format\";s:6:\"base64\";}s:7:\"excerpt\";a:3:{s:9:\"translate\";i:1;s:4:\"data\";s:0:\"\";s:6:\"format\";s:6:\"base64\";}s:21:\"package-string-1-7790\";a:3:{s:9:\"translate\";i:1;s:4:\"data\";s:6540:\"[encoded data, 6540 characters]\";s:6:\"format\";s:6:\"base64\";}s:21:\"package-string-1-7791\";a:3:{s:9:\"translate\";i:1;s:4:\"data\";s:52:\"QmFpc3NlIGRlIGTDqXNpciBzZXh1ZWwgY2hleiBsYSBmZW1tZQ==\";s:6:\"format\";s:6:\"base64\";}s:21:\"package-string-1-7792\";a:3:{s:9:\"translate\";i:1;s:4:\"data\";s:4828:\"[encoded data, 4828 characters]\";s:6:\"format\";s:6:\"base64\";}s:21:\"package-string-1-7793\";a:3:{s:9:\"translate\";i:1;s:4:\"data\";s:48:\"QmFpc3NlIGRlIGTDqXNpciBzZXh1ZWwgY2hleiBsJ2hvbW1l\";s:6:\"format\";s:6:\"base64\";}s:21:\"package-string-1-7794\";a:3:{s:9:\"translate\";i:1;s:4:\"data\";s:2664:\"PHNwYW4gbGFuZz0iRlItQ0EiPjxiPjxzcGFuIGNsYXNzPSJBcHBsZS1zdHlsZS1zcGFuIiBzdHlsZT0iY29sb3I6ICM1NzUzNTM7Ij5Cb25zb2lyIG1vbnNpZXVyLCBqZSB2ZXV4IGp1c3RlIHNhdm9pciBsYSB0YWlsbGUgZHUgcMOpbmlzIGlkw6lhbCBwYXIgZXhlbXBsZSAxNWNtIDE4Y20/PC9zcGFuPjwvYj48L3NwYW4+DQoNCkxhIHRhaWxsZSBkdSBww6luaXMgZXN0IHVuIMOpbMOpbWVudCBxdWkgcHLDqW9jY3VwZSBiZWF1Y291cCBkJ2hvbW1lcyBwb3VyIGRpdmVyc2VzIHJhaXNvbnMuIFBsdXNpZXVycyBzb2Npw6l0w6lzIGV0IGNpdmlsaXNhdGlvbnMgbWV0dGVudCBiZWF1Y291cCBkJ2ltcG9ydGFuY2Ugc3VyIGxhIHRhaWxsZSBkZXMgb3JnYW5lcyBnw6luaXRhdXggbWFzY3VsaW5zLiBQb3VyIGwnaG9tbWUsIGVsbGUgbmUgY2hhbmdlIGVuIHJpZW4gbGUgcGxhaXNpciBldCBsJ2V4Y2l0YXRpb24gc2V4dWVsbGUgcXUnaWwgcG91cnJhIHJlc3NlbnRpciBkYW5zIHNhIHNleHVhbGl0w6kuIFBvdXIgY2VydGFpbnMgaG9tbWVzLCBsYSB0YWlsbGUgZGUgbGV1ciBww6luaXMgbGV1ciBwZXJtZXR0cmEgZCdhdm9pciBwbHVzIGRlIGNvbmZpYW5jZSBlbiBldXggZXQgZCdhdm9pciBsZSBzZW50aW1lbnQgZCfDqnRyZSB1biBtZWlsbGV1ciBhbWFudC4gTGVzIGhvbW1lcyBxdWkgY29uc2lkw6hyZW50IGF2b2lyIHVuIHBsdXMgcGV0aXQgcMOpbmlzIHF1ZSBsZXMgYXV0cmVzIG9udCBzb3V2ZW50IHVuIG1hbnF1ZSBkJ2VzdGltZSBwZXJzb25uZWwgcXVpIGFmZmVjdGVyYSBuw6lnYXRpdmVtZW50IGxldXIgYXBwcsOpY2lhdGlvbiBkZSBsZXVyIHZpZSBzZXh1ZWxsZS4NCg0KTGEgdGFpbGxlIGR1IHDDqW5pcyB2YXJpZSBiZWF1Y291cCBkJ3VuIGhvbW1lIMOgIGwnYXV0cmUgZGFucyBzb24gw6l0YXQgZmxhc3F1ZSAoc2FucyDDqXJlY3Rpb24pLiBQYXIgY29udHJlLCBsYSBtYWpvcml0w6kgZGVzIHDDqW5pcyBlbiDDqXJlY3Rpb24gb250IHVuZSB0YWlsbGUgZGUgNSDDoCA2IHBvdWNlcyBlbiBtb3llbm5lIHNlbG9uIGxlcyDDqXR1ZGVzIGludGVybmF0aW9uYWxlcy4gT24gcGV1dCBwYXJsZXIgZCd1biBtaWNybyBww6luaXMgcXVhbmQgc2EgbG9uZ3VldXIgZXN0IGVuIGRlc3NvdXMgZGUgNCBwb3VjZXMuIFRvdXRlZm9pcywgbGVzIMOpdHVkZXMgZMOpbW9udHJlbnQgcXVlIGxhIG1ham9yaXTDqSBkZXMgZmVtbWVzIG5lIHNlIHByw6lvY2N1cGVudCBwYXMgZGUgbGEgdGFpbGxlIGR1IHDDqW5pcy4gQ2VydGFpbmVzIGZlbW1lcyB5IGFjY29yZGVudCBkZSBs4oCZaW1wb3J0YW5jZSBkdWUgw6AgZGVzIGV4cMOpcmllbmNlcyBhbnTDqXJpZXVyZXMuIEVuIGZhaXQsIGNlcnRhaW5lcyBwcsOpZsOocmVudCB1biBwbHVzIGdyb3MgcMOpbmlzIHBvdXIgbGEgc2Vuc2F0aW9uIHF1J2lsIHByb2N1cmUgcGVuZGFudCBsYSBww6luw6l0cmF0aW9uIG91IGwnZXhjaXRhdGlvbiBzZXh1ZWxsZSBxdSdlbGxlIHJlc3NlbnRlIMOgIGxlIHJlZ2FyZGVyLiBEJ2F1dHJlcyBwcsOpZsOocmVyb250IHVuIHBsdXMgcGV0aXQgcGFyY2UgcXUndW4gcGx1cyBncm9zIHDDqW5pcyBwZXV0IGxpbWl0ZXIgY2VydGFpbmVzIHBvc2l0aW9ucyBvdSBwZXV0IGZhaXJlIG1hbC4gVG91dCBkw6lwZW5kIGRlcyBwcsOpZsOpcmVuY2VzIHBlcnNvbm5lbGxlcyBkZSBjaGFjdW4uIE1hbGdyw6kgcXVlIGxhIHRhaWxsZSBkdSBww6luaXMgYSBkZSBsJ2ltcG9ydGFuY2UgcG91ciBjZXJ0YWluZXMgZmVtbWVzLCBsYSBncmFuZGUgbWFqb3JpdMOpIG1ldCBsJ2ltcG9ydGFuY2Ugc3VyIGQnYXV0cmVzIGZhY3RldXJzIHBvdXIgw6l2YWx1ZXIgbGV1ciBzYXRpc2ZhY3Rpb24gc2V4dWVsbGUgYXZlYyBsZXVyIHBhcnRlbmFpcmUuIFBhciBleGVtcGxlLCBsYSB0ZW5kcmVzc2UsIHNhIGNvbmZpYW5jZSwgbGEgdmFyacOpdMOpLCBzYSBwcsOpc2VuY2UgbWFzY3VsaW5lLCBs4oCZaW50aW1pdMOpLCBzb24gaW50ZW5zaXTDqSBzZXh1ZWxsZSwgZXRjLg==\";s:6:\"format\";s:6:\"base64\";}s:21:\"package-string-1-7795\";a:3:{s:9:\"translate\";i:1;s:4:\"data\";s:48:\"TCdpbXBvcnRhbmNlIGRlIGxhIHRhaWxsZSBkdSBww6luaXM=\";s:6:\"format\";s:6:\"base64\";}s:21:\"package-string-1-7796\";a:3:{s:9:\"translate\";i:1;s:4:\"data\";s:4660:\"[encoded data, 4660 characters]\";s:6:\"format\";s:6:\"base64\";}s:21:\"package-string-1-7797\";a:3:{s:9:\"translate\";i:1;s:4:\"data\";s:48:\"VW5lIHJlbGF0aW9uIHNleHVlbGxlIGBgY29tcGzDqHRlYGA=\";s:6:\"format\";s:6:\"base64\";}s:21:\"package-string-1-7798\";a:3:{s:9:\"translate\";i:1;s:4:\"data\";s:2884:\"PHN0cm9uZz5KJ2FpIHVuIHByb2Jsw6htZSBxdWkgbWUgZmFpdCB2aXZyZSBkZSBsYSB0cmlzdGVzc2UgcydpbCB2b3VzIHBsYcOudCBkaXRlcy1tb2kuIEVzdC1jZSBxdWUgbGEgbWFzdHVyYmF0aW9uIGEgdW4gaW1wYWN0IG7DqWdhdGlmIHN1ciBtYSBzYW50w6k/IEplIHN1aXMgdW5lIGZpbGxlIGRlIDE4IGFucyBldCBqJ2FpIHRlbGxlbWVudCBwZXVyIHF1ZSBsYSBtYXN0dXJiYXRpb24gcHVpc3NlIG1lIHJlbmRyZSBzdMOpcmlsZSBwYXJjZSBxdWUgaidhaSBlbnRlbmR1IHF1J2VsbGUgY2F1c2UgcGx1c2lldXJzIGVmZmV0cyBtYXV2YWlzZXMgc3VyIGxhIHNhbnTDqSBhdXNzaSBMYSBtYXN0dXJiYXRpb24gYS10LWVsbGUgdW5lIGluZmx1ZW5jZSBzdXIgbGEgdmlyZ2luaXTDqSEgUydpbCB2b3VzIHBsYcOudCBhaWRlei1tb2kgamUgc3VpcyB0ZWxsZW1lbnQgZWZmcmF5w6llITwvc3Ryb25nPg0KDQombmJzcDsNCg0KTGEgbWFzdHVyYmF0aW9uIGVzdCB1bmUgcHJhdGlxdWUgc2V4dWVsbGUgcXVpIHNlIHByYXRpcXVlIHNldWxlIG91IGVuIGNvdXBsZS4gRWxsZSBwZXJtZXQgZGUgbWlldXggY29ubmHDrnRyZSBzb24gY29ycHMgZXQgbGVzIHNlbnNhdGlvbnMgcXUnaWwgcGV1dCBwcm92b3F1ZXIuIENldHRlIHByYXRpcXVlIHBlcm1ldCBhdXNzaSBkZSBkw6ljb3V2cmlyIHNlcyBwcsOpZsOpcmVuY2VzIHNleHVlbGxlcywgZXhwbG9yZXIgZGl2ZXJzZXMgZmHDp29ucyBkZSBzJ2V4Y2l0ZXIgc2V4dWVsbGVtZW50IGV0IGF1Z21lbnRlciBzb24gcGxhaXNpci4gRWxsZSBhIGF1c3NpIGRlcyBhdmFudGFnZXMgc3VyIGxhIHNhbnTDqSBwaHlzaXF1ZTsgcGFyIGV4ZW1wbGUsIGVsbGUgZW50cmHDrm5lIGxhIGTDqXRlbnRlLCByw6lkdWl0IGxlcyB0ZW5zaW9ucyBtdXNjdWxhaXJlcyBldCBwcm9jdXJlIHVuZSByZWxheGF0aW9uIHN1aXRlIMOgIGwnYWN0ZS4gw4AgcXVlbCBiZXNvaW4gcsOpcG9uZGV6LXZvdXMgbG9yc3F1ZSB2b3VzIHZvdXMgbWFzdHVyYmV6Pw0KDQpJbCBuJ3kgYSBwYXMgZCdpbXBhY3QgbsOpZ2F0aWYgc3VyIGxlIHBsYW4gcGh5c2lxdWUgcXVhbmQgb24gc2UgbWFzdHVyYmUgZXQgY2VsbGUtY2kgbidhZmZlY3RlIGF1Y3VuZW1lbnQgbGEgZmVydGlsaXTDqS4gRW4gZmFpdCwgaWwgZXN0IG3Dqm1lIGJvbiBkZSBzZSBtYXN0dXJiZXIgYXZhbnQsIGR1cmFudCBldCBhcHLDqHMgbGEgZ3Jvc3Nlc3NlLiBQbHVzaWV1cnMgbXl0aGVzIHN1ciBsYSBtYXN0dXJiYXRpb24gY2lyY3VsZW50IHBvdXIgZMOpY291cmFnZXIgbGVzIHBlcnNvbm5lcyDDoCBuZSBwYXMgbGEgcHJhdGlxdWVyLCBzb3V2ZW50IHBvdXIgZGVzIHJhaXNvbnMgbW9yYWxlcyBvdSByZWxpZ2lldXNlcy4gRGUgcGx1cywgY29tbWUgbWVudGlvbm7DqSBwbHVzIGhhdXQsIGxhIG1hc3R1cmJhdGlvbiBhIGF1c3NpIGRpdmVycyBhdmFudGFnZXMgc3VyIGxlIHBsYW4gcHN5Y2hvbG9naXF1ZS4gRXN0LWNlIHF1ZSBjZWxhIHZvdXMgcmFzc3VyZT8NCg0KTGEgZMOpZmluaXRpb24gZGUgbGEgdmlyZ2luaXTDqSBlc3Qgbm9uIHNldWxlbWVudCBjdWx0dXJlbGxlLCBtYWlzIGRpZmbDqHJlIMOpZ2FsZW1lbnQgZCd1bmUgcGVyc29ubmUgw6AgbCdhdXRyZS4gUG91ciBjZXJ0YWluZXMgcGVyc29ubmVzLCBlbGxlIHNlcmEgYXNzb2Npw6llIMOgIGxhIHByw6lzZW5jZSBkZSBsJ2h5bWVuIChmaW5lIG1lbWJyYW5lIMOgIGwnZW50csOpZSBkdSB2YWdpbikuIFBvdXIgZCdhdXRyZXMsIGNlIG5lIHNlcmEgcGFzIGxlIGNhcyBwdWlzcXVlIGwnaHltZW4gcGV1dCBzZSBkw6ljaGlyZXIgYXZhbnQgbGEgcHJlbWnDqHJlIHDDqW7DqXRyYXRpb24gYXZlYyB1biBwYXJ0ZW5haXJlLiBFbnRyZSBhdXRyZXMsIHBhciBsJ3V0aWxpc2F0aW9uIGQndW4gdGFtcG9uLCBsYSBwcmF0aXF1ZSBkZSBzcG9ydCBjb21tZSBsZSBjeWNsaXNtZSBvdSBsJ8OpcXVpdGF0aW9uIHB1aXMgbGEgbWFzdHVyYmF0aW9uLiBQYXIgYWlsbGV1cnMsIGxhIHBlcnRlIGRlIGxhIHZpcmdpbml0w6kgc2VyYSBkw6lmaW5pIHBvdXIgY2VydGFpbnMgcGFyIGwnZXhww6lyaWVuY2UgZCd1bmUgcHJlbWnDqHJlIHJlbGF0aW9uIHNleHVlbGxlLiBDb21tZW50IHBlcmNldmV6LXZvdXMgbGEgdmlyZ2luaXTDqT8gUXVlbGxlIGltcG9ydGFuY2UgbHVpIGFjY29yZGV6LXZvdXM/\";s:6:\"format\";s:6:\"base64\";}s:21:\"package-string-1-7799\";a:3:{s:9:\"translate\";i:1;s:4:\"data\";s:44:\"TGEgbWFzdHVyYmF0aW9uIGV0IGxhIHZpcmdpbml0w6k=\";s:6:\"format\";s:6:\"base64\";}s:21:\"package-string-1-7800\";a:3:{s:9:\"translate\";i:1;s:4:\"data\";s:2944:\"PHN0cm9uZz5Fc3QtY2UgcG9zc2libGUgZGUgcXVpdHRlciBsJ2hvbW9zZXh1YWxpdMOpIGV0IHJldG91cm5lciDDoCBsJ2jDqXTDqXJvc2V4dWFsaXTDqT8gSidhaSDDqXTDqSBlbnRyYcOubsOpIGRhbnMgbCdob21vc2V4dWFsaXTDqSBldCBqZSB2ZXV4IGNoYW5nZXIuIENvbW1lbnQgbSdhaWRlcj8gSWwgeSBhIHVuIG1veWVuIGRlIG0nYWlkZXIgcGFyY2UgcXVlIHR1IHNhaXMgbCdoYWJpdHVkZSDDqW1vdXNzZSBsYSBzZW5zaWJpbGl0w6kgb3UgYmllbiBsJ2hhYml0dWRlIGVzdCB1bmUgc2Vjb25kZSBuYXR1cmUuIENvbW1lbnQgbSdhaWRlciDDoCDDqnRyZSBkZSBub3V2ZWF1IGF0dGlyw6kgcGFyIGxlIHNleGUgb3Bwb3PDqT8gSWwgeSBhIHVuIHJlbcOoZGU/PC9zdHJvbmc+DQoNCiZuYnNwOw0KDQpJbCBleGlzdGUgdW5lIHZhcmnDqXTDqSBk4oCZaHlwb3Row6hzZXMgZXhwbGlxdWFudCBs4oCZaG9tb3NleHVhbGl0w6kuIEVudHJlIGF1dHJlcywgbGUgdGF1eCBk4oCZaG9ybW9uZXMsIGxlIGTDqXZlbG9wcGVtZW50IGR1IGNlcnZlYXUsIGxlcyBleHDDqXJpZW5jZXMgc2V4dWVsbGVzLCBvdSBlbmNvcmUgbGUgdsOpY3UgcGVyc29ubmVsIGTigJl1bmUgcGVyc29ubmUuIENlcnRhaW5lcyBleHBsaWNhdGlvbnMgc29udCBiaW9sb2dpcXVlcywgc29jaWFsZXMgZXQgdW4gbcOpbGFuZ2UgZGUgY2VzIGRldXggYXBwcm9jaGVzIGV4aXN0ZSBhdXNzaS4gUGx1c2lldXJzIHRyYWl0ZW1lbnRzIGV0IHRow6lyYXBpZXMgb250IGTDqWrDoCDDqXTDqSBlc3NhecOpcyBkYW5zIGxlIHBhc3PDqSBldCBjZXV4LWNpIHNlIHNvbnQgYXbDqXLDqXMgZGFuZ2VyZXV4IGV0IG4nYWlkYWllbnQgcGFzIHLDqWVsbGVtZW50IGxlcyBzdWpldHMuIElsIG7igJllc3QgZG9uYyBwYXMgcG9zc2libGUgZGUgdHJhaXRlciBs4oCZb3JpZW50YXRpb24gc2V4dWVsbGUsIGNhciBjZSBu4oCZZXN0IHBhcyB1bmUgbWFsYWRpZS4gQ29tbWVudCB2aXZlei12b3VzIGF2ZWMgY2UgZmFpdD8gUXXigJllc3QtY2UgcXVpIHBvdXJyYWl0IHZvdXMgYWlkZXIgw6AgbWlldXggbOKAmWFjY2VwdGVyPy4NCg0KQ29tbWUgb24gbmUgY2hvaXNpdCBwYXMgbm90cmUgb3JpZW50YXRpb24gc2V4dWVsbGUsIGlsIHBldXQgw6p0cmUgZGlmZmljaWxlIGRlIGzigJlhY2NlcHRlci4gQ2V0dGUgZm9ybWUgZOKAmWhvbW9waG9iaWUgc2Ugdm9pdCBnw6luw6lyYWxlbWVudCBpbmZsdWVuY8OpZSBwYXIgbGVzIHZhbGV1cnMgcGVyc29ubmVsbGVzLCBsZSBtaWxpZXUgY3VsdHVyZWwgZXQgZmFtaWxpYWwgcHVpcywgbGEgcmVsaWdpb24uIETigJlhdXRhbnQgcGx1cyBxdeKAmWlsIHkgYSBwbHVzaWV1cnMgbXl0aGVzIHN1ciBs4oCZaG9tb3NleHVhbGl0w6kgcXVpIHBlcnNpc3RlbnQgw6AgcmVuZm9yY2VyIGzigJlob21vcGhvYmllLiBRdWVsbGVzIHNvbnQgdm9zIHJhaXNvbnMgZGUgdm91bG9pciDDqnRyZSBow6l0w6lyb3NleHVlbD8gQ29tbWVudCBwZXJjZXZlei12b3VzIGNoYWN1bmUgZGVzIGRpZmbDqXJlbnRlcyBvcmllbnRhdGlvbnMgc2V4dWVsbGVzPyBRdeKAmWVzdC1jZSBxdWkgdm91cyBhdHRpcmUgcGx1cyB2ZXJzIGzigJlow6l0w6lyb3NleHVhbGl0w6kgcGx1dMO0dCBxdWUgbOKAmWhvbW9zZXh1YWxpdMOpPyBVbmUgdGjDqXJhcGllIGF2ZWMgdW4gc2V4b2xvZ3VlIHBldXQgYWxvcnMgw6p0cmUgbsOpY2Vzc2FpcmUgcG91ciBzdXJtb250ZXIgY2V0dGUgZGlmZmljdWx0w6kgZXQgZMOpcGFydGFnZXIgbGVzIGluZmx1ZW5jZXMuDQoNCkxlIHByb2Nlc3N1cyBk4oCZYWNjZXB0YXRpb24gc2UgZmFpdCBnw6luw6lyYWxlbWVudCBwYXIgw6l0YXBlcy4gSWwgcGV1dCBleGlzdGVyLCBwYXItY29udHJlLCBxdWVscXVlcyB2YXJpYXRpb25zIGQndW4gaW5kaXZpZHUgw6AgbCdhdXRyZSBwdWlzcXVlIGNoYWN1biBhdXJhIHVuZSBwZXJzb25uYWxpdMOpLCB1bmUgaGlzdG9pcmUgZXQgdW4gY29udGV4dGUgc29jaW9jdWx0dXJlbCBkaWZmw6lyZW50cy4gQ2VzIMOpdGFwZXMgZW5nbG9iZW50IGxhIGNvbmZ1c2lvbiwgbGEgdG9sw6lyYW5jZSBlbnZlcnMgc29uIG9yaWVudGF0aW9uLCBs4oCZYWNjZXB0YXRpb24gcHVpcyBsYSBmaWVydMOpLiBPw7kgdm91cyBzaXR1ZXotdm91cyBkYW5zIGNlIHByb2Nlc3N1cz8gUmVzc2VudGV6LXZvdXMgbGUgYmVzb2luIGTigJnDqnRyZSBndWlkw6kgYXUgdHJhdmVycyBkZSBjZWx1aS1jaT8=\";s:6:\"format\";s:6:\"base64\";}s:21:\"package-string-1-7801\";a:3:{s:9:\"translate\";i:1;s:4:\"data\";s:48:\"Q29tbWVudCB0cmFpdGVyIGzigJlob21vc2V4dWFsaXTDqT8=\";s:6:\"format\";s:6:\"base64\";}s:21:\"package-string-1-7802\";a:3:{s:9:\"translate\";i:1;s:4:\"data\";s:1256:\"PHN0cm9uZz5Cb25qb3VyLCDDp2EgdmEgYmllbj8gSidhaSB1bmUgcXVlc3Rpb24sIGplIG1lIGRlbWFuZGUgY2UgcXVlIGNvbnRpZW50IGxlIGxpcXVpZGUgbG9yc3F1ZSBsYSBmZW1tZSDDqWphY3VsZT88L3N0cm9uZz4NCg0KJm5ic3A7DQoNCkRlcHVpcyBwbHVzaWV1cnMgYW5uw6llcywgaWwgeSBhIHVuIGTDqWJhdCBkYW5zIGxhIGNvbW11bmF1dMOpIHNjaWVudGlmaXF1ZSBwYXIgcmFwcG9ydCDDoCBsYSBjb21wb3NpdGlvbiBkZSBs4oCZw6lqYWN1bGF0aW9uIGbDqW1pbmluZS4gTGVzIGRlcm5pw6hyZXMgcmVjaGVyY2hlbnQgZMOpbW9udHJlbnQgcXVlIGxlIGxpcXVpZGUgcHJvdmllbmRyYWl0IGRlcyBnbGFuZGVzIGRlIFNrZW5lIHF1aSBzZXJhaWVudCBs4oCZw6lxdWl2YWxlbnQgZGUgbGEgcHJvc3RhdGUgY2hleiBs4oCZaG9tbWUgZXQgZWxsZXMgc2UgcmV0cm91dmVudCBlbnRyZSBsZSB2YWdpbiBldCBs4oCZdXLDqHRyZS4gROKAmWFpbGxldXJzLCBsZSBsaXF1aWRlIMOpamFjdWxhdG9pcmUgZsOpbWluaW4gYXVyYWl0IGF1c3NpIGxhIG3Dqm1lIGNvbXBvc2l0aW9uIHF1ZSBsZSBsaXF1aWRlIHByb2R1aXQgcGFyIGxhIHByb3N0YXRlIGRhbnMgbGUgc3Blcm1lLiBQYXIgY29udHJlLCBjb21tZSBsYSBzb3J0aWUgZHUgbGlxdWlkZSDDqWphY3VsYXRvaXJlIGRlIGxhIGZlbW1lIHNlIHJldHJvdXZlIHRyw6hzIHByw6hzIGRlIGzigJl1csOodHJlLCBpbCBlc3QgcG9zc2libGUgZGUgcmV0cm91dmVyIMOpZ2FsZW1lbnQgdW5lIHF1YW50aXTDqSBpbmZpbWUgZCd1cmluZS4gSWwgZXN0IGltcG9ydGFudCBkZSBtZXR0cmUgbCdlbXBoYXNlIHN1ciBsZSBmYWl0IHF1ZSBsJ3VyaW5lIGVzdCB1biBsaXF1aWRlIHN0w6lyaWxlIGV0IHF1ZSBsJ8OpamFjdWxhdGlvbiBmw6ltaW5pbmUgbidlbiBjb250aWVudCBxdWUgcXVlbHF1ZXMgdHJhY2VzLg==\";s:6:\"format\";s:6:\"base64\";}s:21:\"package-string-1-7803\";a:3:{s:9:\"translate\";i:1;s:4:\"data\";s:32:\"w4lqYWN1bGF0aW9uIGbDqW1pbmluZQ==\";s:6:\"format\";s:6:\"base64\";}s:21:\"package-string-1-7805\";a:3:{s:9:\"translate\";i:1;s:4:\"data\";s:40:\"Q29tbWVudCB0cmFpdGVyIGxlIHZhZ2luaXNtZT8=\";s:6:\"format\";s:6:\"base64\";}s:21:\"package-string-1-7806\";a:3:{s:9:\"translate\";i:1;s:4:\"data\";s:3904:\"PHN0cm9uZz5TYWx1dCwgbWEgcXVlc3Rpb24gcGV1dCBzZW1ibGVyIMOpdHJhbmdlLCBtYWlzIHZvaWzDoCwgamUgbmUgdHJvdXZlIHBhcyBkJ2luZm8gc3VyIGludGVybmV0LiBFc3QtY2UgcG9zc2libGUgZGUgc2Ugc2VudGlyIMOgIGxhIGZvaXMgZmVtbWUgZXQgaG9tbWUsIGV0IHNleHVlbGxlbWVudCBhdHRpcsOpIHBhciBsYSBwZXJzb25uZSBkdSBtw6ptZSBzZXhlLCBkYW5zIGxlcyAyIGNhcywgZXQgbm9uIGludmVyc2VtZW50LiBKZSB2ZXV4IGRpcmUgcGFyIGxhLCBzZSBzZW50aXIgZmVtbWUsIHF1aSBhaW1lIGxlcyBmZW1tZXMsIGV0IHNlIHNlbnRpciBob21tZSwgcXVpIGFpbWUgbGVzIGhvbW1lcy48L3N0cm9uZz4NCg0KJm5ic3A7DQoNClBvdXIgcsOpcG9uZHJlIMOgIHRhIHF1ZXN0aW9uIHF1aSBlc3QgdG91dCDDoCBmYWl0IGzDqWdpdGltZSwgaWwgbsOpY2Vzc2l0ZSBkZSBkw6lmaW5pciBsYSBkaWZmw6lyZW5jZSBlbnRyZSBs4oCZb3JpZW50YXRpb24gc2V4dWVsbGUgZXQgbOKAmWlkZW50aXTDqSBkZSBnZW5yZS4gTOKAmW9yaWVudGF0aW9uIGVzdCBkw6lmaW5pIGNvbW1lIMOpdGFudCBs4oCZYXR0aXJhbmNlIHF14oCZb24gcmVzc2VudCBlbnZlcnMgdW4gb3UgbGVzIGRldXggc2V4ZXMuIFNlbG9uIEtsZWluICg8YSBocmVmPSJodHRwOi8vd3d3LnBzeWNob21lZGlhLnFjLmNhL3Rlc3RzL2tsZWluIj5odHRwOi8vd3d3LnBzeWNob21lZGlhLnFjLmNhL3Rlc3RzL2tsZWluPC9hPiksIGVsbGUgc2UgZMOpdGVybWluZSBlbiA3IGNvbXBvc2FudGVzLCBkb250IGzigJlhdHRpcmFuY2UgcGh5c2lxdWUvc2V4dWVsbGUsIGxlcyBjb21wb3J0ZW1lbnRzIHNleHVlbHMsIGxlcyBmYW50YXNtZXMgc2V4dWVscywgbGVzIHByw6lmw6lyZW5jZXMgw6ltb3Rpb25uZWxsZXMgZXQgc29jaWFsZXMsIGxhIGNvbW11bmF1dMOpIGZyw6lxdWVudMOpZSBldCBs4oCZaWRlbnRpZmljYXRpb24gw6AgdW5lIG9yaWVudGF0aW9uLiBPbiDDqXZhbHVlIGNoYWN1biBkZSBjZWxsZS1jaSBzZWxvbiBsZSBwYXNzw6ksIGxlIHByw6lzZW50IGV0IG5vdHJlIGlkw6lhbC4gQ29tbWVudCB0ZSBkw6ljcmlyYWlzLXR1IHNlbG9uIGNoYWN1bmUgZGUgc2VzIGNvbXBvc2FudGVzIGV0IHDDqXJpb2Rlcz8gUXXigJllc3QtY2UgcXVlIGNldHRlIHLDqWZsZXhpb24gc3VyIHRvbiBvcmllbnRhdGlvbiBzZXh1ZWxsZSB0ZSBmYWl0IHJlc3NlbnRpciwgcGVuc2VyIG91IHZpdnJlPw0KDQombmJzcDsNCg0KTOKAmWlkZW50aXTDqSBkZSBnZW5yZSBjb25zaXN0ZSDDoCByZXNzZW50aXIgdW5lIGFwcGFydGVuYW5jZSDDoCB1biBvdSBs4oCZYXV0cmUgZGVzIHNleGVzLiBKZSBtZSBzZW5zIGhvbW1lIG91IGplIG1lIHNlbnMgZmVtbWUuIFBvdXIgY2VydGFpbnMsIGxlIHNlbnRpbWVudCBk4oCZYXBwYXJ0ZW5hbmNlIG7igJllc3QgcGFzIGF1c3NpIGNsYWlyZW1lbnQgZMOpZmluaS4gSWxzIHNlIHF1ZXN0aW9ubmVudCwgaWxzIGV4cMOpcmltZW50ZW50IGV0IGxhIG1ham9yaXTDqSBmaW5pdCBwYXIgc2UgcG9zaXRpb25uZXIuIElsIHkgYSwgcGFyIGNvbnRyZSwgZGVzIHBlcnNvbm5lcyBxdWkgc2Ugc2VudGVudCByw6llbGxlbWVudCBkZXMgZGV1eCBzZXhlcyBzZWxvbiBsZXVyIHNlbnRpbWVudCBkZSBsYSBqb3VybsOpZSwgbGVzIHbDqnRlbWVudHMgcXXigJlpbHMgcG9ydGVudCwgbGVzIGFjdGl2aXTDqXMgcXXigJlpbHMgZXhlcmNlbnQsIGV0Yy4gRGFucyBxdWVsbGVzIGNpcmNvbnN0YW5jZXMgdGUgc2Vucy10dSBjb21tZSB1biBob21tZT8gQ29tbWUgdW5lIGZlbW1lPyBBcy10dSBs4oCZaW1wcmVzc2lvbiBk4oCZw6p0cmUgcGVydHVyYsOpIHBhciBsZXMgY2hhbmdlbWVudHMgZGUgdGVzIHNlbnRpbWVudHM/IE91IHRlIHNlbnMtdHUgw6lxdWlsaWJyw6kgw6ltb3Rpb25uZWxsZW1lbnQgYXZlYyB0YSBzaXR1YXRpb24/IEF1cmFpcy10dSBiZXNvaW4gZOKAmcOpY2xhaXJjaXNzZW1lbnQgc3VyIHRvbiBzZW50aW1lbnQgZOKAmWFwcGFydGVuYW5jZSDDoCB0b24gc2V4ZT8NCg0KJm5ic3A7DQoNCkzigJlvcmllbnRhdGlvbiBzZXh1ZWxsZSBldCBs4oCZaWRlbnRpdMOpIGRlIGdlbnJlIHNvbnQgaW50ZXJkw6lwZW5kYW50ZXMuIEVuIGTigJlhdXRyZXMgdGVybWVzLCBjaGFjdW5lIHBldXQgYXZvaXIgdW5lIGluZmx1ZW5jZSBzdXIgbOKAmWF1dHJlLCBtYWlzIGVsbGVzIHNvbnQgZMOpdGVybWluw6llcyBzZWxvbiBkZXMgZmFjdGV1cnMgcHJvcHJlcyDDoCBjaGFjdW5lLiBJbCBlc3QgdG91dCDDoCBmYWl0IHBvc3NpYmxlIGRlIHNlIHNlbnRpciBjb21tZSB1biBob21tZSBldCB1bmUgZmVtbWUgZGFucyBkaWZmw6lyZW50ZXMgc2l0dWF0aW9ucyBldCBk4oCZw6lwcm91dmVyIHVuZSBhdHRpcmFuY2Ugc2Vsb24gbGUgY29udGV4dGUuIEzigJlpbXBvcnRhbnQgZXN0IGTigJlhYm9yZCBkZSBzZSBzZW50aXIgw6AgbOKAmWFpc2UgYXZlYyBzb24gb3JpZW50YXRpb24gc2V4dWVsbGUgZXQgc29uIGlkZW50aXTDqSBkZSBnZW5yZS4gUXXigJllc3QtY2UgcXVpIHTigJlhbcOobmUgw6AgdGUgcXVlc3Rpb25uZXIgc3VyIHRhIHNleHVhbGl0w6kgw6AgY2V0IMOpZ2FyZD8gQXMtdHUgbOKAmWltcHJlc3Npb24gcXXigJllbGxlIHRlIGNyw6llIGRlcyBkaWZmaWN1bHTDqXMgcmVsYXRpb25uZWxsZXMsIGFmZmVjdGl2ZXMgb3Ugc2V4dWVsbGVzPyBMZXMgc2V4b2xvZ3VlcyBzb250IHNww6ljaWFsaXPDqXMgc3VyIGxlcyBxdWVzdGlvbm5lbWVudHMgbGnDqXMgw6DCoCBs4oCZaWRlbnRpdMOpIGRlIGdlbnJlIGV0IMOgIGzigJlvcmllbnRhdGlvbiBzZXh1ZWxsZS4gU2kgdHUgZW4gcmVzc2VucyBsZSBiZXNvaW4sIHVuZSBzZXhvdGjDqXJhcGllIHBldXQgdOKAmWFpZGVyIMOgIGF0dGVpbmRyZSB1biDDqXF1aWxpYnJlIQ0KDQombmJzcDsNCg0KQm9uIGNoZW1pbmVtZW50Lg==\";s:6:\"format\";s:6:\"base64\";}s:21:\"package-string-1-7807\";a:3:{s:9:\"translate\";i:1;s:4:\"data\";s:68:\"TOKAmWlkZW50aXTDqSBkZSBnZW5yZSBldCBs4oCZb3JpZW50YXRpb24gc2V4dWVsbGU=\";s:6:\"format\";s:6:\"base64\";}s:21:\"package-string-1-7808\";a:3:{s:9:\"translate\";i:1;s:4:\"data\";s:3652:\"PHN0cm9uZz5KZSBzdWlzIHVuZSBmaWxsZSBkZSAyMCBhbnMuIEplIG5lIHBldXggcGFzIGF2b2lyIGR1IHBsYWlzaXIgYXZlYyBtb24gbWFyaSwgY2FyIGplIHN1aXMgaGFiaXR1w6kgZGUgbWUgbWFzdHVyYmVyLiBDZWxhIGR1cmUgZGVwdWlzIDUgYW5zIGV0IGplIG5lIHBldXggcGFzIHZpdnJlIGNvbW1lIMOnYS4gQWlkZXIgbW9pLjwvc3Ryb25nPg0KDQpMJ2luY2FwYWNpdMOpIMOgIG9idGVuaXIgZHUgcGxhaXNpciBzZXh1ZWwgYXZlYyBzb24gcGFydGVuYWlyZSBlc3QgY2F1c8OpZSBwYXIgZGl2ZXJzZXMgcmFpc29ucy4gUGFyZm9pcywgbGEgY2F1c2UgcHJvdmllbnQgZHUgbWFucXVlIGRlIGNvbm5haXNzYW5jZSBkZSBub3RyZSBjb3JwcyBvdSBkJ3VuZSBkaWZmaWN1bHTDqSDDoCBkw6ltb250cmVyIGV0IHBhcmxlciBkZSBub3MgcHLDqWbDqXJlbmNlcyBzZXh1ZWxsZXMgYXZlYyBub3RyZSBwYXJ0ZW5haXJlLiBPbiBwZXV0IMOpdml0ZXIgZCdlbiBkaXNjdXRlciBwb3VyIG5lIHBhcyBibGVzc2VyIGxlcyBzZW50aW1lbnRzIGRlIGNlIGRlcm5pZXIuIFBhciBjb250cmUsIHBsdXMgbG9uZ3RlbXBzIG9uIGF0dGVuZCwgcGx1cyBpbCBzZXJhIGRpZmZpY2lsZSBkJ2VuIGRpc2N1dGVyLiBFc3QtY2UgcXVlIHRvbiBwYXJ0ZW5haXJlIGVzdCBjb25zY2llbnQgZGUgdGEgZGlmZmljdWx0w6kgw6AgcmVzc2VudGlyIGR1IHBsYWlzaXIgZHVyYW50IHZvcyByZWxhdGlvbnMgc2V4dWVsbGVzPyBRdSdlc3QtY2UgcXVpIHBvdXJyYWl0IHQnZW1ww6pjaGVyIGRlIGx1aSBlbiBwYXJsZXI/IEF1cmFpdC1pbCBkZXMgc29sdXRpb25zIMOgIGNlIGRpbGVtbWU/IEVzdC1jZSBxdSdpbCB5IGEgZGVzIGRpZmbDqXJlbmNlcyBlbnRyZSBsYSBtYW5pw6hyZSBkb250IHR1IHQnZXhjaXRlcyBkdXJhbnQgbGEgbWFzdHVyYmF0aW9uIGV0IHBlbmRhbnQgbGVzIHJhcHBvcnRzIHNleHVlbHM/DQoNCiZuYnNwOw0KDQpMYSByZWxhdGlvbiBxdWUgbm91cyBlbnRyZXRlbm9ucyBhdmVjIGxhIHNleHVhbGl0w6kgZXQgbm90cmUgcGFydGVuYWlyZSBwZXV0IGQnYWlsbGV1cnMgw6p0cmUgdW4gYmxvY2FnZSDDoCBsJ29yZ2FzbWUuIENlbHVpLWNpIG7DqWNlc3NpdGUgdW5lIHZhcmnDqXTDqSBkZSBjaXJjb25zdGFuY2VzIHBvdXIgw6p0cmUgYXR0ZWludCBldCBwbHVzaWV1cnMgw6lsw6ltZW50cyBwZXV2ZW50IHkgbnVpcmUgcXVhbmQgbm91cyBzb21tZXMgYXZlYyB1bmUgYXV0cmUgcGVyc29ubmUuIElsIG7DqWNlc3NpdGUgZGUgY29uc3VsdGVyIHVuIDxhIGhyZWY9Imh0dHA6Ly9sZXNleG9sb2d1ZS5jYS9mci9wYWdlcy9jb250YWN0Ij5zZXhvbG9ndWU8L2E+IHBvdXIgYXZvaXIgdW5lIMOpdmFsdWF0aW9uIGNvbXBsw6h0ZSBkZSBjZXMgYmxvY2FnZXMgcG91ciBsZXMgY29tcHJlbmRyZSBldCBsZXMgc3VybW9udGVyLg0KDQombmJzcDsNCg0KSWwgZXhpc3RlIGF1c3NpIGQnYXV0cmVzIHJhaXNvbnMgZXhwbGlxdWFudCBjZXR0ZSBzaXR1YXRpb24uIENoYXF1ZSBwZXJzb25uZSBhIHVuIDxhIGhyZWY9Imh0dHA6Ly9tb250cmVhbC5sZXNleG9sb2d1ZS5jYS8yMDEzLzA5L2xlcy1tb2Rlcy1kZXhjaXRhdGlvbi1zZXh1ZWxsZS1wYXJ0aWUtMS5odG1sIj5Nb2RlIGQnRXhjaXRhdGlvbiBTZXh1ZWxsZTwvYT4gKE1FUykgZGlmZsOpcmVudCBxdWkgcGV1dCDDqnRyZSBkaWZmaWNpbGUgw6AgcmVwcm9kdWlyZSBwYXIgdW5lIGF1dHJlIHBlcnNvbm5lLiBDaGFjdW4gZGUgY2VzIE1FUyBvbnQgbGV1cnMgYXZhbnRhZ2VzLCBtYWlzIGF1c3NpIGxldXJzIGxpbWl0ZXMgcXVpIHBldXZlbnQgY3LDqWVyIGRlcyBkaWZmaWN1bHTDqXMgc2V4dWVsbGVzLiBMYSBmYcOnb24gZG9udCBvbiBzZSBzdGltdWxlIGR1cmFudCBsYSBtYXN0dXJiYXRpb24gY3Jpc3RhbGxpc2Ugbm90cmUgTW9kZSBkJ0V4Y2l0YXRpb24gU2V4dWVsbGUuIElsIGZhdXQgZG9uYyBhcHByZW5kcmUgw6Agw6lsYXJnaXIgbGVzIHR5cGVzIGRlIHNlbnNhdGlvbnMgcXVpIHBldXZlbnQgbm91cyBleGNpdGVyIHNleHVlbGxlbWVudCBkdXJhbnQgbGVzIHJlbGF0aW9ucyBzZXh1ZWxsZXMuIFBvdXIgw6lsYXJnaXIgc2VzIE1FUyBldCBhcHByw6ljaWVyIGRhdmFudGFnZSBsZXMgbXVsdGlwbGVzIHNlbnNhdGlvbnMgcXVlIG5vdHJlIGNvcnBzIHByb2N1cmUsIGlsIGVzdCBwb3NzaWJsZSBkJ2V4cMOpcmltZW50ZXIgcGFyIHNvaS1tw6ptZSBlbiB2YXJpYW50IGxlcyA8YSBocmVmPSJodHRwOi8vbW9udHJlYWwubGVzZXhvbG9ndWUuY2EvMjAxMi8xMi9sZS1zZXgtbGUtY29ycHMtZXQtbGUtY2VydmVhdS5odG1sIj5sb2lzIGR1IGNvcnBzPC9hPi4NCg0KJm5ic3A7DQoNCklsIGVzdCBpbXBvcnRhbnQgZGUgbm90ZXIgcXVlIGxhIG1ham9yaXTDqSBkZXMgZmVtbWVzIGF0dGVpZ25lbnQgbCdvcmdhc21lIHBhciBsYSBzdGltdWxhdGlvbiBkdSBjbGl0b3JpcyBxdWkgZXN0IHBsdXMgZGlmZmljaWxlbWVudCBzdGltdWzDqSBkdXJhbnQgbGEgcMOpbsOpdHJhdGlvbi4gTGEgZmVtbWUgb3UgbGV1ciBwYXJ0ZW5haXJlIHBldXQgc3RpbXVsZXIgbGUgY2xpdG9yaXMgYXZlYyBsZXMgZG9pZ3RzIHBvdXIgYXZvaXIgdW4gb3JnYXNtZSBkdXJhbnQgbGVzIHJlbGF0aW9ucyBzZXh1ZWxsZXMuIENyb3llei12b3VzIHF1J2lsIHNlcmFpdCBhaWRhbnQgZGUgc3RpbXVsZXIgdm90cmUgY2xpdG9yaXMgZHVyYW50IGxlcyByZWxhdGlvbnMgc2V4dWVsbGVzIGF2ZWMgdm90cmUgcGFydGVuYWlyZT8=\";s:6:\"format\";s:6:\"base64\";}s:21:\"package-string-1-7809\";a:3:{s:9:\"translate\";i:1;s:4:\"data\";s:48:\"UGxhaXNpciBzZXh1ZWwgYXZlYyBzb24gcGFydGVuYWlyZQ==\";s:6:\"format\";s:6:\"base64\";}s:21:\"package-string-1-7810\";a:3:{s:9:\"translate\";i:1;s:4:\"data\";s:2784:\"PGI+Vm9pbMOgIGRlcHVpcyBwZXUgaidhaSBldSAxOSBhbnMgZXQgamUgZG9pcyBhdm91ZXIgcXVlIGxhIHRhaWxsZSBkZSBtb24gc2V4ZSBtZSBjb21wbGV4ZSBsw6lnw6hyZW1lbnQuIEonYWkgY29tbWVuY2VyIMOgIGZvdWlsbGVyIGxlIG5ldCBhIGxhIHJlY2hlcmNoZSBkZSBzb2x1dGlvbiBxdWkgcG91cnJhaXMgbSdhaWRlciDDoCBsJ2FncmFuZGlyIHF1ZWxxdWUgcGV1IGNhciBqJ2FpIGwnaW1wcmVzc2lvbiBkJ2F2b2lyIGJlc29pbiBkZSBjZWxhIHBvdXIgbWEgY29uZmlhbmNlIGVuIG1vaS4gSuKAmWFpIHZ1IGJlYXVjb3VwIGRlIGNob3NlcyBldCBqZSB2b3VsYWlzIHNhdm9pciBzaSBkJ2FwcsOocyB2b3VzIGxlcyBleHRlbnNldXJzIGR1IHDDqW5pcyBldCBsZXMgcGlsdWxlcyBkJ2FncmFuZGlzc2VtZW50IG1hcmNoZSByw6llbGxlbWVudC48L2I+DQoNCjxzcGFuIGNsYXNzPSJwbHVzIj7CoMKgwqDCoMKgPC9zcGFuPg0KPGRpdiBjbGFzcz0iYWNjX2NvbnRhaW5lciBjbGVhciI+DQo8ZGl2IGNsYXNzPSJyZXBvbnNlIj4NCg0KTGEgZ3JhbmRldXIgZHUgcMOpbmlzIGNvbmNlcm5lIHBsdXNpZXVycyBob21tZXMgZXQgcGV1dCBhZmZlY3RlciBsZXVyIGNvbmZpYW5jZSDDoCBs4oCZw6lnYXJkIGRlIGxhIHNleHVhbGl0w6kuIExlcyBwaWx1bGVzIGV0IG91dGlscyBwcsOpdGVuZGFudCBhZ3JhbmRpciBsZXMgb3JnYW5lcyBnw6luaXRhdXggbcOibGVzIG7igJlvbnQgamFtYWlzIMOpdMOpIMOpdHVkacOpcyDDoCBs4oCZw6lnYXJkIGRlIGxldXIgdGF1eCBkZSByw6l1c3NpdGUgb3UgZGUgbGV1ciBlZmZpY2FjaXTDqS4gRGUgcGx1cywgaWwgcGV1dCBleGlzdGVyIGRlIG5vbWJyZXV4IGVmZmV0cyBpbmTDqXNpcmFibGVzIGTigJl1dGlsaXNlciBjZXMgbcOpdGhvZGVzLiBFc3QtY2UgcXVlIHR1IGVzIHByw6p0IMOgIHByZW5kcmUgdW4gdGVsIHJpc3F1ZT8gRXN0LWNlIHF1ZSB0dSB04oCZZXMgYmllbiBpbmZvcm3DqSBkZXMgY29uc8OpcXVlbmNlcyBwb3NzaWJsZXMsIGR1IGZvbmN0aW9ubmVtZW50IGV0IGRlcyByw6lzdWx0YXRzIGF0dGVuZHVzIGRlIGNlcyBwcm9kdWl0cz8NCg0KTm9tYnJldXggc29udCBsZXMgaG9tbWVzIHF1aSB2ZXVsZW50IGF